* using log directory ‘/srv/hornik/tmp/CRAN_pretest/xtvfreg.Rcheck’ * using R Under development (unstable) (2025-11-11 r89006) * using platform: x86_64-pc-linux-gnu * R was compiled by Debian clang version 19.1.7 (7) Debian flang-new version 19.1.7 (7) * running under: Debian GNU/Linux forky/sid * using session charset: UTF-8 * checking for file ‘xtvfreg/DESCRIPTION’ ... OK * checking extension type ... Package * this is package ‘xtvfreg’ version ‘1.0.0’ * package encoding: UTF-8 * checking CRAN incoming feasibility ... [3s/3s] NOTE Maintainer: ‘Tim F. Liao ’ New submission Possibly misspelled words in DESCRIPTION: Liao (14:22) Mooi (14:8) Reci (14:13) * checking package namespace information ... OK * checking package dependencies ... OK * checking if this is a source package ... OK * checking if there is a namespace ... OK * checking for executable files ... OK * checking for hidden files and directories ... OK * checking for portable file names ... OK * checking for sufficient/correct file permissions ... OK * checking whether package ‘xtvfreg’ can be installed ... [2s/2s] OK * checking package directory ... OK * checking for future file timestamps ... OK * checking DESCRIPTION meta-information ... OK * checking top-level files ... NOTE Non-standard files/directories found at top level: ‘CRAN_SUBMISSION_GUIDE.md’ ‘setup_package.R’ ‘utils.R’ * checking for left-over files ... OK * checking index information ... OK * checking package subdirectories ... OK * checking code files for non-ASCII characters ... OK * checking R files for syntax errors ... OK * checking whether the package can be loaded ... [1s/1s] OK * checking whether the package can be loaded with stated dependencies ... [1s/1s] OK * checking whether the package can be unloaded cleanly ... [1s/1s] OK * checking whether the namespace can be loaded with stated dependencies ... [1s/1s] OK * checking whether the namespace can be unloaded cleanly ... [1s/1s] OK * checking loading without being on the library search path ... [1s/1s] OK * checking use of S3 registration ... OK * checking dependencies in R code ... WARNING '::' or ':::' import not declared from: ‘knitr’ 'loadNamespace' or 'requireNamespace' call not declared from: ‘knitr’ * checking S3 generic/method consistency ... OK * checking replacement functions ... OK * checking foreign function calls ... OK * checking R code for possible problems ... [4s/4s] NOTE comparison_table: no visible global function definition for ‘%>%’ plot_coefficients: no visible binding for global variable ‘estimate’ plot_coefficients: no visible binding for global variable ‘group’ plot_coefficients: no visible binding for global variable ‘conf_low’ plot_coefficients: no visible binding for global variable ‘conf_high’ plot_variance: no visible binding for global variable ‘x’ plot_variance: no visible binding for global variable ‘variance’ plot_variance: no visible binding for global variable ‘group’ Undefined global functions or variables: %>% conf_high conf_low estimate group variance x * checking for missing documentation entries ... WARNING Undocumented code objects: ‘comparison_table’ ‘estimate_group’ ‘export_table’ ‘plot_coefficients’ ‘plot_variance’ ‘xtvfreg’ All user-level objects in a package should have documentation entries. See chapter ‘Writing R documentation files’ in the ‘Writing R Extensions’ manual. * checking examples ... NONE * checking PDF version of manual ... [2s/2s] OK * checking for code which exercises the package ... WARNING No examples, no tests, no vignettes * checking for non-standard things in the check directory ... OK * checking for detritus in the temp directory ... OK * DONE Status: 3 WARNINGs, 3 NOTEs