* using log directory 'd:/RCompile/CRANincoming/R-devel/xtvfreg.Rcheck' * using R Under development (unstable) (2025-11-10 r88994 ucrt) * using platform: x86_64-w64-mingw32 * R was compiled by gcc.exe (GCC) 14.3.0 GNU Fortran (GCC) 14.3.0 * running under: Windows Server 2022 x64 (build 20348) * using session charset: UTF-8 * checking for file 'xtvfreg/DESCRIPTION' ... OK * checking extension type ... Package * this is package 'xtvfreg' version '1.0.0' * package encoding: UTF-8 * checking CRAN incoming feasibility ... NOTE Maintainer: 'Tim F. Liao ' New submission License components with restrictions and base license permitting such: MIT + file LICENSE Possibly misspelled words in DESCRIPTION: Liao (17:43) Mooi (17:31) Reci (17:36) Authors@R field gives persons with deprecated or bad elements: Warning in person1(given = given[[i]], family = family[[i]], middle = middle[[i]], : Invalid ORCID iD: 'YOUR-ORCID-HERE'. Package has a VignetteBuilder field but no prebuilt vignette index. Found the following (possibly) invalid URLs: URL: https://github.com/yourusername/xtvfreg From: DESCRIPTION Status: 404 Message: Not Found URL: https://github.com/yourusername/xtvfreg/issues From: DESCRIPTION Status: 404 Message: Not Found The Date field is over a month old. * checking package namespace information ... OK * checking package dependencies ... INFO Vignette dependency required without any vignettes: 'knitr' * checking if this is a source package ... OK * checking if there is a namespace ... OK * checking for hidden files and directories ... OK * checking for portable file names ... OK * checking whether package 'xtvfreg' can be installed ... OK * checking installed package size ... OK * checking package directory ... OK * checking for future file timestamps ... OK * checking DESCRIPTION meta-information ... WARNING Invalid license file pointers: LICENSE Authors@R field gives persons with invalid ORCID identifiers: Tim F. Liao [aut, cre] (ORCID: YOUR-ORCID-HERE) * checking top-level files ... NOTE Non-standard files/directories found at top level: 'PACKAGE_STRUCTURE.md' 'introduction.Rmd' 'methods.R' 'utils.R' 'xtvfreg.R' * checking for left-over files ... OK * checking index information ... OK * checking package subdirectories ... OK * checking whether the package can be loaded ... OK * checking whether the package can be loaded with stated dependencies ... OK * checking whether the package can be unloaded cleanly ... OK * checking whether the namespace can be loaded with stated dependencies ... OK * checking whether the namespace can be unloaded cleanly ... OK * checking loading without being on the library search path ... OK * checking use of S3 registration ... OK * checking examples ... NONE * checking PDF version of manual ... OK * DONE Status: 1 WARNING, 2 NOTEs