* using log directory ‘/srv/hornik/tmp/CRAN_pretest/xtvfreg.Rcheck’ * using R Under development (unstable) (2025-11-11 r88995) * using platform: x86_64-pc-linux-gnu * R was compiled by Debian clang version 19.1.7 (7) Debian flang-new version 19.1.7 (7) * running under: Debian GNU/Linux forky/sid * using session charset: UTF-8 * checking for file ‘xtvfreg/DESCRIPTION’ ... OK * checking extension type ... Package * this is package ‘xtvfreg’ version ‘1.0.0’ * package encoding: UTF-8 * checking CRAN incoming feasibility ... [3s/4s] NOTE Maintainer: ‘Tim F. Liao ’ New submission License components with restrictions and base license permitting such: MIT + file LICENSE Possibly misspelled words in DESCRIPTION: Liao (17:43) Mooi (17:31) Reci (17:36) Authors@R field gives persons with deprecated or bad elements: Warning in person1(given = given[[i]], family = family[[i]], middle = middle[[i]], : Invalid ORCID iD: ‘YOUR-ORCID-HERE’. Calls: ... FUN -> with -> with.default -> eval -> eval -> person1 Package has a VignetteBuilder field but no prebuilt vignette index. Found the following (possibly) invalid URLs: URL: https://github.com/yourusername/xtvfreg From: DESCRIPTION Status: 404 Message: Not Found URL: https://github.com/yourusername/xtvfreg/issues From: DESCRIPTION Status: 404 Message: Not Found The Date field is over a month old. * checking package namespace information ... OK * checking package dependencies ... INFO Vignette dependency required without any vignettes: ‘knitr’ * checking if this is a source package ... OK * checking if there is a namespace ... OK * checking for executable files ... OK * checking for hidden files and directories ... OK * checking for portable file names ... OK * checking for sufficient/correct file permissions ... OK * checking whether package ‘xtvfreg’ can be installed ... [1s/1s] OK * checking package directory ... OK * checking for future file timestamps ... OK * checking DESCRIPTION meta-information ... WARNING Invalid license file pointers: LICENSE Authors@R field gives persons with invalid ORCID identifiers: Tim F. Liao [aut, cre] (ORCID: YOUR-ORCID-HERE) * checking top-level files ... NOTE Non-standard files/directories found at top level: ‘PACKAGE_STRUCTURE.md’ ‘introduction.Rmd’ ‘methods.R’ ‘utils.R’ ‘xtvfreg.R’ * checking for left-over files ... OK * checking index information ... OK * checking package subdirectories ... OK * checking whether the package can be loaded ... [1s/1s] OK * checking whether the package can be loaded with stated dependencies ... [1s/1s] OK * checking whether the package can be unloaded cleanly ... [0s/0s] OK * checking whether the namespace can be loaded with stated dependencies ... [0s/0s] OK * checking whether the namespace can be unloaded cleanly ... [1s/1s] OK * checking loading without being on the library search path ... [1s/1s] OK * checking use of S3 registration ... OK * checking examples ... NONE * checking PDF version of manual ... [2s/2s] OK * checking for non-standard things in the check directory ... OK * checking for detritus in the temp directory ... OK * DONE Status: 1 WARNING, 2 NOTEs