* using log directory ‘/srv/hornik/tmp/CRAN_pretest/tweedie.Rcheck’ * using R Under development (unstable) (2025-11-27 r89071) * using platform: x86_64-pc-linux-gnu * R was compiled by Debian clang version 21.1.5 (1) Debian flang version 21.1.5 (1) * running under: Debian GNU/Linux forky/sid * using session charset: UTF-8 * checking for file ‘tweedie/DESCRIPTION’ ... OK * this is package ‘tweedie’ version ‘3.0.1’ * package encoding: UTF-8 * checking CRAN incoming feasibility ... [4s/4s] OK * checking package namespace information ... OK * checking package dependencies ... OK * checking if this is a source package ... OK * checking if there is a namespace ... OK * checking for executable files ... OK * checking for hidden files and directories ... OK * checking for portable file names ... OK * checking for sufficient/correct file permissions ... OK * checking serialization versions ... OK * checking whether package ‘tweedie’ can be installed ... [11s/9s] OK * used C compiler: ‘Debian clang version 21.1.5 (1)’ * used Fortran compiler: ‘Debian flang version 21.1.5 (1)’ * checking package directory ... OK * checking for future file timestamps ... OK * checking DESCRIPTION meta-information ... OK * checking top-level files ... OK * checking for left-over files ... OK * checking index information ... OK * checking package subdirectories ... OK * checking code files for non-ASCII characters ... OK * checking R files for syntax errors ... OK * checking whether the package can be loaded ... [0s/0s] OK * checking whether the package can be loaded with stated dependencies ... [0s/0s] OK * checking whether the package can be unloaded cleanly ... [0s/0s] OK * checking whether the namespace can be loaded with stated dependencies ... [0s/0s] OK * checking whether the namespace can be unloaded cleanly ... [0s/0s] OK * checking loading without being on the library search path ... [0s/0s] OK * checking whether startup messages can be suppressed ... [0s/0s] OK * checking use of S3 registration ... OK * checking dependencies in R code ... OK * checking S3 generic/method consistency ... OK * checking replacement functions ... OK * checking foreign function calls ... OK * checking R code for possible problems ... [5s/5s] OK * checking Rd files ... [0s/0s] OK * checking Rd metadata ... OK * checking Rd line widths ... OK * checking Rd cross-references ... OK * checking for missing documentation entries ... OK * checking for code/documentation mismatches ... OK * checking Rd \usage sections ... OK * checking Rd contents ... OK * checking for unstated dependencies in examples ... OK * checking line endings in C/C++/Fortran sources/headers ... OK * checking line endings in Makefiles ... OK * checking compilation flags in Makevars ... OK * checking for GNU extensions in Makefiles ... OK * checking for portable use of $(BLAS_LIBS) and $(LAPACK_LIBS) ... OK * checking use of PKG_*FLAGS in Makefiles ... OK * checking use of SHLIB_OPENMP_*FLAGS in Makefiles ... OK * checking pragmas in C/C++ headers and code ... OK * checking compilation flags used ... OK * checking compiled code ... OK * checking usage of KIND in Fortran files ... OK * checking examples ... [0s/0s] ERROR Running examples in ‘tweedie-Ex.R’ failed The error most likely occurred in: > base::assign(".ptime", proc.time(), pos = "CheckExEnv") > ### Name: dtweedie > ### Title: Tweedie distributions > ### Aliases: dtweedie ptweedie qtweedie rtweedie > ### Keywords: distribution > > ### ** Examples > > # Plot a Tweedie density > power <- 1.1 > mu <- 1 > phi <- 1 > y <- seq(0, 5, length = 100) > fy <- dtweedie(y, power = power, mu = mu, phi = phi) > plot(y, fy, type = "l", lwd = 2, ylab = "Density") > > # Compare to the saddlepoint density > f.saddle <- dtweedie_saddle( y = y, power = power, mu = mu, phi = phi) > lines( y, f.saddle, col = 2) > legend("topright", col = c(1, 2), lwd = c(2, 1), legend = c("Actual", "Saddlepoint")) > > # Plot the DF: > Fy <- ptweedie(y, power = power, mu = mu, phi = phi) Error: segfault from C stack overflow Execution halted * checking for unstated dependencies in ‘tests’ ... OK * checking tests ... [0s/0s] ERROR Running ‘testthat.R’ [0s/0s] Running the tests in ‘tests/testthat.R’ failed. Complete output: > # This file is part of the standard setup for testthat. > # It is recommended that you do not modify it. > # > # Where should you do additional test configuration? > # Learn more about the roles of various files in: > # * https://r-pkgs.org/testing-design.html#sec-tests-files-overview > # * https://testthat.r-lib.org/articles/special-files.html > > library(testthat) > library(tweedie) > > test_check("tweedie") Error: segfault from C stack overflow Execution halted * checking PDF version of manual ... [3s/3s] OK * checking HTML version of manual ... [1s/1s] OK * checking for non-standard things in the check directory ... OK * checking for detritus in the temp directory ... OK * DONE Status: 2 ERRORs