* using log directory ‘/srv/hornik/tmp/CRAN_pretest/turkeyelections.Rcheck’ * using R Under development (unstable) (2025-11-12 r89009) * using platform: x86_64-pc-linux-gnu * R was compiled by Debian clang version 21.1.5 (1) Debian flang version 21.1.5 (1) * running under: Debian GNU/Linux forky/sid * using session charset: UTF-8 * checking for file ‘turkeyelections/DESCRIPTION’ ... OK * checking extension type ... Package * this is package ‘turkeyelections’ version ‘0.1.3’ * package encoding: UTF-8 * checking CRAN incoming feasibility ... [4s/5s] OK * checking package namespace information ... OK * checking package dependencies ... OK * checking if this is a source package ... OK * checking if there is a namespace ... OK * checking for executable files ... OK * checking for hidden files and directories ... OK * checking for portable file names ... OK * checking for sufficient/correct file permissions ... OK * checking whether package ‘turkeyelections’ can be installed ... [3s/3s] WARNING Found the following significant warnings: Warning: /srv/hornik/tmp/CRAN_pretest/turkeyelections.Rcheck/00_pkg_src/turkeyelections/man/cb_2014_il.Rd:18: unknown macro '\item' Warning: /srv/hornik/tmp/CRAN_pretest/turkeyelections.Rcheck/00_pkg_src/turkeyelections/man/cb_2014_il.Rd:19: unknown macro '\item' Warning: /srv/hornik/tmp/CRAN_pretest/turkeyelections.Rcheck/00_pkg_src/turkeyelections/man/cb_2014_il.Rd:22: unexpected section header '\source' Warning: /srv/hornik/tmp/CRAN_pretest/turkeyelections.Rcheck/00_pkg_src/turkeyelections/man/cb_2014_il.Rd:25: unexpected section header '\usage' Warning: /srv/hornik/tmp/CRAN_pretest/turkeyelections.Rcheck/00_pkg_src/turkeyelections/man/cb_2014_il.Rd:28: unexpected section header '\description' Warning: /srv/hornik/tmp/CRAN_pretest/turkeyelections.Rcheck/00_pkg_src/turkeyelections/man/cb_2014_il.Rd:31: unexpected section header '\keyword' Warning: /srv/hornik/tmp/CRAN_pretest/turkeyelections.Rcheck/00_pkg_src/turkeyelections/man/cb_2014_il.Rd:32: unexpected END_OF_INPUT ' Warning: bad markup (extra space?) at cb_2014_il.Rd:32:1 Warning: /srv/hornik/tmp/CRAN_pretest/turkeyelections.Rcheck/00_pkg_src/turkeyelections/man/cb_2018_il.Rd:21: unknown macro '\item' Warning: /srv/hornik/tmp/CRAN_pretest/turkeyelections.Rcheck/00_pkg_src/turkeyelections/man/cb_2018_il.Rd:22: unknown macro '\item' Warning: /srv/hornik/tmp/CRAN_pretest/turkeyelections.Rcheck/00_pkg_src/turkeyelections/man/cb_2018_il.Rd:23: unknown macro '\item' Warning: /srv/hornik/tmp/CRAN_pretest/turkeyelections.Rcheck/00_pkg_src/turkeyelections/man/cb_2018_il.Rd:24: unknown macro '\item' Warning: /srv/hornik/tmp/CRAN_pretest/turkeyelections.Rcheck/00_pkg_src/turkeyelections/man/cb_2018_il.Rd:25: unknown macro '\item' Warning: /srv/hornik/tmp/CRAN_pretest/turkeyelections.Rcheck/00_pkg_src/turkeyelections/man/cb_2018_il.Rd:28: unexpected section header '\source' Warning: /srv/hornik/tmp/CRAN_pretest/turkeyelections.Rcheck/00_pkg_src/turkeyelections/man/cb_2018_il.Rd:31: unexpected section header '\usage' Warning: /srv/hornik/tmp/CRAN_pretest/turkeyelections.Rcheck/00_pkg_src/turkeyelections/man/cb_2018_il.Rd:34: unexpected section header '\description' Warning: /srv/hornik/tmp/CRAN_pretest/turkeyelections.Rcheck/00_pkg_src/turkeyelections/man/cb_2018_il.Rd:37: unexpected section header '\keyword' Warning: /srv/hornik/tmp/CRAN_pretest/turkeyelections.Rcheck/00_pkg_src/turkeyelections/man/cb_2018_il.Rd:38: unexpected END_OF_INPUT ' Warning: bad markup (extra space?) at cb_2018_il.Rd:41:1 Warning: /srv/hornik/tmp/CRAN_pretest/turkeyelections.Rcheck/00_pkg_src/turkeyelections/man/cb_2023_ikinci_tur_il.Rd:17: unknown macro '\item' Warning: bad markup (extra space?) at cb_2023_ikinci_tur_il.Rd:19:2 Warning: /srv/hornik/tmp/CRAN_pretest/turkeyelections.Rcheck/00_pkg_src/turkeyelections/man/cb_2023_ikinci_tur_il.Rd:20: unexpected section header '\source' Warning: /srv/hornik/tmp/CRAN_pretest/turkeyelections.Rcheck/00_pkg_src/turkeyelections/man/cb_2023_ikinci_tur_il.Rd:23: unexpected section header '\usage' Warning: /srv/hornik/tmp/CRAN_pretest/turkeyelections.Rcheck/00_pkg_src/turkeyelections/man/cb_2023_ikinci_tur_il.Rd:26: unexpected section header '\description' Warning: /srv/hornik/tmp/CRAN_pretest/turkeyelections.Rcheck/00_pkg_src/turkeyelections/man/cb_2023_ikinci_tur_il.Rd:29: unexpected section header '\keyword' Warning: /srv/hornik/tmp/CRAN_pretest/turkeyelections.Rcheck/00_pkg_src/turkeyelections/man/cb_2023_ikinci_tur_il.Rd:30: unexpected END_OF_INPUT ' Warning: /srv/hornik/tmp/CRAN_pretest/turkeyelections.Rcheck/00_pkg_src/turkeyelections/man/cb_2023_ilk_tur_il.Rd:19: unknown macro '\item' Warning: /srv/hornik/tmp/CRAN_pretest/turkeyelections.Rcheck/00_pkg_src/turkeyelections/man/cb_2023_ilk_tur_il.Rd:20: unknown macro '\item' Warning: /srv/hornik/tmp/CRAN_pretest/turkeyelections.Rcheck/00_pkg_src/turkeyelections/man/cb_2023_ilk_tur_il.Rd:21: unknown macro '\item' Warning: /srv/hornik/tmp/CRAN_pretest/turkeyelections.Rcheck/00_pkg_src/turkeyelections/man/cb_2023_ilk_tur_il.Rd:24: unexpected section header '\source' Warning: /srv/hornik/tmp/CRAN_pretest/turkeyelections.Rcheck/00_pkg_src/turkeyelections/man/cb_2023_ilk_tur_il.Rd:27: unexpected section header '\usage' Warning: /srv/hornik/tmp/CRAN_pretest/turkeyelections.Rcheck/00_pkg_src/turkeyelections/man/cb_2023_ilk_tur_il.Rd:30: unexpected section header '\description' Warning: /srv/hornik/tmp/CRAN_pretest/turkeyelections.Rcheck/00_pkg_src/turkeyelections/man/cb_2023_ilk_tur_il.Rd:33: unexpected section header '\keyword' Warning: /srv/hornik/tmp/CRAN_pretest/turkeyelections.Rcheck/00_pkg_src/turkeyelections/man/cb_2023_ilk_tur_il.Rd:34: unexpected END_OF_INPUT ' Warning: bad markup (extra space?) at cb_2023_ilk_tur_il.Rd:35:1 Warning: /srv/hornik/tmp/CRAN_pretest/turkeyelections.Rcheck/00_pkg_src/turkeyelections/man/genel_secim_1995_il.Rd:14: unknown macro '\item' Warning: /srv/hornik/tmp/CRAN_pretest/turkeyelections.Rcheck/00_pkg_src/turkeyelections/man/genel_secim_1995_il.Rd:15: unknown macro '\item' Warning: /srv/hornik/tmp/CRAN_pretest/turkeyelections.Rcheck/00_pkg_src/turkeyelections/man/genel_secim_1995_il.Rd:16: unknown macro '\item' Warning: /srv/hornik/tmp/CRAN_pretest/turkeyelections.Rcheck/00_pkg_src/turkeyelections/man/genel_secim_1995_il.Rd:17: unknown macro '\item' Warning: /srv/hornik/tmp/CRAN_pretest/turkeyelections.Rcheck/00_pkg_src/turkeyelections/man/genel_secim_1995_il.Rd:18: unknown macro '\item' Warning: /srv/hornik/tmp/CRAN_pretest/turkeyelections.Rcheck/00_pkg_src/turkeyelections/man/genel_secim_1995_il.Rd:19: unknown macro '\item' Warning: /srv/hornik/tmp/CRAN_pretest/turkeyelections.Rcheck/00_pkg_src/turkeyelections/man/genel_secim_1995_il.Rd:20: unknown macro '\item' Warning: /srv/hornik/tmp/CRAN_pretest/turkeyelections.Rcheck/00_pkg_src/turkeyelections/man/genel_secim_1995_il.Rd:21: unknown macro '\item' Warning: /srv/hornik/tmp/CRAN_pretest/turkeyelections.Rcheck/00_pkg_src/turkeyelections/man/genel_secim_1995_il.Rd:22: unknown macro '\item' Warning: /srv/hornik/tmp/CRAN_pretest/turkeyelections.Rcheck/00_pkg_src/turkeyelections/man/genel_secim_1995_il.Rd:23: unknown macro '\item' Warning: /srv/hornik/tmp/CRAN_pretest/turkeyelections.Rcheck/00_pkg_src/turkeyelections/man/genel_secim_1995_il.Rd:24: unknown macro '\item' Warning: /srv/hornik/tmp/CRAN_pretest/turkeyelections.Rcheck/00_pkg_src/turkeyelections/man/genel_secim_1995_il.Rd:27: unexpected section header '\source' Warning: /srv/hornik/tmp/CRAN_pretest/turkeyelections.Rcheck/00_pkg_src/turkeyelections/man/genel_secim_1995_il.Rd:30: unexpected section header '\usage' Warning: /srv/hornik/tmp/CRAN_pretest/turkeyelections.Rcheck/00_pkg_src/turkeyelections/man/genel_secim_1995_il.Rd:33: unexpected section header '\description' Warning: /srv/hornik/tmp/CRAN_pretest/turkeyelections.Rcheck/00_pkg_src/turkeyelections/man/genel_secim_1995_il.Rd:36: unexpected section header '\keyword' Warning: /srv/hornik/tmp/CRAN_pretest/turkeyelections.Rcheck/00_pkg_src/turkeyelections/man/genel_secim_1995_il.Rd:37: unexpected END_OF_INPUT ' Warning: bad markup (extra space?) at genel_secim_1995_il.Rd:40:1 Warning: /srv/hornik/tmp/CRAN_pretest/turkeyelections.Rcheck/00_pkg_src/turkeyelections/man/genel_secim_1999_il.Rd:14: unknown macro '\item' Warning: /srv/hornik/tmp/CRAN_pretest/turkeyelections.Rcheck/00_pkg_src/turkeyelections/man/genel_secim_1999_il.Rd:15: unknown macro '\item' Warning: /srv/hornik/tmp/CRAN_pretest/turkeyelections.Rcheck/00_pkg_src/turkeyelections/man/genel_secim_1999_il.Rd:16: unknown macro '\item' Warning: /srv/hornik/tmp/CRAN_pretest/turkeyelections.Rcheck/00_pkg_src/turkeyelections/man/genel_secim_1999_il.Rd:17: unknown macro '\item' Warning: /srv/hornik/tmp/CRAN_pretest/turkeyelections.Rcheck/00_pkg_src/turkeyelections/man/genel_secim_1999_il.Rd:18: unknown macro '\item' Warning: /srv/hornik/tmp/CRAN_pretest/turkeyelections.Rcheck/00_pkg_src/turkeyelections/man/genel_secim_1999_il.Rd:19: unknown macro '\item' Warning: /srv/hornik/tmp/CRAN_pretest/turkeyelections.Rcheck/00_pkg_src/turkeyelections/man/genel_secim_1999_il.Rd:20: unknown macro '\item' Warning: /srv/hornik/tmp/CRAN_pretest/turkeyelections.Rcheck/00_pkg_src/turkeyelections/man/genel_secim_1999_il.Rd:21: unknown macro '\item' Warning: /srv/hornik/tmp/CRAN_pretest/turkeyelections.Rcheck/00_pkg_src/turkeyelections/man/genel_secim_1999_il.Rd:22: unknown macro '\item' Warning: /srv/hornik/tmp/CRAN_pretest/turkeyelections.Rcheck/00_pkg_src/turkeyelections/man/genel_secim_1999_il.Rd:23: unknown macro '\item' Warning: /srv/hornik/tmp/CRAN_pretest/turkeyelections.Rcheck/00_pkg_src/turkeyelections/man/genel_secim_1999_il.Rd:24: unknown macro '\item' Warning: /srv/hornik/tmp/CRAN_pretest/turkeyelections.Rcheck/00_pkg_src/turkeyelections/man/genel_secim_1999_il.Rd:27: unexpected section header '\source' Warning: /srv/hornik/tmp/CRAN_pretest/turkeyelections.Rcheck/00_pkg_src/turkeyelections/man/genel_secim_1999_il.Rd:30: unexpected section header '\usage' Warning: /srv/hornik/tmp/CRAN_pretest/turkeyelections.Rcheck/00_pkg_src/turkeyelections/man/genel_secim_1999_il.Rd:33: unexpected section header '\description' Warning: /srv/hornik/tmp/CRAN_pretest/turkeyelections.Rcheck/00_pkg_src/turkeyelections/man/genel_secim_1999_il.Rd:36: unexpected section header '\keyword' Warning: /srv/hornik/tmp/CRAN_pretest/turkeyelections.Rcheck/00_pkg_src/turkeyelections/man/genel_secim_1999_il.Rd:37: unexpected END_OF_INPUT ' Warning: bad markup (extra space?) at genel_secim_1999_il.Rd:40:1 Warning: /srv/hornik/tmp/CRAN_pretest/turkeyelections.Rcheck/00_pkg_src/turkeyelections/man/genel_secim_2002_il.Rd:14: unknown macro '\item' Warning: /srv/hornik/tmp/CRAN_pretest/turkeyelections.Rcheck/00_pkg_src/turkeyelections/man/genel_secim_2002_il.Rd:15: unknown macro '\item' Warning: /srv/hornik/tmp/CRAN_pretest/turkeyelections.Rcheck/00_pkg_src/turkeyelections/man/genel_secim_2002_il.Rd:16: unknown macro '\item' Warning: /srv/hornik/tmp/CRAN_pretest/turkeyelections.Rcheck/00_pkg_src/turkeyelections/man/genel_secim_2002_il.Rd:17: unknown macro '\item' Warning: /srv/hornik/tmp/CRAN_pretest/turkeyelections.Rcheck/00_pkg_src/turkeyelections/man/genel_secim_2002_il.Rd:18: unknown macro '\item' Warning: /srv/hornik/tmp/CRAN_pretest/turkeyelections.Rcheck/00_pkg_src/turkeyelections/man/genel_secim_2002_il.Rd:19: unknown macro '\item' Warning: /srv/hornik/tmp/CRAN_pretest/turkeyelections.Rcheck/00_pkg_src/turkeyelections/man/genel_secim_2002_il.Rd:20: unknown macro '\item' Warning: /srv/hornik/tmp/CRAN_pretest/turkeyelections.Rcheck/00_pkg_src/turkeyelections/man/genel_secim_2002_il.Rd:21: unknown macro '\item' Warning: /srv/hornik/tmp/CRAN_pretest/turkeyelections.Rcheck/00_pkg_src/turkeyelections/man/genel_secim_2002_il.Rd:22: unknown macro '\item' Warning: /srv/hornik/tmp/CRAN_pretest/turkeyelections.Rcheck/00_pkg_src/turkeyelections/man/genel_secim_2002_il.Rd:23: unknown macro '\item' Warning: /srv/hornik/tmp/CRAN_pretest/turkeyelections.Rcheck/00_pkg_src/turkeyelections/man/genel_secim_2002_il.Rd:24: unknown macro '\item' Warning: /srv/hornik/tmp/CRAN_pretest/turkeyelections.Rcheck/00_pkg_src/turkeyelections/man/genel_secim_2002_il.Rd:27: unexpected section header '\source' Warning: /srv/hornik/tmp/CRAN_pretest/turkeyelections.Rcheck/00_pkg_src/turkeyelections/man/genel_secim_2002_il.Rd:30: unexpected section header '\usage' Warning: /srv/hornik/tmp/CRAN_pretest/turkeyelections.Rcheck/00_pkg_src/turkeyelections/man/genel_secim_2002_il.Rd:33: unexpected section header '\description' Warning: /srv/hornik/tmp/CRAN_pretest/turkeyelections.Rcheck/00_pkg_src/turkeyelections/man/genel_secim_2002_il.Rd:36: unexpected section header '\keyword' Warning: /srv/hornik/tmp/CRAN_pretest/turkeyelections.Rcheck/00_pkg_src/turkeyelections/man/genel_secim_2002_il.Rd:37: unexpected END_OF_INPUT ' Warning: bad markup (extra space?) at genel_secim_2002_il.Rd:40:1 Warning: /srv/hornik/tmp/CRAN_pretest/turkeyelections.Rcheck/00_pkg_src/turkeyelections/man/genel_secim_2007_il.Rd:14: unknown macro '\item' Warning: /srv/hornik/tmp/CRAN_pretest/turkeyelections.Rcheck/00_pkg_src/turkeyelections/man/genel_secim_2007_il.Rd:15: unknown macro '\item' Warning: /srv/hornik/tmp/CRAN_pretest/turkeyelections.Rcheck/00_pkg_src/turkeyelections/man/genel_secim_2007_il.Rd:16: unknown macro '\item' Warning: /srv/hornik/tmp/CRAN_pretest/turkeyelections.Rcheck/00_pkg_src/turkeyelections/man/genel_secim_2007_il.Rd:17: unknown macro '\item' Warning: /srv/hornik/tmp/CRAN_pretest/turkeyelections.Rcheck/00_pkg_src/turkeyelections/man/genel_secim_2007_il.Rd:18: unknown macro '\item' Warning: /srv/hornik/tmp/CRAN_pretest/turkeyelections.Rcheck/00_pkg_src/turkeyelections/man/genel_secim_2007_il.Rd:19: unknown macro '\item' Warning: /srv/hornik/tmp/CRAN_pretest/turkeyelections.Rcheck/00_pkg_src/turkeyelections/man/genel_secim_2007_il.Rd:20: unknown macro '\item' Warning: /srv/hornik/tmp/CRAN_pretest/turkeyelections.Rcheck/00_pkg_src/turkeyelections/man/genel_secim_2007_il.Rd:21: unknown macro '\item' Warning: /srv/hornik/tmp/CRAN_pretest/turkeyelections.Rcheck/00_pkg_src/turkeyelections/man/genel_secim_2007_il.Rd:22: unknown macro '\item' Warning: /srv/hornik/tmp/CRAN_pretest/turkeyelections.Rcheck/00_pkg_src/turkeyelections/man/genel_secim_2007_il.Rd:25: unexpected section header '\source' Warning: /srv/hornik/tmp/CRAN_pretest/turkeyelections.Rcheck/00_pkg_src/turkeyelections/man/genel_secim_2007_il.Rd:28: unexpected section header '\usage' Warning: /srv/hornik/tmp/CRAN_pretest/turkeyelections.Rcheck/00_pkg_src/turkeyelections/man/genel_secim_2007_il.Rd:31: unexpected section header '\description' Warning: /srv/hornik/tmp/CRAN_pretest/turkeyelections.Rcheck/00_pkg_src/turkeyelections/man/genel_secim_2007_il.Rd:34: unexpected section header '\keyword' Warning: /srv/hornik/tmp/CRAN_pretest/turkeyelections.Rcheck/00_pkg_src/turkeyelections/man/genel_secim_2007_il.Rd:35: unexpected END_OF_INPUT ' Warning: bad markup (extra space?) at genel_secim_2007_il.Rd:37:1 Warning: /srv/hornik/tmp/CRAN_pretest/turkeyelections.Rcheck/00_pkg_src/turkeyelections/man/genel_secim_2011_il.Rd:14: unknown macro '\item' Warning: /srv/hornik/tmp/CRAN_pretest/turkeyelections.Rcheck/00_pkg_src/turkeyelections/man/genel_secim_2011_il.Rd:15: unknown macro '\item' Warning: /srv/hornik/tmp/CRAN_pretest/turkeyelections.Rcheck/00_pkg_src/turkeyelections/man/genel_secim_2011_il.Rd:16: unknown macro '\item' Warning: /srv/hornik/tmp/CRAN_pretest/turkeyelections.Rcheck/00_pkg_src/turkeyelections/man/genel_secim_2011_il.Rd:17: unknown macro '\item' Warning: /srv/hornik/tmp/CRAN_pretest/turkeyelections.Rcheck/00_pkg_src/turkeyelections/man/genel_secim_2011_il.Rd:18: unknown macro '\item' Warning: /srv/hornik/tmp/CRAN_pretest/turkeyelections.Rcheck/00_pkg_src/turkeyelections/man/genel_secim_2011_il.Rd:19: unknown macro '\item' Warning: /srv/hornik/tmp/CRAN_pretest/turkeyelections.Rcheck/00_pkg_src/turkeyelections/man/genel_secim_2011_il.Rd:20: unknown macro '\item' Warning: /srv/hornik/tmp/CRAN_pretest/turkeyelections.Rcheck/00_pkg_src/turkeyelections/man/genel_secim_2011_il.Rd:21: unknown macro '\item' Warning: /srv/hornik/tmp/CRAN_pretest/turkeyelections.Rcheck/00_pkg_src/turkeyelections/man/genel_secim_2011_il.Rd:22: unknown macro '\item' Warning: /srv/hornik/tmp/CRAN_pretest/turkeyelections.Rcheck/00_pkg_src/turkeyelections/man/genel_secim_2011_il.Rd:25: unexpected section header '\source' Warning: /srv/hornik/tmp/CRAN_pretest/turkeyelections.Rcheck/00_pkg_src/turkeyelections/man/genel_secim_2011_il.Rd:28: unexpected section header '\usage' Warning: /srv/hornik/tmp/CRAN_pretest/turkeyelections.Rcheck/00_pkg_src/turkeyelections/man/genel_secim_2011_il.Rd:31: unexpected section header '\description' Warning: /srv/hornik/tmp/CRAN_pretest/turkeyelections.Rcheck/00_pkg_src/turkeyelections/man/genel_secim_2011_il.Rd:34: unexpected section header '\keyword' Warning: /srv/hornik/tmp/CRAN_pretest/turkeyelections.Rcheck/00_pkg_src/turkeyelections/man/genel_secim_2011_il.Rd:35: unexpected END_OF_INPUT ' Warning: bad markup (extra space?) at genel_secim_2011_il.Rd:37:1 Warning: /srv/hornik/tmp/CRAN_pretest/turkeyelections.Rcheck/00_pkg_src/turkeyelections/man/genel_secim_2018_il.Rd:14: unknown macro '\item' Warning: /srv/hornik/tmp/CRAN_pretest/turkeyelections.Rcheck/00_pkg_src/turkeyelections/man/genel_secim_2018_il.Rd:15: unknown macro '\item' Warning: /srv/hornik/tmp/CRAN_pretest/turkeyelections.Rcheck/00_pkg_src/turkeyelections/man/genel_secim_2018_il.Rd:16: unknown macro '\item' Warning: /srv/hornik/tmp/CRAN_pretest/turkeyelections.Rcheck/00_pkg_src/turkeyelections/man/genel_secim_2018_il.Rd:17: unknown macro '\item' Warning: /srv/hornik/tmp/CRAN_pretest/turkeyelections.Rcheck/00_pkg_src/turkeyelections/man/genel_secim_2018_il.Rd:18: unknown macro '\item' Warning: /srv/hornik/tmp/CRAN_pretest/turkeyelections.Rcheck/00_pkg_src/turkeyelections/man/genel_secim_2018_il.Rd:19: unknown macro '\item' Warning: /srv/hornik/tmp/CRAN_pretest/turkeyelections.Rcheck/00_pkg_src/turkeyelections/man/genel_secim_2018_il.Rd:20: unknown macro '\item' Warning: /srv/hornik/tmp/CRAN_pretest/turkeyelections.Rcheck/00_pkg_src/turkeyelections/man/genel_secim_2018_il.Rd:21: unknown macro '\item' Warning: /srv/hornik/tmp/CRAN_pretest/turkeyelections.Rcheck/00_pkg_src/turkeyelections/man/genel_secim_2018_il.Rd:22: unknown macro '\item' Warning: /srv/hornik/tmp/CRAN_pretest/turkeyelections.Rcheck/00_pkg_src/turkeyelections/man/genel_secim_2018_il.Rd:25: unexpected section header '\source' Warning: /srv/hornik/tmp/CRAN_pretest/turkeyelections.Rcheck/00_pkg_src/turkeyelections/man/genel_secim_2018_il.Rd:28: unexpected section header '\usage' Warning: /srv/hornik/tmp/CRAN_pretest/turkeyelections.Rcheck/00_pkg_src/turkeyelections/man/genel_secim_2018_il.Rd:31: unexpected section header '\description' Warning: /srv/hornik/tmp/CRAN_pretest/turkeyelections.Rcheck/00_pkg_src/turkeyelections/man/genel_secim_2018_il.Rd:34: unexpected section header '\keyword' Warning: /srv/hornik/tmp/CRAN_pretest/turkeyelections.Rcheck/00_pkg_src/turkeyelections/man/genel_secim_2018_il.Rd:35: unexpected END_OF_INPUT ' Warning: bad markup (extra space?) at genel_secim_2018_il.Rd:37:1 Warning: /srv/hornik/tmp/CRAN_pretest/turkeyelections.Rcheck/00_pkg_src/turkeyelections/man/genel_secim_2023_il.Rd:45: unknown macro '\item' Warning: /srv/hornik/tmp/CRAN_pretest/turkeyelections.Rcheck/00_pkg_src/turkeyelections/man/genel_secim_2023_il.Rd:46: unknown macro '\item' Warning: /srv/hornik/tmp/CRAN_pretest/turkeyelections.Rcheck/00_pkg_src/turkeyelections/man/genel_secim_2023_il.Rd:47: unknown macro '\item' Warning: /srv/hornik/tmp/CRAN_pretest/turkeyelections.Rcheck/00_pkg_src/turkeyelections/man/genel_secim_2023_il.Rd:48: unknown macro '\item' Warning: /srv/hornik/tmp/CRAN_pretest/turkeyelections.Rcheck/00_pkg_src/turkeyelections/man/genel_secim_2023_il.Rd:49: unknown macro '\item' Warning: /srv/hornik/tmp/CRAN_pretest/turkeyelections.Rcheck/00_pkg_src/turkeyelections/man/genel_secim_2023_il.Rd:50: unknown macro '\item' Warning: /srv/hornik/tmp/CRAN_pretest/turkeyelections.Rcheck/00_pkg_src/turkeyelections/man/genel_secim_2023_il.Rd:51: unknown macro '\item' Warning: /srv/hornik/tmp/CRAN_pretest/turkeyelections.Rcheck/00_pkg_src/turkeyelections/man/genel_secim_2023_il.Rd:52: unknown macro '\item' Warning: /srv/hornik/tmp/CRAN_pretest/turkeyelections.Rcheck/00_pkg_src/turkeyelections/man/genel_secim_2023_il.Rd:53: unknown macro '\item' Warning: /srv/hornik/tmp/CRAN_pretest/turkeyelections.Rcheck/00_pkg_src/turkeyelections/man/genel_secim_2023_il.Rd:54: unknown macro '\item' Warning: /srv/hornik/tmp/CRAN_pretest/turkeyelections.Rcheck/00_pkg_src/turkeyelections/man/genel_secim_2023_il.Rd:55: unknown macro '\item' Warning: /srv/hornik/tmp/CRAN_pretest/turkeyelections.Rcheck/00_pkg_src/turkeyelections/man/genel_secim_2023_il.Rd:56: unknown macro '\item' Warning: /srv/hornik/tmp/CRAN_pretest/turkeyelections.Rcheck/00_pkg_src/turkeyelections/man/genel_secim_2023_il.Rd:57: unknown macro '\item' Warning: /srv/hornik/tmp/CRAN_pretest/turkeyelections.Rcheck/00_pkg_src/turkeyelections/man/genel_secim_2023_il.Rd:58: unknown macro '\item' Warning: /srv/hornik/tmp/CRAN_pretest/turkeyelections.Rcheck/00_pkg_src/turkeyelections/man/genel_secim_2023_il.Rd:59: unknown macro '\item' Warning: /srv/hornik/tmp/CRAN_pretest/turkeyelections.Rcheck/00_pkg_src/turkeyelections/man/genel_secim_2023_il.Rd:60: unknown macro '\item' Warning: /srv/hornik/tmp/CRAN_pretest/turkeyelections.Rcheck/00_pkg_src/turkeyelections/man/genel_secim_2023_il.Rd:61: unknown macro '\item' Warning: /srv/hornik/tmp/CRAN_pretest/turkeyelections.Rcheck/00_pkg_src/turkeyelections/man/genel_secim_2023_il.Rd:62: unknown macro '\item' Warning: /srv/hornik/tmp/CRAN_pretest/turkeyelections.Rcheck/00_pkg_src/turkeyelections/man/genel_secim_2023_il.Rd:63: unknown macro '\item' Warning: /srv/hornik/tmp/CRAN_pretest/turkeyelections.Rcheck/00_pkg_src/turkeyelections/man/genel_secim_2023_il.Rd:64: unknown macro '\item' Warning: /srv/hornik/tmp/CRAN_pretest/turkeyelections.Rcheck/00_pkg_src/turkeyelections/man/genel_secim_2023_il.Rd:65: unknown macro '\item' Warning: /srv/hornik/tmp/CRAN_pretest/turkeyelections.Rcheck/00_pkg_src/turkeyelections/man/genel_secim_2023_il.Rd:66: unknown macro '\item' Warning: /srv/hornik/tmp/CRAN_pretest/turkeyelections.Rcheck/00_pkg_src/turkeyelections/man/genel_secim_2023_il.Rd:67: unknown macro '\item' Warning: /srv/hornik/tmp/CRAN_pretest/turkeyelections.Rcheck/00_pkg_src/turkeyelections/man/genel_secim_2023_il.Rd:68: unknown macro '\item' Warning: /srv/hornik/tmp/CRAN_pretest/turkeyelections.Rcheck/00_pkg_src/turkeyelections/man/genel_secim_2023_il.Rd:69: unknown macro '\item' Warning: /srv/hornik/tmp/CRAN_pretest/turkeyelections.Rcheck/00_pkg_src/turkeyelections/man/genel_secim_2023_il.Rd:70: unknown macro '\item' Warning: /srv/hornik/tmp/CRAN_pretest/turkeyelections.Rcheck/00_pkg_src/turkeyelections/man/genel_secim_2023_il.Rd:71: unknown macro '\item' Warning: /srv/hornik/tmp/CRAN_pretest/turkeyelections.Rcheck/00_pkg_src/turkeyelections/man/genel_secim_2023_il.Rd:72: unknown macro '\item' Warning: /srv/hornik/tmp/CRAN_pretest/turkeyelections.Rcheck/00_pkg_src/turkeyelections/man/genel_secim_2023_il.Rd:73: unknown macro '\item' Warning: /srv/hornik/tmp/CRAN_pretest/turkeyelections.Rcheck/00_pkg_src/turkeyelections/man/genel_secim_2023_il.Rd:76: unexpected section header '\source' Warning: /srv/hornik/tmp/CRAN_pretest/turkeyelections.Rcheck/00_pkg_src/turkeyelections/man/genel_secim_2023_il.Rd:79: unexpected section header '\usage' Warning: /srv/hornik/tmp/CRAN_pretest/turkeyelections.Rcheck/00_pkg_src/turkeyelections/man/genel_secim_2023_il.Rd:82: unexpected section header '\description' Warning: /srv/hornik/tmp/CRAN_pretest/turkeyelections.Rcheck/00_pkg_src/turkeyelections/man/genel_secim_2023_il.Rd:85: unexpected section header '\keyword' Warning: /srv/hornik/tmp/CRAN_pretest/turkeyelections.Rcheck/00_pkg_src/turkeyelections/man/genel_secim_2023_il.Rd:86: unexpected END_OF_INPUT ' Warning: bad markup (extra space?) at genel_secim_2023_il.Rd:113:1 Warning: /srv/hornik/tmp/CRAN_pretest/turkeyelections.Rcheck/00_pkg_src/turkeyelections/man/genel_secim_haziran_2015_il.Rd:14: unknown macro '\item' Warning: /srv/hornik/tmp/CRAN_pretest/turkeyelections.Rcheck/00_pkg_src/turkeyelections/man/genel_secim_haziran_2015_il.Rd:15: unknown macro '\item' Warning: /srv/hornik/tmp/CRAN_pretest/turkeyelections.Rcheck/00_pkg_src/turkeyelections/man/genel_secim_haziran_2015_il.Rd:16: unknown macro '\item' Warning: /srv/hornik/tmp/CRAN_pretest/turkeyelections.Rcheck/00_pkg_src/turkeyelections/man/genel_secim_haziran_2015_il.Rd:17: unknown macro '\item' Warning: /srv/hornik/tmp/CRAN_pretest/turkeyelections.Rcheck/00_pkg_src/turkeyelections/man/genel_secim_haziran_2015_il.Rd:18: unknown macro '\item' Warning: /srv/hornik/tmp/CRAN_pretest/turkeyelections.Rcheck/00_pkg_src/turkeyelections/man/genel_secim_haziran_2015_il.Rd:19: unknown macro '\item' Warning: /srv/hornik/tmp/CRAN_pretest/turkeyelections.Rcheck/00_pkg_src/turkeyelections/man/genel_secim_haziran_2015_il.Rd:20: unknown macro '\item' Warning: /srv/hornik/tmp/CRAN_pretest/turkeyelections.Rcheck/00_pkg_src/turkeyelections/man/genel_secim_haziran_2015_il.Rd:21: unknown macro '\item' Warning: /srv/hornik/tmp/CRAN_pretest/turkeyelections.Rcheck/00_pkg_src/turkeyelections/man/genel_secim_haziran_2015_il.Rd:22: unknown macro '\item' Warning: /srv/hornik/tmp/CRAN_pretest/turkeyelections.Rcheck/00_pkg_src/turkeyelections/man/genel_secim_haziran_2015_il.Rd:25: unexpected section header '\source' Warning: /srv/hornik/tmp/CRAN_pretest/turkeyelections.Rcheck/00_pkg_src/turkeyelections/man/genel_secim_haziran_2015_il.Rd:28: unexpected section header '\usage' Warning: /srv/hornik/tmp/CRAN_pretest/turkeyelections.Rcheck/00_pkg_src/turkeyelections/man/genel_secim_haziran_2015_il.Rd:31: unexpected section header '\description' Warning: /srv/hornik/tmp/CRAN_pretest/turkeyelections.Rcheck/00_pkg_src/turkeyelections/man/genel_secim_haziran_2015_il.Rd:34: unexpected section header '\keyword' Warning: /srv/hornik/tmp/CRAN_pretest/turkeyelections.Rcheck/00_pkg_src/turkeyelections/man/genel_secim_haziran_2015_il.Rd:35: unexpected END_OF_INPUT ' Warning: bad markup (extra space?) at genel_secim_haziran_2015_il.Rd:37:1 Warning: /srv/hornik/tmp/CRAN_pretest/turkeyelections.Rcheck/00_pkg_src/turkeyelections/man/genel_secim_kasim_2015_il.Rd:14: unknown macro '\item' Warning: /srv/hornik/tmp/CRAN_pretest/turkeyelections.Rcheck/00_pkg_src/turkeyelections/man/genel_secim_kasim_2015_il.Rd:15: unknown macro '\item' Warning: /srv/hornik/tmp/CRAN_pretest/turkeyelections.Rcheck/00_pkg_src/turkeyelections/man/genel_secim_kasim_2015_il.Rd:16: unknown macro '\item' Warning: /srv/hornik/tmp/CRAN_pretest/turkeyelections.Rcheck/00_pkg_src/turkeyelections/man/genel_secim_kasim_2015_il.Rd:17: unknown macro '\item' Warning: /srv/hornik/tmp/CRAN_pretest/turkeyelections.Rcheck/00_pkg_src/turkeyelections/man/genel_secim_kasim_2015_il.Rd:18: unknown macro '\item' Warning: /srv/hornik/tmp/CRAN_pretest/turkeyelections.Rcheck/00_pkg_src/turkeyelections/man/genel_secim_kasim_2015_il.Rd:19: unknown macro '\item' Warning: /srv/hornik/tmp/CRAN_pretest/turkeyelections.Rcheck/00_pkg_src/turkeyelections/man/genel_secim_kasim_2015_il.Rd:20: unknown macro '\item' Warning: /srv/hornik/tmp/CRAN_pretest/turkeyelections.Rcheck/00_pkg_src/turkeyelections/man/genel_secim_kasim_2015_il.Rd:23: unexpected section header '\source' Warning: /srv/hornik/tmp/CRAN_pretest/turkeyelections.Rcheck/00_pkg_src/turkeyelections/man/genel_secim_kasim_2015_il.Rd:26: unexpected section header '\usage' Warning: /srv/hornik/tmp/CRAN_pretest/turkeyelections.Rcheck/00_pkg_src/turkeyelections/man/genel_secim_kasim_2015_il.Rd:29: unexpected section header '\description' Warning: /srv/hornik/tmp/CRAN_pretest/turkeyelections.Rcheck/00_pkg_src/turkeyelections/man/genel_secim_kasim_2015_il.Rd:32: unexpected section header '\keyword' Warning: /srv/hornik/tmp/CRAN_pretest/turkeyelections.Rcheck/00_pkg_src/turkeyelections/man/genel_secim_kasim_2015_il.Rd:33: unexpected END_OF_INPUT ' Warning: bad markup (extra space?) at genel_secim_kasim_2015_il.Rd:34:1 Warning: /srv/hornik/tmp/CRAN_pretest/turkeyelections.Rcheck/00_pkg_src/turkeyelections/man/yerel_secim_2009_il.Rd:35: unknown macro '\item' Warning: /srv/hornik/tmp/CRAN_pretest/turkeyelections.Rcheck/00_pkg_src/turkeyelections/man/yerel_secim_2009_il.Rd:36: unknown macro '\item' Warning: /srv/hornik/tmp/CRAN_pretest/turkeyelections.Rcheck/00_pkg_src/turkeyelections/man/yerel_secim_2009_il.Rd:37: unknown macro '\item' Warning: /srv/hornik/tmp/CRAN_pretest/turkeyelections.Rcheck/00_pkg_src/turkeyelections/man/yerel_secim_2009_il.Rd:38: unknown macro '\item' Warning: /srv/hornik/tmp/CRAN_pretest/turkeyelections.Rcheck/00_pkg_src/turkeyelections/man/yerel_secim_2009_il.Rd:39: unknown macro '\item' Warning: /srv/hornik/tmp/CRAN_pretest/turkeyelections.Rcheck/00_pkg_src/turkeyelections/man/yerel_secim_2009_il.Rd:40: unknown macro '\item' Warning: /srv/hornik/tmp/CRAN_pretest/turkeyelections.Rcheck/00_pkg_src/turkeyelections/man/yerel_secim_2009_il.Rd:41: unknown macro '\item' Warning: /srv/hornik/tmp/CRAN_pretest/turkeyelections.Rcheck/00_pkg_src/turkeyelections/man/yerel_secim_2009_il.Rd:42: unknown macro '\item' Warning: /srv/hornik/tmp/CRAN_pretest/turkeyelections.Rcheck/00_pkg_src/turkeyelections/man/yerel_secim_2009_il.Rd:43: unknown macro '\item' Warning: /srv/hornik/tmp/CRAN_pretest/turkeyelections.Rcheck/00_pkg_src/turkeyelections/man/yerel_secim_2009_il.Rd:44: unknown macro '\item' Warning: /srv/hornik/tmp/CRAN_pretest/turkeyelections.Rcheck/00_pkg_src/turkeyelections/man/yerel_secim_2009_il.Rd:45: unknown macro '\item' Warning: /srv/hornik/tmp/CRAN_pretest/turkeyelections.Rcheck/00_pkg_src/turkeyelections/man/yerel_secim_2009_il.Rd:46: unknown macro '\item' Warning: /srv/hornik/tmp/CRAN_pretest/turkeyelections.Rcheck/00_pkg_src/turkeyelections/man/yerel_secim_2009_il.Rd:47: unknown macro '\item' Warning: /srv/hornik/tmp/CRAN_pretest/turkeyelections.Rcheck/00_pkg_src/turkeyelections/man/yerel_secim_2009_il.Rd:48: unknown macro '\item' Warning: /srv/hornik/tmp/CRAN_pretest/turkeyelections.Rcheck/00_pkg_src/turkeyelections/man/yerel_secim_2009_il.Rd:49: unknown macro '\item' Warning: /srv/hornik/tmp/CRAN_pretest/turkeyelections.Rcheck/00_pkg_src/turkeyelections/man/yerel_secim_2009_il.Rd:50: unknown macro '\item' Warning: /srv/hornik/tmp/CRAN_pretest/turkeyelections.Rcheck/00_pkg_src/turkeyelections/man/yerel_secim_2009_il.Rd:51: unknown macro '\item' Warning: /srv/hornik/tmp/CRAN_pretest/turkeyelections.Rcheck/00_pkg_src/turkeyelections/man/yerel_secim_2009_il.Rd:52: unknown macro '\item' Warning: /srv/hornik/tmp/CRAN_pretest/turkeyelections.Rcheck/00_pkg_src/turkeyelections/man/yerel_secim_2009_il.Rd:53: unknown macro '\item' Warning: /srv/hornik/tmp/CRAN_pretest/turkeyelections.Rcheck/00_pkg_src/turkeyelections/man/yerel_secim_2009_il.Rd:56: unexpected section header '\source' Warning: /srv/hornik/tmp/CRAN_pretest/turkeyelections.Rcheck/00_pkg_src/turkeyelections/man/yerel_secim_2009_il.Rd:59: unexpected section header '\usage' Warning: /srv/hornik/tmp/CRAN_pretest/turkeyelections.Rcheck/00_pkg_src/turkeyelections/man/yerel_secim_2009_il.Rd:62: unexpected section header '\description' Warning: /srv/hornik/tmp/CRAN_pretest/turkeyelections.Rcheck/00_pkg_src/turkeyelections/man/yerel_secim_2009_il.Rd:65: unexpected section header '\keyword' Warning: /srv/hornik/tmp/CRAN_pretest/turkeyelections.Rcheck/00_pkg_src/turkeyelections/man/yerel_secim_2009_il.Rd:66: unexpected END_OF_INPUT ' Warning: bad markup (extra space?) at yerel_secim_2009_il.Rd:83:1 Warning: /srv/hornik/tmp/CRAN_pretest/turkeyelections.Rcheck/00_pkg_src/turkeyelections/man/yerel_secim_2014_il.Rd:16: unknown macro '\item' Warning: /srv/hornik/tmp/CRAN_pretest/turkeyelections.Rcheck/00_pkg_src/turkeyelections/man/yerel_secim_2014_il.Rd:17: unknown macro '\item' Warning: /srv/hornik/tmp/CRAN_pretest/turkeyelections.Rcheck/00_pkg_src/turkeyelections/man/yerel_secim_2014_il.Rd:18: unknown macro '\item' Warning: /srv/hornik/tmp/CRAN_pretest/turkeyelections.Rcheck/00_pkg_src/turkeyelections/man/yerel_secim_2014_il.Rd:19: unknown macro '\item' Warning: /srv/hornik/tmp/CRAN_pretest/turkeyelections.Rcheck/00_pkg_src/turkeyelections/man/yerel_secim_2014_il.Rd:20: unknown macro '\item' Warning: /srv/hornik/tmp/CRAN_pretest/turkeyelections.Rcheck/00_pkg_src/turkeyelections/man/yerel_secim_2014_il.Rd:21: unknown macro '\item' Warning: /srv/hornik/tmp/CRAN_pretest/turkeyelections.Rcheck/00_pkg_src/turkeyelections/man/yerel_secim_2014_il.Rd:22: unknown macro '\item' Warning: /srv/hornik/tmp/CRAN_pretest/turkeyelections.Rcheck/00_pkg_src/turkeyelections/man/yerel_secim_2014_il.Rd:23: unknown macro '\item' Warning: /srv/hornik/tmp/CRAN_pretest/turkeyelections.Rcheck/00_pkg_src/turkeyelections/man/yerel_secim_2014_il.Rd:24: unknown macro '\item' Warning: /srv/hornik/tmp/CRAN_pretest/turkeyelections.Rcheck/00_pkg_src/turkeyelections/man/yerel_secim_2014_il.Rd:25: unknown macro '\item' Warning: /srv/hornik/tmp/CRAN_pretest/turkeyelections.Rcheck/00_pkg_src/turkeyelections/man/yerel_secim_2014_il.Rd:26: unknown macro '\item' Warning: /srv/hornik/tmp/CRAN_pretest/turkeyelections.Rcheck/00_pkg_src/turkeyelections/man/yerel_secim_2014_il.Rd:27: unknown macro '\item' Warning: /srv/hornik/tmp/CRAN_pretest/turkeyelections.Rcheck/00_pkg_src/turkeyelections/man/yerel_secim_2014_il.Rd:28: unknown macro '\item' Warning: /srv/hornik/tmp/CRAN_pretest/turkeyelections.Rcheck/00_pkg_src/turkeyelections/man/yerel_secim_2014_il.Rd:29: unknown macro '\item' Warning: /srv/hornik/tmp/CRAN_pretest/turkeyelections.Rcheck/00_pkg_src/turkeyelections/man/yerel_secim_2014_il.Rd:30: unknown macro '\item' Warning: /srv/hornik/tmp/CRAN_pretest/turkeyelections.Rcheck/00_pkg_src/turkeyelections/man/yerel_secim_2014_il.Rd:31: unknown macro '\item' Warning: /srv/hornik/tmp/CRAN_pretest/turkeyelections.Rcheck/00_pkg_src/turkeyelections/man/yerel_secim_2014_il.Rd:32: unknown macro '\item' Warning: /srv/hornik/tmp/CRAN_pretest/turkeyelections.Rcheck/00_pkg_src/turkeyelections/man/yerel_secim_2014_il.Rd:33: unknown macro '\item' Warning: /srv/hornik/tmp/CRAN_pretest/turkeyelections.Rcheck/00_pkg_src/turkeyelections/man/yerel_secim_2014_il.Rd:34: unknown macro '\item' Warning: /srv/hornik/tmp/CRAN_pretest/turkeyelections.Rcheck/00_pkg_src/turkeyelections/man/yerel_secim_2014_il.Rd:35: unknown macro '\item' Warning: /srv/hornik/tmp/CRAN_pretest/turkeyelections.Rcheck/00_pkg_src/turkeyelections/man/yerel_secim_2014_il.Rd:36: unknown macro '\item' Warning: /srv/hornik/tmp/CRAN_pretest/turkeyelections.Rcheck/00_pkg_src/turkeyelections/man/yerel_secim_2014_il.Rd:37: unknown macro '\item' Warning: /srv/hornik/tmp/CRAN_pretest/turkeyelections.Rcheck/00_pkg_src/turkeyelections/man/yerel_secim_2014_il.Rd:38: unknown macro '\item' Warning: /srv/hornik/tmp/CRAN_pretest/turkeyelections.Rcheck/00_pkg_src/turkeyelections/man/yerel_secim_2014_il.Rd:39: unknown macro '\item' Warning: /srv/hornik/tmp/CRAN_pretest/turkeyelections.Rcheck/00_pkg_src/turkeyelections/man/yerel_secim_2014_il.Rd:40: unknown macro '\item' Warning: /srv/hornik/tmp/CRAN_pretest/turkeyelections.Rcheck/00_pkg_src/turkeyelections/man/yerel_secim_2014_il.Rd:41: unknown macro '\item' Warning: /srv/hornik/tmp/CRAN_pretest/turkeyelections.Rcheck/00_pkg_src/turkeyelections/man/yerel_secim_2014_il.Rd:42: unknown macro '\item' Warning: /srv/hornik/tmp/CRAN_pretest/turkeyelections.Rcheck/00_pkg_src/turkeyelections/man/yerel_secim_2014_il.Rd:43: unknown macro '\item' Warning: /srv/hornik/tmp/CRAN_pretest/turkeyelections.Rcheck/00_pkg_src/turkeyelections/man/yerel_secim_2014_il.Rd:44: unknown macro '\item' Warning: /srv/hornik/tmp/CRAN_pretest/turkeyelections.Rcheck/00_pkg_src/turkeyelections/man/yerel_secim_2014_il.Rd:45: unknown macro '\item' Warning: /srv/hornik/tmp/CRAN_pretest/turkeyelections.Rcheck/00_pkg_src/turkeyelections/man/yerel_secim_2014_il.Rd:46: unknown macro '\item' Warning: /srv/hornik/tmp/CRAN_pretest/turkeyelections.Rcheck/00_pkg_src/turkeyelections/man/yerel_secim_2014_il.Rd:47: unknown macro '\item' Warning: /srv/hornik/tmp/CRAN_pretest/turkeyelections.Rcheck/00_pkg_src/turkeyelections/man/yerel_secim_2014_il.Rd:48: unknown macro '\item' Warning: /srv/hornik/tmp/CRAN_pretest/turkeyelections.Rcheck/00_pkg_src/turkeyelections/man/yerel_secim_2014_il.Rd:49: unknown macro '\item' Warning: /srv/hornik/tmp/CRAN_pretest/turkeyelections.Rcheck/00_pkg_src/turkeyelections/man/yerel_secim_2014_il.Rd:50: unknown macro '\item' Warning: /srv/hornik/tmp/CRAN_pretest/turkeyelections.Rcheck/00_pkg_src/turkeyelections/man/yerel_secim_2014_il.Rd:51: unknown macro '\item' Warning: /srv/hornik/tmp/CRAN_pretest/turkeyelections.Rcheck/00_pkg_src/turkeyelections/man/yerel_secim_2014_il.Rd:52: unknown macro '\item' Warning: /srv/hornik/tmp/CRAN_pretest/turkeyelections.Rcheck/00_pkg_src/turkeyelections/man/yerel_secim_2014_il.Rd:53: unknown macro '\item' Warning: /srv/hornik/tmp/CRAN_pretest/turkeyelections.Rcheck/00_pkg_src/turkeyelections/man/yerel_secim_2014_il.Rd:54: unknown macro '\item' Warning: /srv/hornik/tmp/CRAN_pretest/turkeyelections.Rcheck/00_pkg_src/turkeyelections/man/yerel_secim_2014_il.Rd:55: unknown macro '\item' Warning: /srv/hornik/tmp/CRAN_pretest/turkeyelections.Rcheck/00_pkg_src/turkeyelections/man/yerel_secim_2014_il.Rd:56: unknown macro '\item' Warning: /srv/hornik/tmp/CRAN_pretest/turkeyelections.Rcheck/00_pkg_src/turkeyelections/man/yerel_secim_2014_il.Rd:57: unknown macro '\item' Warning: /srv/hornik/tmp/CRAN_pretest/turkeyelections.Rcheck/00_pkg_src/turkeyelections/man/yerel_secim_2014_il.Rd:58: unknown macro '\item' Warning: /srv/hornik/tmp/CRAN_pretest/turkeyelections.Rcheck/00_pkg_src/turkeyelections/man/yerel_secim_2014_il.Rd:59: unknown macro '\item' Warning: /srv/hornik/tmp/CRAN_pretest/turkeyelections.Rcheck/00_pkg_src/turkeyelections/man/yerel_secim_2014_il.Rd:60: unknown macro '\item' Warning: /srv/hornik/tmp/CRAN_pretest/turkeyelections.Rcheck/00_pkg_src/turkeyelections/man/yerel_secim_2014_il.Rd:61: unknown macro '\item' Warning: /srv/hornik/tmp/CRAN_pretest/turkeyelections.Rcheck/00_pkg_src/turkeyelections/man/yerel_secim_2014_il.Rd:64: unexpected section header '\source' Warning: /srv/hornik/tmp/CRAN_pretest/turkeyelections.Rcheck/00_pkg_src/turkeyelections/man/yerel_secim_2014_il.Rd:67: unexpected section header '\usage' Warning: /srv/hornik/tmp/CRAN_pretest/turkeyelections.Rcheck/00_pkg_src/turkeyelections/man/yerel_secim_2014_il.Rd:70: unexpected section header '\description' Warning: /srv/hornik/tmp/CRAN_pretest/turkeyelections.Rcheck/00_pkg_src/turkeyelections/man/yerel_secim_2014_il.Rd:73: unexpected section header '\keyword' Warning: /srv/hornik/tmp/CRAN_pretest/turkeyelections.Rcheck/00_pkg_src/turkeyelections/man/yerel_secim_2014_il.Rd:74: unexpected END_OF_INPUT ' Warning: bad markup (extra space?) at yerel_secim_2014_il.Rd:95:1 Warning: /srv/hornik/tmp/CRAN_pretest/turkeyelections.Rcheck/00_pkg_src/turkeyelections/man/yerel_secim_2019_il.Rd:28: unknown macro '\item' Warning: /srv/hornik/tmp/CRAN_pretest/turkeyelections.Rcheck/00_pkg_src/turkeyelections/man/yerel_secim_2019_il.Rd:29: unknown macro '\item' Warning: /srv/hornik/tmp/CRAN_pretest/turkeyelections.Rcheck/00_pkg_src/turkeyelections/man/yerel_secim_2019_il.Rd:30: unknown macro '\item' Warning: /srv/hornik/tmp/CRAN_pretest/turkeyelections.Rcheck/00_pkg_src/turkeyelections/man/yerel_secim_2019_il.Rd:31: unknown macro '\item' Warning: /srv/hornik/tmp/CRAN_pretest/turkeyelections.Rcheck/00_pkg_src/turkeyelections/man/yerel_secim_2019_il.Rd:32: unknown macro '\item' Warning: /srv/hornik/tmp/CRAN_pretest/turkeyelections.Rcheck/00_pkg_src/turkeyelections/man/yerel_secim_2019_il.Rd:33: unknown macro '\item' Warning: /srv/hornik/tmp/CRAN_pretest/turkeyelections.Rcheck/00_pkg_src/turkeyelections/man/yerel_secim_2019_il.Rd:34: unknown macro '\item' Warning: /srv/hornik/tmp/CRAN_pretest/turkeyelections.Rcheck/00_pkg_src/turkeyelections/man/yerel_secim_2019_il.Rd:35: unknown macro '\item' Warning: /srv/hornik/tmp/CRAN_pretest/turkeyelections.Rcheck/00_pkg_src/turkeyelections/man/yerel_secim_2019_il.Rd:36: unknown macro '\item' Warning: /srv/hornik/tmp/CRAN_pretest/turkeyelections.Rcheck/00_pkg_src/turkeyelections/man/yerel_secim_2019_il.Rd:37: unknown macro '\item' Warning: /srv/hornik/tmp/CRAN_pretest/turkeyelections.Rcheck/00_pkg_src/turkeyelections/man/yerel_secim_2019_il.Rd:38: unknown macro '\item' Warning: /srv/hornik/tmp/CRAN_pretest/turkeyelections.Rcheck/00_pkg_src/turkeyelections/man/yerel_secim_2019_il.Rd:39: unknown macro '\item' Warning: /srv/hornik/tmp/CRAN_pretest/turkeyelections.Rcheck/00_pkg_src/turkeyelections/man/yerel_secim_2019_il.Rd:40: unknown macro '\item' Warning: /srv/hornik/tmp/CRAN_pretest/turkeyelections.Rcheck/00_pkg_src/turkeyelections/man/yerel_secim_2019_il.Rd:43: unexpected section header '\source' Warning: /srv/hornik/tmp/CRAN_pretest/turkeyelections.Rcheck/00_pkg_src/turkeyelections/man/yerel_secim_2019_il.Rd:46: unexpected section header '\usage' Warning: /srv/hornik/tmp/CRAN_pretest/turkeyelections.Rcheck/00_pkg_src/turkeyelections/man/yerel_secim_2019_il.Rd:49: unexpected section header '\description' Warning: /srv/hornik/tmp/CRAN_pretest/turkeyelections.Rcheck/00_pkg_src/turkeyelections/man/yerel_secim_2019_il.Rd:52: unexpected section header '\keyword' Warning: /srv/hornik/tmp/CRAN_pretest/turkeyelections.Rcheck/00_pkg_src/turkeyelections/man/yerel_secim_2019_il.Rd:53: unexpected END_OF_INPUT ' Warning: bad markup (extra space?) at yerel_secim_2019_il.Rd:64:1 Warning: /srv/hornik/tmp/CRAN_pretest/turkeyelections.Rcheck/00_pkg_src/turkeyelections/man/yerel_secim_2024_il.Rd:52: unknown macro '\item' Warning: /srv/hornik/tmp/CRAN_pretest/turkeyelections.Rcheck/00_pkg_src/turkeyelections/man/yerel_secim_2024_il.Rd:53: unknown macro '\item' Warning: /srv/hornik/tmp/CRAN_pretest/turkeyelections.Rcheck/00_pkg_src/turkeyelections/man/yerel_secim_2024_il.Rd:54: unknown macro '\item' Warning: /srv/hornik/tmp/CRAN_pretest/turkeyelections.Rcheck/00_pkg_src/turkeyelections/man/yerel_secim_2024_il.Rd:55: unknown macro '\item' Warning: /srv/hornik/tmp/CRAN_pretest/turkeyelections.Rcheck/00_pkg_src/turkeyelections/man/yerel_secim_2024_il.Rd:56: unknown macro '\item' Warning: /srv/hornik/tmp/CRAN_pretest/turkeyelections.Rcheck/00_pkg_src/turkeyelections/man/yerel_secim_2024_il.Rd:57: unknown macro '\item' Warning: /srv/hornik/tmp/CRAN_pretest/turkeyelections.Rcheck/00_pkg_src/turkeyelections/man/yerel_secim_2024_il.Rd:58: unknown macro '\item' Warning: /srv/hornik/tmp/CRAN_pretest/turkeyelections.Rcheck/00_pkg_src/turkeyelections/man/yerel_secim_2024_il.Rd:59: unknown macro '\item' Warning: /srv/hornik/tmp/CRAN_pretest/turkeyelections.Rcheck/00_pkg_src/turkeyelections/man/yerel_secim_2024_il.Rd:60: unknown macro '\item' Warning: /srv/hornik/tmp/CRAN_pretest/turkeyelections.Rcheck/00_pkg_src/turkeyelections/man/yerel_secim_2024_il.Rd:61: unknown macro '\item' Warning: /srv/hornik/tmp/CRAN_pretest/turkeyelections.Rcheck/00_pkg_src/turkeyelections/man/yerel_secim_2024_il.Rd:62: unknown macro '\item' Warning: /srv/hornik/tmp/CRAN_pretest/turkeyelections.Rcheck/00_pkg_src/turkeyelections/man/yerel_secim_2024_il.Rd:63: unknown macro '\item' Warning: /srv/hornik/tmp/CRAN_pretest/turkeyelections.Rcheck/00_pkg_src/turkeyelections/man/yerel_secim_2024_il.Rd:64: unknown macro '\item' Warning: /srv/hornik/tmp/CRAN_pretest/turkeyelections.Rcheck/00_pkg_src/turkeyelections/man/yerel_secim_2024_il.Rd:65: unknown macro '\item' Warning: /srv/hornik/tmp/CRAN_pretest/turkeyelections.Rcheck/00_pkg_src/turkeyelections/man/yerel_secim_2024_il.Rd:66: unknown macro '\item' Warning: /srv/hornik/tmp/CRAN_pretest/turkeyelections.Rcheck/00_pkg_src/turkeyelections/man/yerel_secim_2024_il.Rd:67: unknown macro '\item' Warning: /srv/hornik/tmp/CRAN_pretest/turkeyelections.Rcheck/00_pkg_src/turkeyelections/man/yerel_secim_2024_il.Rd:68: unknown macro '\item' Warning: /srv/hornik/tmp/CRAN_pretest/turkeyelections.Rcheck/00_pkg_src/turkeyelections/man/yerel_secim_2024_il.Rd:69: unknown macro '\item' Warning: /srv/hornik/tmp/CRAN_pretest/turkeyelections.Rcheck/00_pkg_src/turkeyelections/man/yerel_secim_2024_il.Rd:70: unknown macro '\item' Warning: /srv/hornik/tmp/CRAN_pretest/turkeyelections.Rcheck/00_pkg_src/turkeyelections/man/yerel_secim_2024_il.Rd:71: unknown macro '\item' Warning: /srv/hornik/tmp/CRAN_pretest/turkeyelections.Rcheck/00_pkg_src/turkeyelections/man/yerel_secim_2024_il.Rd:72: unknown macro '\item' Warning: /srv/hornik/tmp/CRAN_pretest/turkeyelections.Rcheck/00_pkg_src/turkeyelections/man/yerel_secim_2024_il.Rd:73: unknown macro '\item' Warning: /srv/hornik/tmp/CRAN_pretest/turkeyelections.Rcheck/00_pkg_src/turkeyelections/man/yerel_secim_2024_il.Rd:74: unknown macro '\item' Warning: /srv/hornik/tmp/CRAN_pretest/turkeyelections.Rcheck/00_pkg_src/turkeyelections/man/yerel_secim_2024_il.Rd:75: unknown macro '\item' Warning: /srv/hornik/tmp/CRAN_pretest/turkeyelections.Rcheck/00_pkg_src/turkeyelections/man/yerel_secim_2024_il.Rd:76: unknown macro '\item' Warning: /srv/hornik/tmp/CRAN_pretest/turkeyelections.Rcheck/00_pkg_src/turkeyelections/man/yerel_secim_2024_il.Rd:77: unknown macro '\item' Warning: /srv/hornik/tmp/CRAN_pretest/turkeyelections.Rcheck/00_pkg_src/turkeyelections/man/yerel_secim_2024_il.Rd:78: unknown macro '\item' Warning: /srv/hornik/tmp/CRAN_pretest/turkeyelections.Rcheck/00_pkg_src/turkeyelections/man/yerel_secim_2024_il.Rd:79: unknown macro '\item' Warning: /srv/hornik/tmp/CRAN_pretest/turkeyelections.Rcheck/00_pkg_src/turkeyelections/man/yerel_secim_2024_il.Rd:80: unknown macro '\item' Warning: /srv/hornik/tmp/CRAN_pretest/turkeyelections.Rcheck/00_pkg_src/turkeyelections/man/yerel_secim_2024_il.Rd:81: unknown macro '\item' Warning: /srv/hornik/tmp/CRAN_pretest/turkeyelections.Rcheck/00_pkg_src/turkeyelections/man/yerel_secim_2024_il.Rd:82: unknown macro '\item' Warning: /srv/hornik/tmp/CRAN_pretest/turkeyelections.Rcheck/00_pkg_src/turkeyelections/man/yerel_secim_2024_il.Rd:83: unknown macro '\item' Warning: /srv/hornik/tmp/CRAN_pretest/turkeyelections.Rcheck/00_pkg_src/turkeyelections/man/yerel_secim_2024_il.Rd:84: unknown macro '\item' Warning: /srv/hornik/tmp/CRAN_pretest/turkeyelections.Rcheck/00_pkg_src/turkeyelections/man/yerel_secim_2024_il.Rd:85: unknown macro '\item' Warning: /srv/hornik/tmp/CRAN_pretest/turkeyelections.Rcheck/00_pkg_src/turkeyelections/man/yerel_secim_2024_il.Rd:88: unexpected section header '\source' Warning: /srv/hornik/tmp/CRAN_pretest/turkeyelections.Rcheck/00_pkg_src/turkeyelections/man/yerel_secim_2024_il.Rd:91: unexpected section header '\usage' Warning: /srv/hornik/tmp/CRAN_pretest/turkeyelections.Rcheck/00_pkg_src/turkeyelections/man/yerel_secim_2024_il.Rd:94: unexpected section header '\description' Warning: /srv/hornik/tmp/CRAN_pretest/turkeyelections.Rcheck/00_pkg_src/turkeyelections/man/yerel_secim_2024_il.Rd:98: unexpected section header '\keyword' Warning: /srv/hornik/tmp/CRAN_pretest/turkeyelections.Rcheck/00_pkg_src/turkeyelections/man/yerel_secim_2024_il.Rd:99: unexpected END_OF_INPUT ' Warning: bad markup (extra space?) at yerel_secim_2024_il.Rd:131:1 See ‘/srv/hornik/tmp/CRAN_pretest/turkeyelections.Rcheck/00install.out’ for details. * checking package directory ... OK * checking for future file timestamps ... OK * checking DESCRIPTION meta-information ... OK * checking top-level files ... OK * checking for left-over files ... OK * checking index information ... OK * checking package subdirectories ... OK * checking code files for non-ASCII characters ... OK * checking R files for syntax errors ... OK * checking whether the package can be loaded ... [1s/1s] OK * checking whether the package can be loaded with stated dependencies ... [1s/1s] OK * checking whether the package can be unloaded cleanly ... [1s/1s] OK * checking whether the namespace can be loaded with stated dependencies ... [1s/1s] OK * checking whether the namespace can be unloaded cleanly ... [1s/1s] OK * checking loading without being on the library search path ... [1s/1s] OK * checking whether startup messages can be suppressed ... [1s/1s] OK * checking use of S3 registration ... OK * checking dependencies in R code ... OK * checking S3 generic/method consistency ... OK * checking replacement functions ... OK * checking foreign function calls ... OK * checking R code for possible problems ... [4s/4s] OK * checking Rd files ... [0s/0s] WARNING prepare_Rd: ./man/cb_2014_il.Rd:18: unknown macro '\item' prepare_Rd: ./man/cb_2014_il.Rd:19: unknown macro '\item' prepare_Rd: ./man/cb_2014_il.Rd:22: unexpected section header '\source' prepare_Rd: ./man/cb_2014_il.Rd:25: unexpected section header '\usage' prepare_Rd: ./man/cb_2014_il.Rd:28: unexpected section header '\description' prepare_Rd: ./man/cb_2014_il.Rd:31: unexpected section header '\keyword' prepare_Rd: ./man/cb_2014_il.Rd:32: unexpected END_OF_INPUT ' ' prepare_Rd: bad markup (extra space?) at cb_2014_il.Rd:32:1 checkRd: (-1) cb_2014_il.Rd:18-21: Lost braces 18 | \item{SELAHATTIN_DEMIRTAS_\\%}{selahattin demirtasin aldigi oy yuzdesi, the percentage of valid votes that selahattin demirtas received} | ^ checkRd: (-1) cb_2014_il.Rd:19-20: Lost braces 19 | \item{EKMELEDDIN_MEHMET_IHSANOGLU_\\%}{ekmeleddin mehmet ihsanoglunun aldigi oy yuzdesi, the percentage of valid votes that ekmeleddin mehmet ihsanoglu received} | ^ checkRd: (-1) cb_2014_il.Rd:22-24: Lost braces 22 | \source{ | ^ checkRd: (-1) cb_2014_il.Rd:25-27: Lost braces 25 | \usage{ | ^ checkRd: (-1) cb_2014_il.Rd:28-30: Lost braces 28 | \description{ | ^ checkRd: (-1) cb_2014_il.Rd:31: Lost braces; missing escapes or markup? 31 | \keyword{datasets} | ^ prepare_Rd: ./man/cb_2018_il.Rd:21: unknown macro '\item' prepare_Rd: ./man/cb_2018_il.Rd:22: unknown macro '\item' prepare_Rd: ./man/cb_2018_il.Rd:23: unknown macro '\item' prepare_Rd: ./man/cb_2018_il.Rd:24: unknown macro '\item' prepare_Rd: ./man/cb_2018_il.Rd:25: unknown macro '\item' prepare_Rd: ./man/cb_2018_il.Rd:28: unexpected section header '\source' prepare_Rd: ./man/cb_2018_il.Rd:31: unexpected section header '\usage' prepare_Rd: ./man/cb_2018_il.Rd:34: unexpected section header '\description' prepare_Rd: ./man/cb_2018_il.Rd:37: unexpected section header '\keyword' prepare_Rd: ./man/cb_2018_il.Rd:38: unexpected END_OF_INPUT ' ' prepare_Rd: bad markup (extra space?) at cb_2018_il.Rd:41:1 checkRd: (-1) cb_2018_il.Rd:21-40: Lost braces 21 | \item{MERAL_AKSENER_\\%}{meral aksenerin aldigi oy yuzdesi, the percentage of valid votes that meral aksener received } | ^ checkRd: (-1) cb_2018_il.Rd:22-39: Lost braces 22 | \item{RECEP_TAYYIP_ERDOGAN_\\%}{recep tayyip erdoganin aldigi oy yuzdesi, the percentage of valid votes that recep tayyip erdogan received } | ^ checkRd: (-1) cb_2018_il.Rd:23-38: Lost braces 23 | \item{SELAHATTIN_DEMIRTAS_\\%}{selahattin demirtasin aldigi oy yuzdesi, the percentage of valid votes that selahattin demirtas received} | ^ checkRd: (-1) cb_2018_il.Rd:24-27: Lost braces 24 | \item{TEMEL_KARAMOLLAOGLU_\\%}{temel karamollaoglunun aldigi oy yuzdesi, the percentage of valid votes that temel karamollaoglu received } | ^ checkRd: (-1) cb_2018_il.Rd:25-26: Lost braces 25 | \item{DOGU_PERINCEK_\\%}{dogu perincekin aldigi oy yuzdesi, the percentage of valid votes that dogu perincek received } | ^ checkRd: (-1) cb_2018_il.Rd:28-30: Lost braces 28 | \source{ | ^ checkRd: (-1) cb_2018_il.Rd:31-33: Lost braces 31 | \usage{ | ^ checkRd: (-1) cb_2018_il.Rd:34-36: Lost braces 34 | \description{ | ^ checkRd: (-1) cb_2018_il.Rd:37: Lost braces; missing escapes or markup? 37 | \keyword{datasets} | ^ prepare_Rd: ./man/cb_2023_ikinci_tur_il.Rd:17: unknown macro '\item' prepare_Rd: bad markup (extra space?) at cb_2023_ikinci_tur_il.Rd:19:2 prepare_Rd: ./man/cb_2023_ikinci_tur_il.Rd:20: unexpected section header '\source' prepare_Rd: ./man/cb_2023_ikinci_tur_il.Rd:23: unexpected section header '\usage' prepare_Rd: ./man/cb_2023_ikinci_tur_il.Rd:26: unexpected section header '\description' prepare_Rd: ./man/cb_2023_ikinci_tur_il.Rd:29: unexpected section header '\keyword' prepare_Rd: ./man/cb_2023_ikinci_tur_il.Rd:30: unexpected END_OF_INPUT ' ' checkRd: (-1) cb_2023_ikinci_tur_il.Rd:17-18: Lost braces 17 | \item{KEMAL_KILICDAROGLU_\\%}{kemal kilicdaroglunun aldigi oy yuzdesi, the percentage of valid votes that Kemal Kilicdaroglu received} | ^ checkRd: (-1) cb_2023_ikinci_tur_il.Rd:20-22: Lost braces 20 | \source{ | ^ checkRd: (-1) cb_2023_ikinci_tur_il.Rd:23-25: Lost braces 23 | \usage{ | ^ checkRd: (-1) cb_2023_ikinci_tur_il.Rd:26-28: Lost braces 26 | \description{ | ^ checkRd: (-1) cb_2023_ikinci_tur_il.Rd:29: Lost braces; missing escapes or markup? 29 | \keyword{datasets} | ^ prepare_Rd: ./man/cb_2023_ilk_tur_il.Rd:19: unknown macro '\item' prepare_Rd: ./man/cb_2023_ilk_tur_il.Rd:20: unknown macro '\item' prepare_Rd: ./man/cb_2023_ilk_tur_il.Rd:21: unknown macro '\item' prepare_Rd: ./man/cb_2023_ilk_tur_il.Rd:24: unexpected section header '\source' prepare_Rd: ./man/cb_2023_ilk_tur_il.Rd:27: unexpected section header '\usage' prepare_Rd: ./man/cb_2023_ilk_tur_il.Rd:30: unexpected section header '\description' prepare_Rd: ./man/cb_2023_ilk_tur_il.Rd:33: unexpected section header '\keyword' prepare_Rd: ./man/cb_2023_ilk_tur_il.Rd:34: unexpected END_OF_INPUT ' ' prepare_Rd: bad markup (extra space?) at cb_2023_ilk_tur_il.Rd:35:1 checkRd: (-1) cb_2023_ilk_tur_il.Rd:19-34: Lost braces 19 | \item{MUHARREM_INCE_\\%}{muharrem incenin aldigi oy yuzdesi, the percentage of valid votes that Muharrem Ince received} | ^ checkRd: (-1) cb_2023_ilk_tur_il.Rd:20-23: Lost braces 20 | \item{KEMAL_KILICDAROGLU_\\%}{kemal kilicdaroglunun aldigi oy yuzdesi, the percentage of valid votes that Kemal Kilicdaroglu received} | ^ checkRd: (-1) cb_2023_ilk_tur_il.Rd:21-22: Lost braces 21 | \item{SINAN_OGAN_\\%}{sinan oganin aldigi oy yuzdesi, the percentage of valid votes that Sinan Ogan received} | ^ checkRd: (-1) cb_2023_ilk_tur_il.Rd:24-26: Lost braces 24 | \source{ | ^ checkRd: (-1) cb_2023_ilk_tur_il.Rd:27-29: Lost braces 27 | \usage{ | ^ checkRd: (-1) cb_2023_ilk_tur_il.Rd:30-32: Lost braces 30 | \description{ | ^ checkRd: (-1) cb_2023_ilk_tur_il.Rd:33: Lost braces; missing escapes or markup? 33 | \keyword{datasets} | ^ prepare_Rd: ./man/genel_secim_1995_il.Rd:14: unknown macro '\item' prepare_Rd: ./man/genel_secim_1995_il.Rd:15: unknown macro '\item' prepare_Rd: ./man/genel_secim_1995_il.Rd:16: unknown macro '\item' prepare_Rd: ./man/genel_secim_1995_il.Rd:17: unknown macro '\item' prepare_Rd: ./man/genel_secim_1995_il.Rd:18: unknown macro '\item' prepare_Rd: ./man/genel_secim_1995_il.Rd:19: unknown macro '\item' prepare_Rd: ./man/genel_secim_1995_il.Rd:20: unknown macro '\item' prepare_Rd: ./man/genel_secim_1995_il.Rd:21: unknown macro '\item' prepare_Rd: ./man/genel_secim_1995_il.Rd:22: unknown macro '\item' prepare_Rd: ./man/genel_secim_1995_il.Rd:23: unknown macro '\item' prepare_Rd: ./man/genel_secim_1995_il.Rd:24: unknown macro '\item' prepare_Rd: ./man/genel_secim_1995_il.Rd:27: unexpected section header '\source' prepare_Rd: ./man/genel_secim_1995_il.Rd:30: unexpected section header '\usage' prepare_Rd: ./man/genel_secim_1995_il.Rd:33: unexpected section header '\description' prepare_Rd: ./man/genel_secim_1995_il.Rd:36: unexpected section header '\keyword' prepare_Rd: ./man/genel_secim_1995_il.Rd:37: unexpected END_OF_INPUT ' ' prepare_Rd: bad markup (extra space?) at genel_secim_1995_il.Rd:40:1 checkRd: (-1) genel_secim_1995_il.Rd:14: Lost braces 14 | \item{ANAP}{anap oy sayisi, the number of votes that the Motherland Party (ANAP) received} | ^ checkRd: (-1) genel_secim_1995_il.Rd:14: Lost braces 14 | \item{ANAP}{anap oy sayisi, the number of votes that the Motherland Party (ANAP) received} | ^ checkRd: (-1) genel_secim_1995_il.Rd:15-39: Lost braces 15 | \item{ANAP_\\%}{anap oy yuzdesi, the percentage of votes that the Motherland Party (ANAP) received} | ^ checkRd: (-1) genel_secim_1995_il.Rd:16: Lost braces 16 | \item{DYP}{dyp oy sayisi, the number of votes that the True Path Party (DYP) received} | ^ checkRd: (-1) genel_secim_1995_il.Rd:16: Lost braces 16 | \item{DYP}{dyp oy sayisi, the number of votes that the True Path Party (DYP) received} | ^ checkRd: (-1) genel_secim_1995_il.Rd:17-38: Lost braces 17 | \item{DYP_\\%}{dyp oy yuzdesi, the percentage of votes that the True Path Party (DYP) received} | ^ checkRd: (-1) genel_secim_1995_il.Rd:18: Lost braces 18 | \item{DSP}{dsp oy sayisi, the number of votes that the Democratic Left Party (DSP) received} | ^ checkRd: (-1) genel_secim_1995_il.Rd:18: Lost braces 18 | \item{DSP}{dsp oy sayisi, the number of votes that the Democratic Left Party (DSP) received} | ^ checkRd: (-1) genel_secim_1995_il.Rd:19-37: Lost braces 19 | \item{DSP_\\%}{dsp oy yuzdesi, the percentage of votes that the Democratic Left Party (DSP) received} | ^ checkRd: (-1) genel_secim_1995_il.Rd:20: Lost braces 20 | \item{CHP}{chp oy sayisi, the number of votes that the Republican People's Party (CHP) received} | ^ checkRd: (-1) genel_secim_1995_il.Rd:20: Lost braces 20 | \item{CHP}{chp oy sayisi, the number of votes that the Republican People's Party (CHP) received} | ^ checkRd: (-1) genel_secim_1995_il.Rd:21-26: Lost braces 21 | \item{CHP_\\%}{chp oy yuzdesi, the percentage of votes that the Republican People's Party (CHP) received} | ^ checkRd: (-1) genel_secim_1995_il.Rd:22: Lost braces 22 | \item{Diger}{diger parti oy sayisi, the number of votes that other parties received} | ^ checkRd: (-1) genel_secim_1995_il.Rd:22: Lost braces 22 | \item{Diger}{diger parti oy sayisi, the number of votes that other parties received} | ^ checkRd: (-1) genel_secim_1995_il.Rd:23-25: Lost braces 23 | \item{Diger_\\%}{diger parti oy yuzdesi, the percentage of votes that other parties received} | ^ checkRd: (-1) genel_secim_1995_il.Rd:24: Lost braces 24 | \item{Toplam}{toplam oy sayisi, the total number of votes cast in each province} | ^ checkRd: (-1) genel_secim_1995_il.Rd:24: Lost braces 24 | \item{Toplam}{toplam oy sayisi, the total number of votes cast in each province} | ^ checkRd: (-1) genel_secim_1995_il.Rd:27-29: Lost braces 27 | \source{ | ^ checkRd: (-1) genel_secim_1995_il.Rd:30-32: Lost braces 30 | \usage{ | ^ checkRd: (-1) genel_secim_1995_il.Rd:33-35: Lost braces 33 | \description{ | ^ checkRd: (-1) genel_secim_1995_il.Rd:36: Lost braces; missing escapes or markup? 36 | \keyword{datasets} | ^ prepare_Rd: ./man/genel_secim_1999_il.Rd:14: unknown macro '\item' prepare_Rd: ./man/genel_secim_1999_il.Rd:15: unknown macro '\item' prepare_Rd: ./man/genel_secim_1999_il.Rd:16: unknown macro '\item' prepare_Rd: ./man/genel_secim_1999_il.Rd:17: unknown macro '\item' prepare_Rd: ./man/genel_secim_1999_il.Rd:18: unknown macro '\item' prepare_Rd: ./man/genel_secim_1999_il.Rd:19: unknown macro '\item' prepare_Rd: ./man/genel_secim_1999_il.Rd:20: unknown macro '\item' prepare_Rd: ./man/genel_secim_1999_il.Rd:21: unknown macro '\item' prepare_Rd: ./man/genel_secim_1999_il.Rd:22: unknown macro '\item' prepare_Rd: ./man/genel_secim_1999_il.Rd:23: unknown macro '\item' prepare_Rd: ./man/genel_secim_1999_il.Rd:24: unknown macro '\item' prepare_Rd: ./man/genel_secim_1999_il.Rd:27: unexpected section header '\source' prepare_Rd: ./man/genel_secim_1999_il.Rd:30: unexpected section header '\usage' prepare_Rd: ./man/genel_secim_1999_il.Rd:33: unexpected section header '\description' prepare_Rd: ./man/genel_secim_1999_il.Rd:36: unexpected section header '\keyword' prepare_Rd: ./man/genel_secim_1999_il.Rd:37: unexpected END_OF_INPUT ' ' prepare_Rd: bad markup (extra space?) at genel_secim_1999_il.Rd:40:1 checkRd: (-1) genel_secim_1999_il.Rd:14: Lost braces 14 | \item{MHP}{mhp oy sayisi, the number of votes that the Nationalist Movement Party (MHP) received} | ^ checkRd: (-1) genel_secim_1999_il.Rd:14: Lost braces 14 | \item{MHP}{mhp oy sayisi, the number of votes that the Nationalist Movement Party (MHP) received} | ^ checkRd: (-1) genel_secim_1999_il.Rd:15-39: Lost braces 15 | \item{MHP_\\%}{mhp oy yuzdesi, the percentage of votes that the Nationalist Movement Party (MHP) received} | ^ checkRd: (-1) genel_secim_1999_il.Rd:16: Lost braces 16 | \item{FP}{fp oy sayisi, the number of votes that the Virtue Party (FP) received} | ^ checkRd: (-1) genel_secim_1999_il.Rd:16: Lost braces 16 | \item{FP}{fp oy sayisi, the number of votes that the Virtue Party (FP) received} | ^ checkRd: (-1) genel_secim_1999_il.Rd:17-38: Lost braces 17 | \item{FP_\\%}{fp oy yuzdesi, the percentage of votes that the Virtue Party (FP) received} | ^ checkRd: (-1) genel_secim_1999_il.Rd:18: Lost braces 18 | \item{ANAP}{anap oy sayisi, the number of votes that the Motherland Party (ANAP) received} | ^ checkRd: (-1) genel_secim_1999_il.Rd:18: Lost braces 18 | \item{ANAP}{anap oy sayisi, the number of votes that the Motherland Party (ANAP) received} | ^ checkRd: (-1) genel_secim_1999_il.Rd:19-37: Lost braces 19 | \item{ANAP_\\%}{anap oy yuzdesi, the percentage of votes that the Motherland Party (ANAP) received} | ^ checkRd: (-1) genel_secim_1999_il.Rd:20: Lost braces 20 | \item{DYP}{dyp oy sayisi, the number of votes that the True Path Party (DYP) received} | ^ checkRd: (-1) genel_secim_1999_il.Rd:20: Lost braces 20 | \item{DYP}{dyp oy sayisi, the number of votes that the True Path Party (DYP) received} | ^ checkRd: (-1) genel_secim_1999_il.Rd:21-26: Lost braces 21 | \item{DYP_\\%}{dyp oy yuzdesi, the percentage of votes that the True Path Party (DYP) received} | ^ checkRd: (-1) genel_secim_1999_il.Rd:22: Lost braces 22 | \item{Diger}{diger parti oy sayisi, the number of votes that other parties received} | ^ checkRd: (-1) genel_secim_1999_il.Rd:22: Lost braces 22 | \item{Diger}{diger parti oy sayisi, the number of votes that other parties received} | ^ checkRd: (-1) genel_secim_1999_il.Rd:23-25: Lost braces 23 | \item{Diger_\\%}{diger parti oy yuzdesi, the percentage of votes that other parties received} | ^ checkRd: (-1) genel_secim_1999_il.Rd:24: Lost braces 24 | \item{Toplam}{toplam oy sayisi, the total number of votes cast in each province} | ^ checkRd: (-1) genel_secim_1999_il.Rd:24: Lost braces 24 | \item{Toplam}{toplam oy sayisi, the total number of votes cast in each province} | ^ checkRd: (-1) genel_secim_1999_il.Rd:27-29: Lost braces 27 | \source{ | ^ checkRd: (-1) genel_secim_1999_il.Rd:30-32: Lost braces 30 | \usage{ | ^ checkRd: (-1) genel_secim_1999_il.Rd:33-35: Lost braces 33 | \description{ | ^ checkRd: (-1) genel_secim_1999_il.Rd:36: Lost braces; missing escapes or markup? 36 | \keyword{datasets} | ^ prepare_Rd: ./man/genel_secim_2002_il.Rd:14: unknown macro '\item' prepare_Rd: ./man/genel_secim_2002_il.Rd:15: unknown macro '\item' prepare_Rd: ./man/genel_secim_2002_il.Rd:16: unknown macro '\item' prepare_Rd: ./man/genel_secim_2002_il.Rd:17: unknown macro '\item' prepare_Rd: ./man/genel_secim_2002_il.Rd:18: unknown macro '\item' prepare_Rd: ./man/genel_secim_2002_il.Rd:19: unknown macro '\item' prepare_Rd: ./man/genel_secim_2002_il.Rd:20: unknown macro '\item' prepare_Rd: ./man/genel_secim_2002_il.Rd:21: unknown macro '\item' prepare_Rd: ./man/genel_secim_2002_il.Rd:22: unknown macro '\item' prepare_Rd: ./man/genel_secim_2002_il.Rd:23: unknown macro '\item' prepare_Rd: ./man/genel_secim_2002_il.Rd:24: unknown macro '\item' prepare_Rd: ./man/genel_secim_2002_il.Rd:27: unexpected section header '\source' prepare_Rd: ./man/genel_secim_2002_il.Rd:30: unexpected section header '\usage' prepare_Rd: ./man/genel_secim_2002_il.Rd:33: unexpected section header '\description' prepare_Rd: ./man/genel_secim_2002_il.Rd:36: unexpected section header '\keyword' prepare_Rd: ./man/genel_secim_2002_il.Rd:37: unexpected END_OF_INPUT ' ' prepare_Rd: bad markup (extra space?) at genel_secim_2002_il.Rd:40:1 checkRd: (-1) genel_secim_2002_il.Rd:14: Lost braces 14 | \item{CHP}{chp oy sayisi, the number of votes that the Republican People's Party (CHP) received} | ^ checkRd: (-1) genel_secim_2002_il.Rd:14: Lost braces 14 | \item{CHP}{chp oy sayisi, the number of votes that the Republican People's Party (CHP) received} | ^ checkRd: (-1) genel_secim_2002_il.Rd:15-39: Lost braces 15 | \item{CHP_\\%}{chp oy yuzdesi, the percentage of votes that the Republican People's Party (CHP) received} | ^ checkRd: (-1) genel_secim_2002_il.Rd:16: Lost braces 16 | \item{DYP}{dyp oy sayisi, the number of votes that the True Path Party (DYP) received} | ^ checkRd: (-1) genel_secim_2002_il.Rd:16: Lost braces 16 | \item{DYP}{dyp oy sayisi, the number of votes that the True Path Party (DYP) received} | ^ checkRd: (-1) genel_secim_2002_il.Rd:17-38: Lost braces 17 | \item{DYP_\\%}{dyp oy yuzdesi, the percentage of votes that the True Path Party (DYP) received} | ^ checkRd: (-1) genel_secim_2002_il.Rd:18: Lost braces 18 | \item{MHP}{mhp oy sayisi, the number of votes that the Nationalist Movement Party (MHP) received} | ^ checkRd: (-1) genel_secim_2002_il.Rd:18: Lost braces 18 | \item{MHP}{mhp oy sayisi, the number of votes that the Nationalist Movement Party (MHP) received} | ^ checkRd: (-1) genel_secim_2002_il.Rd:19-37: Lost braces 19 | \item{MHP_\\%}{mhp oy yuzdesi, the percentage of votes that the Nationalist Movement Party (MHP) received} | ^ checkRd: (-1) genel_secim_2002_il.Rd:20: Lost braces 20 | \item{GP}{gp oy sayisi, the number of votes that the Young Party (GP) received} | ^ checkRd: (-1) genel_secim_2002_il.Rd:20: Lost braces 20 | \item{GP}{gp oy sayisi, the number of votes that the Young Party (GP) received} | ^ checkRd: (-1) genel_secim_2002_il.Rd:21-26: Lost braces 21 | \item{GP_\\%}{gp oy yuzdesi, the percentage of votes that the Young Party (GP) received} | ^ checkRd: (-1) genel_secim_2002_il.Rd:22: Lost braces 22 | \item{Diger}{diger parti oy sayisi, the number of votes that other parties received} | ^ checkRd: (-1) genel_secim_2002_il.Rd:22: Lost braces 22 | \item{Diger}{diger parti oy sayisi, the number of votes that other parties received} | ^ checkRd: (-1) genel_secim_2002_il.Rd:23-25: Lost braces 23 | \item{Diger_\\%}{diger parti oy yuzdesi, the percentage of votes that other parties received} | ^ checkRd: (-1) genel_secim_2002_il.Rd:24: Lost braces 24 | \item{Toplam}{toplam oy sayisi, the total number of votes cast in each province} | ^ checkRd: (-1) genel_secim_2002_il.Rd:24: Lost braces 24 | \item{Toplam}{toplam oy sayisi, the total number of votes cast in each province} | ^ checkRd: (-1) genel_secim_2002_il.Rd:27-29: Lost braces 27 | \source{ | ^ checkRd: (-1) genel_secim_2002_il.Rd:30-32: Lost braces 30 | \usage{ | ^ checkRd: (-1) genel_secim_2002_il.Rd:33-35: Lost braces 33 | \description{ | ^ checkRd: (-1) genel_secim_2002_il.Rd:36: Lost braces; missing escapes or markup? 36 | \keyword{datasets} | ^ prepare_Rd: ./man/genel_secim_2007_il.Rd:14: unknown macro '\item' prepare_Rd: ./man/genel_secim_2007_il.Rd:15: unknown macro '\item' prepare_Rd: ./man/genel_secim_2007_il.Rd:16: unknown macro '\item' prepare_Rd: ./man/genel_secim_2007_il.Rd:17: unknown macro '\item' prepare_Rd: ./man/genel_secim_2007_il.Rd:18: unknown macro '\item' prepare_Rd: ./man/genel_secim_2007_il.Rd:19: unknown macro '\item' prepare_Rd: ./man/genel_secim_2007_il.Rd:20: unknown macro '\item' prepare_Rd: ./man/genel_secim_2007_il.Rd:21: unknown macro '\item' prepare_Rd: ./man/genel_secim_2007_il.Rd:22: unknown macro '\item' prepare_Rd: ./man/genel_secim_2007_il.Rd:25: unexpected section header '\source' prepare_Rd: ./man/genel_secim_2007_il.Rd:28: unexpected section header '\usage' prepare_Rd: ./man/genel_secim_2007_il.Rd:31: unexpected section header '\description' prepare_Rd: ./man/genel_secim_2007_il.Rd:34: unexpected section header '\keyword' prepare_Rd: ./man/genel_secim_2007_il.Rd:35: unexpected END_OF_INPUT ' ' prepare_Rd: bad markup (extra space?) at genel_secim_2007_il.Rd:37:1 checkRd: (-1) genel_secim_2007_il.Rd:14: Lost braces 14 | \item{CHP}{chp oy sayisi, the number of votes that the Republican People's Party (CHP) received} | ^ checkRd: (-1) genel_secim_2007_il.Rd:14: Lost braces 14 | \item{CHP}{chp oy sayisi, the number of votes that the Republican People's Party (CHP) received} | ^ checkRd: (-1) genel_secim_2007_il.Rd:15-36: Lost braces 15 | \item{CHP_\\%}{chp oy yuzdesi, the percentage of votes that the Republican People's Party (CHP) received} | ^ checkRd: (-1) genel_secim_2007_il.Rd:16: Lost braces 16 | \item{MHP}{mhp oy sayisi, the number of votes that the Nationalist Movement Party (MHP) received} | ^ checkRd: (-1) genel_secim_2007_il.Rd:16: Lost braces 16 | \item{MHP}{mhp oy sayisi, the number of votes that the Nationalist Movement Party (MHP) received} | ^ checkRd: (-1) genel_secim_2007_il.Rd:17-35: Lost braces 17 | \item{MHP_\\%}{mhp oy yuzdesi, the percentage of votes that the Nationalist Movement Party (MHP) received} | ^ checkRd: (-1) genel_secim_2007_il.Rd:18: Lost braces 18 | \item{DP}{dp oy sayisi, the number of votes that the Democratic Party (DP) received} | ^ checkRd: (-1) genel_secim_2007_il.Rd:18: Lost braces 18 | \item{DP}{dp oy sayisi, the number of votes that the Democratic Party (DP) received} | ^ checkRd: (-1) genel_secim_2007_il.Rd:19-24: Lost braces 19 | \item{DP_\\%}{dp oy yuzdesi, the percentage of votes that the Democratic Party (DP) received} | ^ checkRd: (-1) genel_secim_2007_il.Rd:20: Lost braces 20 | \item{Diger}{diger parti oy sayisi, the number of votes that other parties received} | ^ checkRd: (-1) genel_secim_2007_il.Rd:20: Lost braces 20 | \item{Diger}{diger parti oy sayisi, the number of votes that other parties received} | ^ checkRd: (-1) genel_secim_2007_il.Rd:21-23: Lost braces 21 | \item{Diger_\\%}{diger parti oy yuzdesi, the percentage of votes that other parties received} | ^ checkRd: (-1) genel_secim_2007_il.Rd:22: Lost braces 22 | \item{Toplam}{toplam oy sayisi, the total number of votes cast in each province} | ^ checkRd: (-1) genel_secim_2007_il.Rd:22: Lost braces 22 | \item{Toplam}{toplam oy sayisi, the total number of votes cast in each province} | ^ checkRd: (-1) genel_secim_2007_il.Rd:25-27: Lost braces 25 | \source{ | ^ checkRd: (-1) genel_secim_2007_il.Rd:28-30: Lost braces 28 | \usage{ | ^ checkRd: (-1) genel_secim_2007_il.Rd:31-33: Lost braces 31 | \description{ | ^ checkRd: (-1) genel_secim_2007_il.Rd:34: Lost braces; missing escapes or markup? 34 | \keyword{datasets} | ^ prepare_Rd: ./man/genel_secim_2011_il.Rd:14: unknown macro '\item' prepare_Rd: ./man/genel_secim_2011_il.Rd:15: unknown macro '\item' prepare_Rd: ./man/genel_secim_2011_il.Rd:16: unknown macro '\item' prepare_Rd: ./man/genel_secim_2011_il.Rd:17: unknown macro '\item' prepare_Rd: ./man/genel_secim_2011_il.Rd:18: unknown macro '\item' prepare_Rd: ./man/genel_secim_2011_il.Rd:19: unknown macro '\item' prepare_Rd: ./man/genel_secim_2011_il.Rd:20: unknown macro '\item' prepare_Rd: ./man/genel_secim_2011_il.Rd:21: unknown macro '\item' prepare_Rd: ./man/genel_secim_2011_il.Rd:22: unknown macro '\item' prepare_Rd: ./man/genel_secim_2011_il.Rd:25: unexpected section header '\source' prepare_Rd: ./man/genel_secim_2011_il.Rd:28: unexpected section header '\usage' prepare_Rd: ./man/genel_secim_2011_il.Rd:31: unexpected section header '\description' prepare_Rd: ./man/genel_secim_2011_il.Rd:34: unexpected section header '\keyword' prepare_Rd: ./man/genel_secim_2011_il.Rd:35: unexpected END_OF_INPUT ' ' prepare_Rd: bad markup (extra space?) at genel_secim_2011_il.Rd:37:1 checkRd: (-1) genel_secim_2011_il.Rd:14: Lost braces 14 | \item{CHP}{chp oy sayisi, the number of votes that the Republican People's Party (CHP) received} | ^ checkRd: (-1) genel_secim_2011_il.Rd:14: Lost braces 14 | \item{CHP}{chp oy sayisi, the number of votes that the Republican People's Party (CHP) received} | ^ checkRd: (-1) genel_secim_2011_il.Rd:15-36: Lost braces 15 | \item{CHP_\\%}{chp oy yuzdesi, the percentage of votes that the Republican People's Party (CHP) received} | ^ checkRd: (-1) genel_secim_2011_il.Rd:16: Lost braces 16 | \item{MHP}{mhp oy sayisi, the number of votes that the Nationalist Movement Party (MHP) received} | ^ checkRd: (-1) genel_secim_2011_il.Rd:16: Lost braces 16 | \item{MHP}{mhp oy sayisi, the number of votes that the Nationalist Movement Party (MHP) received} | ^ checkRd: (-1) genel_secim_2011_il.Rd:17-35: Lost braces 17 | \item{MHP_\\%}{mhp oy yuzdesi, the percentage of votes that the Nationalist Movement Party (MHP) received} | ^ checkRd: (-1) genel_secim_2011_il.Rd:18: Lost braces 18 | \item{Bagimsiz}{bagimsiz adaylarin oy sayisi, the number of votes that independent candidates received} | ^ checkRd: (-1) genel_secim_2011_il.Rd:18: Lost braces 18 | \item{Bagimsiz}{bagimsiz adaylarin oy sayisi, the number of votes that independent candidates received} | ^ checkRd: (-1) genel_secim_2011_il.Rd:19-24: Lost braces 19 | \item{Bagimsiz_\\%}{bagimsiz adaylarin oy yuzdesi, the percentage of votes that independent candidates received} | ^ checkRd: (-1) genel_secim_2011_il.Rd:20: Lost braces 20 | \item{Diger}{diger parti oy sayisi, the number of votes that other parties received} | ^ checkRd: (-1) genel_secim_2011_il.Rd:20: Lost braces 20 | \item{Diger}{diger parti oy sayisi, the number of votes that other parties received} | ^ checkRd: (-1) genel_secim_2011_il.Rd:21-23: Lost braces 21 | \item{Diger_\\%}{diger parti oy yuzdesi, the percentage of votes that other parties received} | ^ checkRd: (-1) genel_secim_2011_il.Rd:22: Lost braces 22 | \item{Toplam}{toplam oy sayisi, the total number of votes cast in each province} | ^ checkRd: (-1) genel_secim_2011_il.Rd:22: Lost braces 22 | \item{Toplam}{toplam oy sayisi, the total number of votes cast in each province} | ^ checkRd: (-1) genel_secim_2011_il.Rd:25-27: Lost braces 25 | \source{ | ^ checkRd: (-1) genel_secim_2011_il.Rd:28-30: Lost braces 28 | \usage{ | ^ checkRd: (-1) genel_secim_2011_il.Rd:31-33: Lost braces 31 | \description{ | ^ checkRd: (-1) genel_secim_2011_il.Rd:34: Lost braces; missing escapes or markup? 34 | \keyword{datasets} | ^ prepare_Rd: ./man/genel_secim_2018_il.Rd:14: unknown macro '\item' prepare_Rd: ./man/genel_secim_2018_il.Rd:15: unknown macro '\item' prepare_Rd: ./man/genel_secim_2018_il.Rd:16: unknown macro '\item' prepare_Rd: ./man/genel_secim_2018_il.Rd:17: unknown macro '\item' prepare_Rd: ./man/genel_secim_2018_il.Rd:18: unknown macro '\item' prepare_Rd: ./man/genel_secim_2018_il.Rd:19: unknown macro '\item' prepare_Rd: ./man/genel_secim_2018_il.Rd:20: unknown macro '\item' prepare_Rd: ./man/genel_secim_2018_il.Rd:21: unknown macro '\item' prepare_Rd: ./man/genel_secim_2018_il.Rd:22: unknown macro '\item' prepare_Rd: ./man/genel_secim_2018_il.Rd:25: unexpected section header '\source' prepare_Rd: ./man/genel_secim_2018_il.Rd:28: unexpected section header '\usage' prepare_Rd: ./man/genel_secim_2018_il.Rd:31: unexpected section header '\description' prepare_Rd: ./man/genel_secim_2018_il.Rd:34: unexpected section header '\keyword' prepare_Rd: ./man/genel_secim_2018_il.Rd:35: unexpected END_OF_INPUT ' ' prepare_Rd: bad markup (extra space?) at genel_secim_2018_il.Rd:37:1 checkRd: (-1) genel_secim_2018_il.Rd:14: Lost braces 14 | \item{CHP}{chp oy sayisi, the number of votes that the Republican People's Party (CHP) received} | ^ checkRd: (-1) genel_secim_2018_il.Rd:14: Lost braces 14 | \item{CHP}{chp oy sayisi, the number of votes that the Republican People's Party (CHP) received} | ^ checkRd: (-1) genel_secim_2018_il.Rd:15-36: Lost braces 15 | \item{CHP_\\%}{chp oy yuzdesi, the percentage of votes that the Republican People's Party (CHP) received} | ^ checkRd: (-1) genel_secim_2018_il.Rd:16: Lost braces 16 | \item{MHP}{mhp oy sayisi, the number of votes that the Nationalist Movement Party (MHP) received} | ^ checkRd: (-1) genel_secim_2018_il.Rd:16: Lost braces 16 | \item{MHP}{mhp oy sayisi, the number of votes that the Nationalist Movement Party (MHP) received} | ^ checkRd: (-1) genel_secim_2018_il.Rd:17-35: Lost braces 17 | \item{MHP_\\%}{mhp oy yuzdesi, the percentage of votes that the Nationalist Movement Party (MHP) received} | ^ checkRd: (-1) genel_secim_2018_il.Rd:18: Lost braces 18 | \item{HDP}{hdp oy sayisi, the number of votes that the Peoples' Democratic Party (HDP) received} | ^ checkRd: (-1) genel_secim_2018_il.Rd:18: Lost braces 18 | \item{HDP}{hdp oy sayisi, the number of votes that the Peoples' Democratic Party (HDP) received} | ^ checkRd: (-1) genel_secim_2018_il.Rd:19-24: Lost braces 19 | \item{HDP_\\%}{hdp oy yuzdesi, the percentage of votes that the Peoples' Democratic Party (HDP) received} | ^ checkRd: (-1) genel_secim_2018_il.Rd:20: Lost braces 20 | \item{IYI_Parti}{iyi parti oy sayisi, the number of votes that the Good Party (IYI Parti) received} | ^ checkRd: (-1) genel_secim_2018_il.Rd:20: Lost braces 20 | \item{IYI_Parti}{iyi parti oy sayisi, the number of votes that the Good Party (IYI Parti) received} | ^ checkRd: (-1) genel_secim_2018_il.Rd:21-23: Lost braces 21 | \item{IYI_Parti_\\%}{iyi parti oy yuzdesi, the percentage of votes that the Good Party (IYI Parti) received} | ^ checkRd: (-1) genel_secim_2018_il.Rd:22: Lost braces 22 | \item{Toplam}{toplam oy sayisi, the total number of votes cast in each province} | ^ checkRd: (-1) genel_secim_2018_il.Rd:22: Lost braces 22 | \item{Toplam}{toplam oy sayisi, the total number of votes cast in each province} | ^ checkRd: (-1) genel_secim_2018_il.Rd:25-27: Lost braces 25 | \source{ | ^ checkRd: (-1) genel_secim_2018_il.Rd:28-30: Lost braces 28 | \usage{ | ^ checkRd: (-1) genel_secim_2018_il.Rd:31-33: Lost braces 31 | \description{ | ^ checkRd: (-1) genel_secim_2018_il.Rd:34: Lost braces; missing escapes or markup? 34 | \keyword{datasets} | ^ prepare_Rd: ./man/genel_secim_2023_il.Rd:45: unknown macro '\item' prepare_Rd: ./man/genel_secim_2023_il.Rd:46: unknown macro '\item' prepare_Rd: ./man/genel_secim_2023_il.Rd:47: unknown macro '\item' prepare_Rd: ./man/genel_secim_2023_il.Rd:48: unknown macro '\item' prepare_Rd: ./man/genel_secim_2023_il.Rd:49: unknown macro '\item' prepare_Rd: ./man/genel_secim_2023_il.Rd:50: unknown macro '\item' prepare_Rd: ./man/genel_secim_2023_il.Rd:51: unknown macro '\item' prepare_Rd: ./man/genel_secim_2023_il.Rd:52: unknown macro '\item' prepare_Rd: ./man/genel_secim_2023_il.Rd:53: unknown macro '\item' prepare_Rd: ./man/genel_secim_2023_il.Rd:54: unknown macro '\item' prepare_Rd: ./man/genel_secim_2023_il.Rd:55: unknown macro '\item' prepare_Rd: ./man/genel_secim_2023_il.Rd:56: unknown macro '\item' prepare_Rd: ./man/genel_secim_2023_il.Rd:57: unknown macro '\item' prepare_Rd: ./man/genel_secim_2023_il.Rd:58: unknown macro '\item' prepare_Rd: ./man/genel_secim_2023_il.Rd:59: unknown macro '\item' prepare_Rd: ./man/genel_secim_2023_il.Rd:60: unknown macro '\item' prepare_Rd: ./man/genel_secim_2023_il.Rd:61: unknown macro '\item' prepare_Rd: ./man/genel_secim_2023_il.Rd:62: unknown macro '\item' prepare_Rd: ./man/genel_secim_2023_il.Rd:63: unknown macro '\item' prepare_Rd: ./man/genel_secim_2023_il.Rd:64: unknown macro '\item' prepare_Rd: ./man/genel_secim_2023_il.Rd:65: unknown macro '\item' prepare_Rd: ./man/genel_secim_2023_il.Rd:66: unknown macro '\item' prepare_Rd: ./man/genel_secim_2023_il.Rd:67: unknown macro '\item' prepare_Rd: ./man/genel_secim_2023_il.Rd:68: unknown macro '\item' prepare_Rd: ./man/genel_secim_2023_il.Rd:69: unknown macro '\item' prepare_Rd: ./man/genel_secim_2023_il.Rd:70: unknown macro '\item' prepare_Rd: ./man/genel_secim_2023_il.Rd:71: unknown macro '\item' prepare_Rd: ./man/genel_secim_2023_il.Rd:72: unknown macro '\item' prepare_Rd: ./man/genel_secim_2023_il.Rd:73: unknown macro '\item' prepare_Rd: ./man/genel_secim_2023_il.Rd:76: unexpected section header '\source' prepare_Rd: ./man/genel_secim_2023_il.Rd:79: unexpected section header '\usage' prepare_Rd: ./man/genel_secim_2023_il.Rd:82: unexpected section header '\description' prepare_Rd: ./man/genel_secim_2023_il.Rd:85: unexpected section header '\keyword' prepare_Rd: ./man/genel_secim_2023_il.Rd:86: unexpected END_OF_INPUT ' ' prepare_Rd: bad markup (extra space?) at genel_secim_2023_il.Rd:113:1 checkRd: (-1) genel_secim_2023_il.Rd:45-112: Lost braces 45 | \item{HAK-PAR_\\%}{hak-par'in oy yuzdesi, the percentage of votes the Rights and Freedoms Party received} | ^ checkRd: (-1) genel_secim_2023_il.Rd:46-111: Lost braces 46 | \item{TKP_\\%}{tkp'nin oy yuzdesi, the percentage of votes the Communist Party of Turkey received} | ^ checkRd: (-1) genel_secim_2023_il.Rd:47-110: Lost braces 47 | \item{TKH_\\%}{tkh'nin oy yuzdesi, the percentage of votes the People's Liberation Party received} | ^ checkRd: (-1) genel_secim_2023_il.Rd:48-109: Lost braces 48 | \item{SOL_PARTI_\\%}{sol parti'nin oy yuzdesi, the percentage of votes the Left Party received} | ^ checkRd: (-1) genel_secim_2023_il.Rd:49-108: Lost braces 49 | \item{GENCPARTI_\\%}{gencparti'nin oy yuzdesi, the percentage of votes the Young Party received} | ^ checkRd: (-1) genel_secim_2023_il.Rd:50-107: Lost braces 50 | \item{MEMLEKET_\\%}{memleket partisinin oy yuzdesi, the percentage of votes the Homeland Party received} | ^ checkRd: (-1) genel_secim_2023_il.Rd:51-106: Lost braces 51 | \item{BBP_\\%}{bbp'nin oy yuzdesi, the percentage of votes the Great Unity Party received} | ^ checkRd: (-1) genel_secim_2023_il.Rd:52-105: Lost braces 52 | \item{AK_Parti_\\%}{ak parti'nin oy yuzdesi, the percentage of votes the Justice and Development Party received} | ^ checkRd: (-1) genel_secim_2023_il.Rd:53-104: Lost braces 53 | \item{YENIDEN_REFAH_\\%}{yeniden refah partisinin oy yuzdesi, the percentage of votes the Refah Party received} | ^ checkRd: (-1) genel_secim_2023_il.Rd:54-103: Lost braces 54 | \item{MHP_\\%}{mhp'nin oy yuzdesi, the percentage of votes the Nationalist Movement Party received} | ^ checkRd: (-1) genel_secim_2023_il.Rd:55-102: Lost braces 55 | \item{YESIL_SOL_PARTI_\\%}{yesil sol partinin oy yuzdesi, the percentage of votes the Green Left Party received} | ^ checkRd: (-1) genel_secim_2023_il.Rd:56-101: Lost braces 56 | \item{TIP_\\%}{tip'in oy yuzdesi, the percentage of votes the Labour Party received} | ^ checkRd: (-1) genel_secim_2023_il.Rd:57-100: Lost braces 57 | \item{AB_\\%}{ab'nin oy yuzdesi, the percentage of votes the Bloc Party received} | ^ checkRd: (-1) genel_secim_2023_il.Rd:58-99: Lost braces 58 | \item{ANAP_\\%}{anap'in oy yuzdesi, the percentage of votes the Motherland Party received} | ^ checkRd: (-1) genel_secim_2023_il.Rd:59-98: Lost braces 59 | \item{YP_\\%}{yp'nin oy yuzdesi, the percentage of votes the New Path Party received} | ^ checkRd: (-1) genel_secim_2023_il.Rd:60-97: Lost braces 60 | \item{HKP_\\%}{hkp'nin oy yuzdesi, the percentage of votes the People's Liberation Party received} | ^ checkRd: (-1) genel_secim_2023_il.Rd:61-96: Lost braces 61 | \item{MILLI_YOL_\\%}{milli yol'un oy yuzdesi, the percentage of votes the National Course Party received} | ^ checkRd: (-1) genel_secim_2023_il.Rd:62-95: Lost braces 62 | \item{VATAN_PARTISI_\\%}{vatan partisinin oy yuzdesi, the percentage of votes the Homeland Party received} | ^ checkRd: (-1) genel_secim_2023_il.Rd:63-94: Lost braces 63 | \item{GBP_\\%}{gbp'nin oy yuzdesi, the percentage of votes the Independent Turkey Party received} | ^ checkRd: (-1) genel_secim_2023_il.Rd:64-93: Lost braces 64 | \item{CHP_\\%}{chp'nin oy yuzdesi, the percentage of votes the Republican People's Party received} | ^ checkRd: (-1) genel_secim_2023_il.Rd:65-92: Lost braces 65 | \item{IYI_Parti_\\%}{iyi parti'nin oy yuzdesi, the percentage of votes the Good Party received} | ^ checkRd: (-1) genel_secim_2023_il.Rd:66-91: Lost braces 66 | \item{AP_\\%}{ap'nin oy yuzdesi, the percentage of votes the Alternative Party received} | ^ checkRd: (-1) genel_secim_2023_il.Rd:67-90: Lost braces 67 | \item{ZAFER_PARTISI_\\%}{zafer partisinin oy yuzdesi, the percentage of votes the Victory Party received} | ^ checkRd: (-1) genel_secim_2023_il.Rd:68-89: Lost braces 68 | \item{SOSYALIST_GUC_BIRLIGI_ITTIFAKI_\\%}{sosyalist guc birligi ittifakinin oy yuzdesi, the percentage of votes the Socialist Power Union Alliance received} | ^ checkRd: (-1) genel_secim_2023_il.Rd:69-88: Lost braces 69 | \item{CUMHUR_ITTIFAKI_\\%}{cumhur ittifakinin oy yuzdesi, the percentage of votes the People's Alliance received} | ^ checkRd: (-1) genel_secim_2023_il.Rd:70-87: Lost braces 70 | \item{EMEK_VE_OZGURLUK_ITTIFAKI_\\%}{emek ve ozgurluk ittifakinin oy yuzdesi, the percentage of votes the Labour and Freedom Alliance received} | ^ checkRd: (-1) genel_secim_2023_il.Rd:71-86: Lost braces 71 | \item{MILLET_ITTIFAKI_\\%}{millet ittifakinin oy yuzdesi, the percentage of votes the Nation Alliance received} | ^ checkRd: (-1) genel_secim_2023_il.Rd:72-75: Lost braces 72 | \item{ATA_ITTIFAKI_\\%}{ata ittifakinin oy yuzdesi, the percentage of votes the Ancestor Alliance received} | ^ checkRd: (-1) genel_secim_2023_il.Rd:73-74: Lost braces 73 | \item{BAGIMSIZ_TOPLAM_OY_\\%}{bagimsiz adaylarin toplam oy yuzdesi, the percentage of votes independent candidates received} | ^ checkRd: (-1) genel_secim_2023_il.Rd:76-78: Lost braces 76 | \source{ | ^ checkRd: (-1) genel_secim_2023_il.Rd:79-81: Lost braces 79 | \usage{ | ^ checkRd: (-1) genel_secim_2023_il.Rd:82-84: Lost braces 82 | \description{ | ^ checkRd: (-1) genel_secim_2023_il.Rd:85: Lost braces; missing escapes or markup? 85 | \keyword{datasets} | ^ prepare_Rd: ./man/genel_secim_haziran_2015_il.Rd:14: unknown macro '\item' prepare_Rd: ./man/genel_secim_haziran_2015_il.Rd:15: unknown macro '\item' prepare_Rd: ./man/genel_secim_haziran_2015_il.Rd:16: unknown macro '\item' prepare_Rd: ./man/genel_secim_haziran_2015_il.Rd:17: unknown macro '\item' prepare_Rd: ./man/genel_secim_haziran_2015_il.Rd:18: unknown macro '\item' prepare_Rd: ./man/genel_secim_haziran_2015_il.Rd:19: unknown macro '\item' prepare_Rd: ./man/genel_secim_haziran_2015_il.Rd:20: unknown macro '\item' prepare_Rd: ./man/genel_secim_haziran_2015_il.Rd:21: unknown macro '\item' prepare_Rd: ./man/genel_secim_haziran_2015_il.Rd:22: unknown macro '\item' prepare_Rd: ./man/genel_secim_haziran_2015_il.Rd:25: unexpected section header '\source' prepare_Rd: ./man/genel_secim_haziran_2015_il.Rd:28: unexpected section header '\usage' prepare_Rd: ./man/genel_secim_haziran_2015_il.Rd:31: unexpected section header '\description' prepare_Rd: ./man/genel_secim_haziran_2015_il.Rd:34: unexpected section header '\keyword' prepare_Rd: ./man/genel_secim_haziran_2015_il.Rd:35: unexpected END_OF_INPUT ' ' prepare_Rd: bad markup (extra space?) at genel_secim_haziran_2015_il.Rd:37:1 checkRd: (-1) genel_secim_haziran_2015_il.Rd:14: Lost braces 14 | \item{CHP}{chp oy sayisi, the number of votes that the Republican People's Party (CHP) received} | ^ checkRd: (-1) genel_secim_haziran_2015_il.Rd:14: Lost braces 14 | \item{CHP}{chp oy sayisi, the number of votes that the Republican People's Party (CHP) received} | ^ checkRd: (-1) genel_secim_haziran_2015_il.Rd:15-36: Lost braces 15 | \item{CHP_\\%}{chp oy yuzdesi, the percentage of votes that the Republican People's Party (CHP) received} | ^ checkRd: (-1) genel_secim_haziran_2015_il.Rd:16: Lost braces 16 | \item{MHP}{mhp oy sayisi, the number of votes that the Nationalist Movement Party (MHP) received} | ^ checkRd: (-1) genel_secim_haziran_2015_il.Rd:16: Lost braces 16 | \item{MHP}{mhp oy sayisi, the number of votes that the Nationalist Movement Party (MHP) received} | ^ checkRd: (-1) genel_secim_haziran_2015_il.Rd:17-35: Lost braces 17 | \item{MHP_\\%}{mhp oy yuzdesi, the percentage of votes that the Nationalist Movement Party (MHP) received} | ^ checkRd: (-1) genel_secim_haziran_2015_il.Rd:18: Lost braces 18 | \item{HDP}{hdp oy sayisi, the number of votes that the Peoples' Democratic Party (HDP) received} | ^ checkRd: (-1) genel_secim_haziran_2015_il.Rd:18: Lost braces 18 | \item{HDP}{hdp oy sayisi, the number of votes that the Peoples' Democratic Party (HDP) received} | ^ checkRd: (-1) genel_secim_haziran_2015_il.Rd:19-24: Lost braces 19 | \item{HDP_\\%}{hdp oy yuzdesi, the percentage of votes that the Peoples' Democratic Party (HDP) received} | ^ checkRd: (-1) genel_secim_haziran_2015_il.Rd:20: Lost braces 20 | \item{Diger}{diger parti oy sayisi, the number of votes that other parties received} | ^ checkRd: (-1) genel_secim_haziran_2015_il.Rd:20: Lost braces 20 | \item{Diger}{diger parti oy sayisi, the number of votes that other parties received} | ^ checkRd: (-1) genel_secim_haziran_2015_il.Rd:21-23: Lost braces 21 | \item{Diger_\\%}{diger parti oy yuzdesi, the percentage of votes that other parties received} | ^ checkRd: (-1) genel_secim_haziran_2015_il.Rd:22: Lost braces 22 | \item{Toplam}{toplam oy sayisi, the total number of votes cast in each province} | ^ checkRd: (-1) genel_secim_haziran_2015_il.Rd:22: Lost braces 22 | \item{Toplam}{toplam oy sayisi, the total number of votes cast in each province} | ^ checkRd: (-1) genel_secim_haziran_2015_il.Rd:25-27: Lost braces 25 | \source{ | ^ checkRd: (-1) genel_secim_haziran_2015_il.Rd:28-30: Lost braces 28 | \usage{ | ^ checkRd: (-1) genel_secim_haziran_2015_il.Rd:31-33: Lost braces 31 | \description{ | ^ checkRd: (-1) genel_secim_haziran_2015_il.Rd:34: Lost braces; missing escapes or markup? 34 | \keyword{datasets} | ^ prepare_Rd: ./man/genel_secim_kasim_2015_il.Rd:14: unknown macro '\item' prepare_Rd: ./man/genel_secim_kasim_2015_il.Rd:15: unknown macro '\item' prepare_Rd: ./man/genel_secim_kasim_2015_il.Rd:16: unknown macro '\item' prepare_Rd: ./man/genel_secim_kasim_2015_il.Rd:17: unknown macro '\item' prepare_Rd: ./man/genel_secim_kasim_2015_il.Rd:18: unknown macro '\item' prepare_Rd: ./man/genel_secim_kasim_2015_il.Rd:19: unknown macro '\item' prepare_Rd: ./man/genel_secim_kasim_2015_il.Rd:20: unknown macro '\item' prepare_Rd: ./man/genel_secim_kasim_2015_il.Rd:23: unexpected section header '\source' prepare_Rd: ./man/genel_secim_kasim_2015_il.Rd:26: unexpected section header '\usage' prepare_Rd: ./man/genel_secim_kasim_2015_il.Rd:29: unexpected section header '\description' prepare_Rd: ./man/genel_secim_kasim_2015_il.Rd:32: unexpected section header '\keyword' prepare_Rd: ./man/genel_secim_kasim_2015_il.Rd:33: unexpected END_OF_INPUT ' ' prepare_Rd: bad markup (extra space?) at genel_secim_kasim_2015_il.Rd:34:1 checkRd: (-1) genel_secim_kasim_2015_il.Rd:14: Lost braces 14 | \item{CHP}{chp oy sayisi, the number of votes that the Republican People's Party (CHP) received} | ^ checkRd: (-1) genel_secim_kasim_2015_il.Rd:14: Lost braces 14 | \item{CHP}{chp oy sayisi, the number of votes that the Republican People's Party (CHP) received} | ^ checkRd: (-1) genel_secim_kasim_2015_il.Rd:15-33: Lost braces 15 | \item{CHP_\\%}{chp oy yuzdesi, the percentage of votes that the Republican People's Party (CHP) received} | ^ checkRd: (-1) genel_secim_kasim_2015_il.Rd:16: Lost braces 16 | \item{MHP}{mhp oy sayisi, the number of votes that the Nationalist Movement Party (MHP) received} | ^ checkRd: (-1) genel_secim_kasim_2015_il.Rd:16: Lost braces 16 | \item{MHP}{mhp oy sayisi, the number of votes that the Nationalist Movement Party (MHP) received} | ^ checkRd: (-1) genel_secim_kasim_2015_il.Rd:17-22: Lost braces 17 | \item{MHP_\\%}{mhp oy yuzdesi, the percentage of votes that the Nationalist Movement Party (MHP) received} | ^ checkRd: (-1) genel_secim_kasim_2015_il.Rd:18: Lost braces 18 | \item{HDP}{hdp oy sayisi, the number of votes that the Peoples' Democratic Party (HDP) received} | ^ checkRd: (-1) genel_secim_kasim_2015_il.Rd:18: Lost braces 18 | \item{HDP}{hdp oy sayisi, the number of votes that the Peoples' Democratic Party (HDP) received} | ^ checkRd: (-1) genel_secim_kasim_2015_il.Rd:19-21: Lost braces 19 | \item{HDP_\\%}{hdp oy yuzdesi, the percentage of votes that the Peoples' Democratic Party (HDP) received} | ^ checkRd: (-1) genel_secim_kasim_2015_il.Rd:20: Lost braces 20 | \item{Toplam}{toplam oy sayisi, the total number of votes cast in each province} | ^ checkRd: (-1) genel_secim_kasim_2015_il.Rd:20: Lost braces 20 | \item{Toplam}{toplam oy sayisi, the total number of votes cast in each province} | ^ checkRd: (-1) genel_secim_kasim_2015_il.Rd:23-25: Lost braces 23 | \source{ | ^ checkRd: (-1) genel_secim_kasim_2015_il.Rd:26-28: Lost braces 26 | \usage{ | ^ checkRd: (-1) genel_secim_kasim_2015_il.Rd:29-31: Lost braces 29 | \description{ | ^ checkRd: (-1) genel_secim_kasim_2015_il.Rd:32: Lost braces; missing escapes or markup? 32 | \keyword{datasets} | ^ prepare_Rd: ./man/yerel_secim_2009_il.Rd:35: unknown macro '\item' prepare_Rd: ./man/yerel_secim_2009_il.Rd:36: unknown macro '\item' prepare_Rd: ./man/yerel_secim_2009_il.Rd:37: unknown macro '\item' prepare_Rd: ./man/yerel_secim_2009_il.Rd:38: unknown macro '\item' prepare_Rd: ./man/yerel_secim_2009_il.Rd:39: unknown macro '\item' prepare_Rd: ./man/yerel_secim_2009_il.Rd:40: unknown macro '\item' prepare_Rd: ./man/yerel_secim_2009_il.Rd:41: unknown macro '\item' prepare_Rd: ./man/yerel_secim_2009_il.Rd:42: unknown macro '\item' prepare_Rd: ./man/yerel_secim_2009_il.Rd:43: unknown macro '\item' prepare_Rd: ./man/yerel_secim_2009_il.Rd:44: unknown macro '\item' prepare_Rd: ./man/yerel_secim_2009_il.Rd:45: unknown macro '\item' prepare_Rd: ./man/yerel_secim_2009_il.Rd:46: unknown macro '\item' prepare_Rd: ./man/yerel_secim_2009_il.Rd:47: unknown macro '\item' prepare_Rd: ./man/yerel_secim_2009_il.Rd:48: unknown macro '\item' prepare_Rd: ./man/yerel_secim_2009_il.Rd:49: unknown macro '\item' prepare_Rd: ./man/yerel_secim_2009_il.Rd:50: unknown macro '\item' prepare_Rd: ./man/yerel_secim_2009_il.Rd:51: unknown macro '\item' prepare_Rd: ./man/yerel_secim_2009_il.Rd:52: unknown macro '\item' prepare_Rd: ./man/yerel_secim_2009_il.Rd:53: unknown macro '\item' prepare_Rd: ./man/yerel_secim_2009_il.Rd:56: unexpected section header '\source' prepare_Rd: ./man/yerel_secim_2009_il.Rd:59: unexpected section header '\usage' prepare_Rd: ./man/yerel_secim_2009_il.Rd:62: unexpected section header '\description' prepare_Rd: ./man/yerel_secim_2009_il.Rd:65: unexpected section header '\keyword' prepare_Rd: ./man/yerel_secim_2009_il.Rd:66: unexpected END_OF_INPUT ' ' prepare_Rd: bad markup (extra space?) at yerel_secim_2009_il.Rd:83:1 checkRd: (-1) yerel_secim_2009_il.Rd:35-82: Lost braces 35 | \item{MHP_\\%}{mhp'nin oy yuzdesi, the percentage of votes received by the Nationalist Movement Party (MHP) in each province} | ^ checkRd: (-1) yerel_secim_2009_il.Rd:36-81: Lost braces 36 | \item{LDP_\\%}{ldp'nin oy yuzdesi, the percentage of votes received by the Liberal Democratic Party (LDP) in each province} | ^ checkRd: (-1) yerel_secim_2009_il.Rd:37-80: Lost braces 37 | \item{DSP_\\%}{dsp'nin oy yuzdesi, the percentage of votes received by the Democratic Left Party (DSP) in each province} | ^ checkRd: (-1) yerel_secim_2009_il.Rd:38-79: Lost braces 38 | \item{DTP_\\%}{dtp'nin oy yuzdesi, the percentage of votes received by the Democratic Society Party (DTP) in each province} | ^ checkRd: (-1) yerel_secim_2009_il.Rd:39-78: Lost braces 39 | \item{IP_\\%}{ip'nin oy yuzdesi, the percentage of votes received by the Independent Turkey Party (IP) in each province} | ^ checkRd: (-1) yerel_secim_2009_il.Rd:40-77: Lost braces 40 | \item{CHP_\\%}{chp'nin oy yuzdesi, the percentage of votes received by the Republican People's Party (CHP) in each province} | ^ checkRd: (-1) yerel_secim_2009_il.Rd:41-76: Lost braces 41 | \item{HAK-PAR_\\%}{hak-par'in oy yuzdesi, the percentage of votes received by the Rights and Freedoms Party (HAK-PAR) in each province} | ^ checkRd: (-1) yerel_secim_2009_il.Rd:42-75: Lost braces 42 | \item{BBP_\\%}{bbp'nin oy yuzdesi, the percentage of votes received by the Great Unity Party (BBP) in each province} | ^ checkRd: (-1) yerel_secim_2009_il.Rd:43-74: Lost braces 43 | \item{BDP_\\%}{bdp'nin oy yuzdesi, the percentage of votes received by the Peace and Democracy Party (BDP) in each province} | ^ checkRd: (-1) yerel_secim_2009_il.Rd:44-73: Lost braces 44 | \item{MILLET_\\%}{millet partisinin oy yuzdesi, the percentage of votes received by the Nation Party (MILLET) in each province} | ^ checkRd: (-1) yerel_secim_2009_il.Rd:45-72: Lost braces 45 | \item{ODP_\\%}{odp'nin oy yuzdesi, the percentage of votes received by the Freedom and Solidarity Party (ODP) in each province} | ^ checkRd: (-1) yerel_secim_2009_il.Rd:46-71: Lost braces 46 | \item{TKP_\\%}{tkp'nin oy yuzdesi, the percentage of votes received by the Communist Party of Turkey (TKP) in each province} | ^ checkRd: (-1) yerel_secim_2009_il.Rd:47-70: Lost braces 47 | \item{DP_\\%}{dp'nin oy yuzdesi, the percentage of votes received by the Democratic Party (DP) in each province} | ^ checkRd: (-1) yerel_secim_2009_il.Rd:48-69: Lost braces 48 | \item{SAADET_\\%}{saadet partisinin oy yuzdesi, the percentage of votes received by the Felicity Party (SAADET) in each province} | ^ checkRd: (-1) yerel_secim_2009_il.Rd:49-68: Lost braces 49 | \item{AK_PARTI_\\%}{ak parti'nin oy yuzdesi, the percentage of votes received by the Justice and Development Party (AK PARTI) in each province} | ^ checkRd: (-1) yerel_secim_2009_il.Rd:50-67: Lost braces 50 | \item{BTP_\\%}{btp'nin oy yuzdesi, the percentage of votes received by the Independent Turkey Party (BTP) in each province} | ^ checkRd: (-1) yerel_secim_2009_il.Rd:51-66: Lost braces 51 | \item{EMEP_\\%}{emep'in oy yuzdesi, the percentage of votes received by the Labour Party (EMEP) in each province} | ^ checkRd: (-1) yerel_secim_2009_il.Rd:52-55: Lost braces 52 | \item{HYP_\\%}{hyp'nin oy yuzdesi, the percentage of votes received by the People's Ascent Party (HYP) in each province} | ^ checkRd: (-1) yerel_secim_2009_il.Rd:53-54: Lost braces 53 | \item{BAGIMSIZ_TOPLAM_OY_\\%}{bagimsiz adaylarin toplam oy yuzdesi, the total percentage of votes received by independent candidates in each province} | ^ checkRd: (-1) yerel_secim_2009_il.Rd:56-58: Lost braces 56 | \source{ | ^ checkRd: (-1) yerel_secim_2009_il.Rd:59-61: Lost braces 59 | \usage{ | ^ checkRd: (-1) yerel_secim_2009_il.Rd:62-64: Lost braces 62 | \description{ | ^ checkRd: (-1) yerel_secim_2009_il.Rd:65: Lost braces; missing escapes or markup? 65 | \keyword{datasets} | ^ prepare_Rd: ./man/yerel_secim_2014_il.Rd:16: unknown macro '\item' prepare_Rd: ./man/yerel_secim_2014_il.Rd:17: unknown macro '\item' prepare_Rd: ./man/yerel_secim_2014_il.Rd:18: unknown macro '\item' prepare_Rd: ./man/yerel_secim_2014_il.Rd:19: unknown macro '\item' prepare_Rd: ./man/yerel_secim_2014_il.Rd:20: unknown macro '\item' prepare_Rd: ./man/yerel_secim_2014_il.Rd:21: unknown macro '\item' prepare_Rd: ./man/yerel_secim_2014_il.Rd:22: unknown macro '\item' prepare_Rd: ./man/yerel_secim_2014_il.Rd:23: unknown macro '\item' prepare_Rd: ./man/yerel_secim_2014_il.Rd:24: unknown macro '\item' prepare_Rd: ./man/yerel_secim_2014_il.Rd:25: unknown macro '\item' prepare_Rd: ./man/yerel_secim_2014_il.Rd:26: unknown macro '\item' prepare_Rd: ./man/yerel_secim_2014_il.Rd:27: unknown macro '\item' prepare_Rd: ./man/yerel_secim_2014_il.Rd:28: unknown macro '\item' prepare_Rd: ./man/yerel_secim_2014_il.Rd:29: unknown macro '\item' prepare_Rd: ./man/yerel_secim_2014_il.Rd:30: unknown macro '\item' prepare_Rd: ./man/yerel_secim_2014_il.Rd:31: unknown macro '\item' prepare_Rd: ./man/yerel_secim_2014_il.Rd:32: unknown macro '\item' prepare_Rd: ./man/yerel_secim_2014_il.Rd:33: unknown macro '\item' prepare_Rd: ./man/yerel_secim_2014_il.Rd:34: unknown macro '\item' prepare_Rd: ./man/yerel_secim_2014_il.Rd:35: unknown macro '\item' prepare_Rd: ./man/yerel_secim_2014_il.Rd:36: unknown macro '\item' prepare_Rd: ./man/yerel_secim_2014_il.Rd:37: unknown macro '\item' prepare_Rd: ./man/yerel_secim_2014_il.Rd:38: unknown macro '\item' prepare_Rd: ./man/yerel_secim_2014_il.Rd:39: unknown macro '\item' prepare_Rd: ./man/yerel_secim_2014_il.Rd:40: unknown macro '\item' prepare_Rd: ./man/yerel_secim_2014_il.Rd:41: unknown macro '\item' prepare_Rd: ./man/yerel_secim_2014_il.Rd:42: unknown macro '\item' prepare_Rd: ./man/yerel_secim_2014_il.Rd:43: unknown macro '\item' prepare_Rd: ./man/yerel_secim_2014_il.Rd:44: unknown macro '\item' prepare_Rd: ./man/yerel_secim_2014_il.Rd:45: unknown macro '\item' prepare_Rd: ./man/yerel_secim_2014_il.Rd:46: unknown macro '\item' prepare_Rd: ./man/yerel_secim_2014_il.Rd:47: unknown macro '\item' prepare_Rd: ./man/yerel_secim_2014_il.Rd:48: unknown macro '\item' prepare_Rd: ./man/yerel_secim_2014_il.Rd:49: unknown macro '\item' prepare_Rd: ./man/yerel_secim_2014_il.Rd:50: unknown macro '\item' prepare_Rd: ./man/yerel_secim_2014_il.Rd:51: unknown macro '\item' prepare_Rd: ./man/yerel_secim_2014_il.Rd:52: unknown macro '\item' prepare_Rd: ./man/yerel_secim_2014_il.Rd:53: unknown macro '\item' prepare_Rd: ./man/yerel_secim_2014_il.Rd:54: unknown macro '\item' prepare_Rd: ./man/yerel_secim_2014_il.Rd:55: unknown macro '\item' prepare_Rd: ./man/yerel_secim_2014_il.Rd:56: unknown macro '\item' prepare_Rd: ./man/yerel_secim_2014_il.Rd:57: unknown macro '\item' prepare_Rd: ./man/yerel_secim_2014_il.Rd:58: unknown macro '\item' prepare_Rd: ./man/yerel_secim_2014_il.Rd:59: unknown macro '\item' prepare_Rd: ./man/yerel_secim_2014_il.Rd:60: unknown macro '\item' prepare_Rd: ./man/yerel_secim_2014_il.Rd:61: unknown macro '\item' prepare_Rd: ./man/yerel_secim_2014_il.Rd:64: unexpected section header '\source' prepare_Rd: ./man/yerel_secim_2014_il.Rd:67: unexpected section header '\usage' prepare_Rd: ./man/yerel_secim_2014_il.Rd:70: unexpected section header '\description' prepare_Rd: ./man/yerel_secim_2014_il.Rd:73: unexpected section header '\keyword' prepare_Rd: ./man/yerel_secim_2014_il.Rd:74: unexpected END_OF_INPUT ' ' prepare_Rd: bad markup (extra space?) at yerel_secim_2014_il.Rd:95:1 checkRd: (-1) yerel_secim_2014_il.Rd:16: Lost braces 16 | \item{DSP}{dsp'nin oy sayisi, the number of votes the Democratic Left Party (DSP) received in each province} | ^ checkRd: (-1) yerel_secim_2014_il.Rd:16: Lost braces 16 | \item{DSP}{dsp'nin oy sayisi, the number of votes the Democratic Left Party (DSP) received in each province} | ^ checkRd: (-1) yerel_secim_2014_il.Rd:17-94: Lost braces 17 | \item{DSP_\\%}{dsp'nin oy yuzdesi, the percentage of votes the Democratic Left Party (DSP) received in each province} | ^ checkRd: (-1) yerel_secim_2014_il.Rd:18: Lost braces 18 | \item{DYP}{dyp'nin oy sayisi, the number of votes the True Path Party (DYP) received in each province} | ^ checkRd: (-1) yerel_secim_2014_il.Rd:18: Lost braces 18 | \item{DYP}{dyp'nin oy sayisi, the number of votes the True Path Party (DYP) received in each province} | ^ checkRd: (-1) yerel_secim_2014_il.Rd:19-93: Lost braces 19 | \item{DYP_\\%}{dyp'nin oy yuzdesi, the percentage of votes the True Path Party (DYP) received in each province} | ^ checkRd: (-1) yerel_secim_2014_il.Rd:20: Lost braces 20 | \item{TURK_PARTI}{turk partisi'nin oy sayisi, the number of votes the Turkish Party received in each province} | ^ checkRd: (-1) yerel_secim_2014_il.Rd:20: Lost braces 20 | \item{TURK_PARTI}{turk partisi'nin oy sayisi, the number of votes the Turkish Party received in each province} | ^ checkRd: (-1) yerel_secim_2014_il.Rd:21-92: Lost braces 21 | \item{TURK_PARTI_\\%}{turk partisi'nin oy yuzdesi, the percentage of votes the Turkish Party received in each province} | ^ checkRd: (-1) yerel_secim_2014_il.Rd:22: Lost braces 22 | \item{HKP}{hkp'nin oy sayisi, the number of votes the People's Liberation Party (HKP) received in each province} | ^ checkRd: (-1) yerel_secim_2014_il.Rd:22: Lost braces 22 | \item{HKP}{hkp'nin oy sayisi, the number of votes the People's Liberation Party (HKP) received in each province} | ^ checkRd: (-1) yerel_secim_2014_il.Rd:23-91: Lost braces 23 | \item{HKP_\\%}{hkp'nin oy yuzdesi, the percentage of votes the People's Liberation Party (HKP) received in each province} | ^ checkRd: (-1) yerel_secim_2014_il.Rd:24: Lost braces 24 | \item{TKP}{tkp'nin oy sayisi, the number of votes the Communist Party of Turkey (TKP) received in each province} | ^ checkRd: (-1) yerel_secim_2014_il.Rd:24: Lost braces 24 | \item{TKP}{tkp'nin oy sayisi, the number of votes the Communist Party of Turkey (TKP) received in each province} | ^ checkRd: (-1) yerel_secim_2014_il.Rd:25-90: Lost braces 25 | \item{TKP_\\%}{tkp'nin oy yuzdesi, the percentage of votes the Communist Party of Turkey (TKP) received in each province} | ^ checkRd: (-1) yerel_secim_2014_il.Rd:26: Lost braces 26 | \item{BBP}{bbp'nin oy sayisi, the number of votes the Great Unity Party (BBP) received in each province} | ^ checkRd: (-1) yerel_secim_2014_il.Rd:26: Lost braces 26 | \item{BBP}{bbp'nin oy sayisi, the number of votes the Great Unity Party (BBP) received in each province} | ^ checkRd: (-1) yerel_secim_2014_il.Rd:27-89: Lost braces 27 | \item{BBP_\\%}{bbp'nin oy yuzdesi, the percentage of votes the Great Unity Party (BBP) received in each province} | ^ checkRd: (-1) yerel_secim_2014_il.Rd:28: Lost braces 28 | \item{AK_PARTI}{ak parti'nin oy sayisi, the number of votes the Justice and Development Party (AK PARTI) received in each province} | ^ checkRd: (-1) yerel_secim_2014_il.Rd:28: Lost braces 28 | \item{AK_PARTI}{ak parti'nin oy sayisi, the number of votes the Justice and Development Party (AK PARTI) received in each province} | ^ checkRd: (-1) yerel_secim_2014_il.Rd:29-88: Lost braces 29 | \item{AK_PARTI_\\%}{ak parti'nin oy yuzdesi, the percentage of votes the Justice and Development Party (AK PARTI) received in each province} | ^ checkRd: (-1) yerel_secim_2014_il.Rd:30: Lost braces 30 | \item{YURT-P}{yurt-p'nin oy sayisi, the number of votes the Homeland Party (YURT-P) received in each province} | ^ checkRd: (-1) yerel_secim_2014_il.Rd:30: Lost braces 30 | \item{YURT-P}{yurt-p'nin oy sayisi, the number of votes the Homeland Party (YURT-P) received in each province} | ^ checkRd: (-1) yerel_secim_2014_il.Rd:31-87: Lost braces 31 | \item{YURT-P_\\%}{yurt-p'nin oy yuzdesi, the percentage of votes the Homeland Party (YURT-P) received in each province} | ^ checkRd: (-1) yerel_secim_2014_il.Rd:32: Lost braces 32 | \item{DP}{dp'nin oy sayisi, the number of votes the Democratic Party (DP) received in each province} | ^ checkRd: (-1) yerel_secim_2014_il.Rd:32: Lost braces 32 | \item{DP}{dp'nin oy sayisi, the number of votes the Democratic Party (DP) received in each province} | ^ checkRd: (-1) yerel_secim_2014_il.Rd:33-86: Lost braces 33 | \item{DP_\\%}{dp'nin oy yuzdesi, the percentage of votes the Democratic Party (DP) received in each province} | ^ checkRd: (-1) yerel_secim_2014_il.Rd:34: Lost braces 34 | \item{EMEP}{emep'in oy sayisi, the number of votes the Labour Party (EMEP) received in each province} | ^ checkRd: (-1) yerel_secim_2014_il.Rd:34: Lost braces 34 | \item{EMEP}{emep'in oy sayisi, the number of votes the Labour Party (EMEP) received in each province} | ^ checkRd: (-1) yerel_secim_2014_il.Rd:35-85: Lost braces 35 | \item{EMEP_\\%}{emep'in oy yuzdesi, the percentage of votes the Labour Party (EMEP) received in each province} | ^ checkRd: (-1) yerel_secim_2014_il.Rd:36: Lost braces 36 | \item{ODP}{odp'nin oy sayisi, the number of votes the Freedom and Solidarity Party (ODP) received in each province} | ^ checkRd: (-1) yerel_secim_2014_il.Rd:36: Lost braces 36 | \item{ODP}{odp'nin oy sayisi, the number of votes the Freedom and Solidarity Party (ODP) received in each province} | ^ checkRd: (-1) yerel_secim_2014_il.Rd:37-84: Lost braces 37 | \item{ODP_\\%}{odp'nin oy yuzdesi, the percentage of votes the Freedom and Solidarity Party (ODP) received in each province} | ^ checkRd: (-1) yerel_secim_2014_il.Rd:38: Lost braces 38 | \item{MILLET}{millet partisinin oy sayisi, the number of votes the Nation Party (MILLET) received in each province} | ^ checkRd: (-1) yerel_secim_2014_il.Rd:38: Lost braces 38 | \item{MILLET}{millet partisinin oy sayisi, the number of votes the Nation Party (MILLET) received in each province} | ^ checkRd: (-1) yerel_secim_2014_il.Rd:39-83: Lost braces 39 | \item{MILLET_\\%}{millet partisinin oy yuzdesi, the percentage of votes the Nation Party (MILLET) received in each province} | ^ checkRd: (-1) yerel_secim_2014_il.Rd:40: Lost braces 40 | \item{SAADET}{saadet partisinin oy sayisi, the number of votes the Felicity Party (SAADET) received in each province} | ^ checkRd: (-1) yerel_secim_2014_il.Rd:40: Lost braces 40 | \item{SAADET}{saadet partisinin oy sayisi, the number of votes the Felicity Party (SAADET) received in each province} | ^ checkRd: (-1) yerel_secim_2014_il.Rd:41-82: Lost braces 41 | \item{SAADET_\\%}{saadet partisinin oy yuzdesi, the percentage of votes the Felicity Party (SAADET) received in each province} | ^ checkRd: (-1) yerel_secim_2014_il.Rd:42: Lost braces 42 | \item{HAK-PAR}{hak-par'in oy sayisi, the number of votes the Rights and Freedoms Party (HAK-PAR) received in each province} | ^ checkRd: (-1) yerel_secim_2014_il.Rd:42: Lost braces 42 | \item{HAK-PAR}{hak-par'in oy sayisi, the number of votes the Rights and Freedoms Party (HAK-PAR) received in each province} | ^ checkRd: (-1) yerel_secim_2014_il.Rd:43-81: Lost braces 43 | \item{HAK-PAR_\\%}{hak-par'in oy yuzdesi, the percentage of votes the Rights and Freedoms Party (HAK-PAR) received in each province} | ^ checkRd: (-1) yerel_secim_2014_il.Rd:44: Lost braces 44 | \item{LDP}{ldp'nin oy sayisi, the number of votes the Liberal Democratic Party (LDP) received in each province} | ^ checkRd: (-1) yerel_secim_2014_il.Rd:44: Lost braces 44 | \item{LDP}{ldp'nin oy sayisi, the number of votes the Liberal Democratic Party (LDP) received in each province} | ^ checkRd: (-1) yerel_secim_2014_il.Rd:45-80: Lost braces 45 | \item{LDP_\\%}{ldp'nin oy yuzdesi, the percentage of votes the Liberal Democratic Party (LDP) received in each province} | ^ checkRd: (-1) yerel_secim_2014_il.Rd:46: Lost braces 46 | \item{BDP}{bdp'nin oy sayisi, the number of votes the Peace and Democracy Party (BDP) received in each province} | ^ checkRd: (-1) yerel_secim_2014_il.Rd:46: Lost braces 46 | \item{BDP}{bdp'nin oy sayisi, the number of votes the Peace and Democracy Party (BDP) received in each province} | ^ checkRd: (-1) yerel_secim_2014_il.Rd:47-79: Lost braces 47 | \item{BDP_\\%}{bdp'nin oy yuzdesi, the percentage of votes the Peace and Democracy Party (BDP) received in each province} | ^ checkRd: (-1) yerel_secim_2014_il.Rd:48: Lost braces 48 | \item{BTP}{btp'nin oy sayisi, the number of votes the Independent Turkey Party (BTP) received in each province} | ^ checkRd: (-1) yerel_secim_2014_il.Rd:48: Lost braces 48 | \item{BTP}{btp'nin oy sayisi, the number of votes the Independent Turkey Party (BTP) received in each province} | ^ checkRd: (-1) yerel_secim_2014_il.Rd:49-78: Lost braces 49 | \item{BTP_\\%}{btp'nin oy yuzdesi, the percentage of votes the Independent Turkey Party (BTP) received in each province} | ^ checkRd: (-1) yerel_secim_2014_il.Rd:50: Lost braces 50 | \item{IP}{ip'nin oy sayisi, the number of votes the Workers' Party (IP) received in each province} | ^ checkRd: (-1) yerel_secim_2014_il.Rd:50: Lost braces 50 | \item{IP}{ip'nin oy sayisi, the number of votes the Workers' Party (IP) received in each province} | ^ checkRd: (-1) yerel_secim_2014_il.Rd:51-77: Lost braces 51 | \item{IP_\\%}{ip'nin oy yuzdesi, the percentage of votes the Workers' Party (IP) received in each province} | ^ checkRd: (-1) yerel_secim_2014_il.Rd:52: Lost braces 52 | \item{HDP}{hdp'nin oy sayisi, the number of votes the Peoples' Democratic Party (HDP) received in each province} | ^ checkRd: (-1) yerel_secim_2014_il.Rd:52: Lost braces 52 | \item{HDP}{hdp'nin oy sayisi, the number of votes the Peoples' Democratic Party (HDP) received in each province} | ^ checkRd: (-1) yerel_secim_2014_il.Rd:53-76: Lost braces 53 | \item{HDP_\\%}{hdp'nin oy yuzdesi, the percentage of votes the Peoples' Democratic Party (HDP) received in each province} | ^ checkRd: (-1) yerel_secim_2014_il.Rd:54: Lost braces 54 | \item{CHP}{chp'nin oy sayisi, the number of votes the Republican People's Party (CHP) received in each province} | ^ checkRd: (-1) yerel_secim_2014_il.Rd:54: Lost braces 54 | \item{CHP}{chp'nin oy sayisi, the number of votes the Republican People's Party (CHP) received in each province} | ^ checkRd: (-1) yerel_secim_2014_il.Rd:55-75: Lost braces 55 | \item{CHP_\\%}{chp'nin oy yuzdesi, the percentage of votes the Republican People's Party (CHP) received in each province} | ^ checkRd: (-1) yerel_secim_2014_il.Rd:56: Lost braces 56 | \item{HEPAR}{hepar'in oy sayisi, the number of votes the Rights and Equality Party (HEPAR) received in each province} | ^ checkRd: (-1) yerel_secim_2014_il.Rd:56: Lost braces 56 | \item{HEPAR}{hepar'in oy sayisi, the number of votes the Rights and Equality Party (HEPAR) received in each province} | ^ checkRd: (-1) yerel_secim_2014_il.Rd:57-74: Lost braces 57 | \item{HEPAR_\\%}{hepar'in oy yuzdesi, the percentage of votes the Rights and Equality Party (HEPAR) received in each province} | ^ checkRd: (-1) yerel_secim_2014_il.Rd:58: Lost braces 58 | \item{MHP}{mhp'nin oy sayisi, the number of votes the Nationalist Movement Party (MHP) received in each province} | ^ checkRd: (-1) yerel_secim_2014_il.Rd:58: Lost braces 58 | \item{MHP}{mhp'nin oy sayisi, the number of votes the Nationalist Movement Party (MHP) received in each province} | ^ checkRd: (-1) yerel_secim_2014_il.Rd:59-63: Lost braces 59 | \item{MHP_\\%}{mhp'nin oy yuzdesi, the percentage of votes the Nationalist Movement Party (MHP) received in each province} | ^ checkRd: (-1) yerel_secim_2014_il.Rd:60: Lost braces 60 | \item{BAGIMSIZ_TOPLAM_OY}{bagimsiz adaylarin toplam oy sayisi, the total number of votes received by independent candidates in each province} | ^ checkRd: (-1) yerel_secim_2014_il.Rd:60: Lost braces 60 | \item{BAGIMSIZ_TOPLAM_OY}{bagimsiz adaylarin toplam oy sayisi, the total number of votes received by independent candidates in each province} | ^ checkRd: (-1) yerel_secim_2014_il.Rd:61-62: Lost braces 61 | \item{BAGIMSIZ_TOPLAM_OY_\\%}{bagimsiz adaylarin toplam oy yuzdesi, the total percentage of votes received by independent candidates in each province} | ^ checkRd: (-1) yerel_secim_2014_il.Rd:64-66: Lost braces 64 | \source{ | ^ checkRd: (-1) yerel_secim_2014_il.Rd:67-69: Lost braces 67 | \usage{ | ^ checkRd: (-1) yerel_secim_2014_il.Rd:70-72: Lost braces 70 | \description{ | ^ checkRd: (-1) yerel_secim_2014_il.Rd:73: Lost braces; missing escapes or markup? 73 | \keyword{datasets} | ^ prepare_Rd: ./man/yerel_secim_2019_il.Rd:28: unknown macro '\item' prepare_Rd: ./man/yerel_secim_2019_il.Rd:29: unknown macro '\item' prepare_Rd: ./man/yerel_secim_2019_il.Rd:30: unknown macro '\item' prepare_Rd: ./man/yerel_secim_2019_il.Rd:31: unknown macro '\item' prepare_Rd: ./man/yerel_secim_2019_il.Rd:32: unknown macro '\item' prepare_Rd: ./man/yerel_secim_2019_il.Rd:33: unknown macro '\item' prepare_Rd: ./man/yerel_secim_2019_il.Rd:34: unknown macro '\item' prepare_Rd: ./man/yerel_secim_2019_il.Rd:35: unknown macro '\item' prepare_Rd: ./man/yerel_secim_2019_il.Rd:36: unknown macro '\item' prepare_Rd: ./man/yerel_secim_2019_il.Rd:37: unknown macro '\item' prepare_Rd: ./man/yerel_secim_2019_il.Rd:38: unknown macro '\item' prepare_Rd: ./man/yerel_secim_2019_il.Rd:39: unknown macro '\item' prepare_Rd: ./man/yerel_secim_2019_il.Rd:40: unknown macro '\item' prepare_Rd: ./man/yerel_secim_2019_il.Rd:43: unexpected section header '\source' prepare_Rd: ./man/yerel_secim_2019_il.Rd:46: unexpected section header '\usage' prepare_Rd: ./man/yerel_secim_2019_il.Rd:49: unexpected section header '\description' prepare_Rd: ./man/yerel_secim_2019_il.Rd:52: unexpected section header '\keyword' prepare_Rd: ./man/yerel_secim_2019_il.Rd:53: unexpected END_OF_INPUT ' ' prepare_Rd: bad markup (extra space?) at yerel_secim_2019_il.Rd:64:1 checkRd: (-1) yerel_secim_2019_il.Rd:28-63: Lost braces 28 | \item{SAADET_\\%}{saadet partisinin oy yuzdesi, the percentage of votes the Felicity Party (SAADET) received in each province} | ^ checkRd: (-1) yerel_secim_2019_il.Rd:29-62: Lost braces 29 | \item{BTP_\\%}{btp'nin oy yuzdesi, the percentage of votes the Independent Turkey Party (BTP) received in each province} | ^ checkRd: (-1) yerel_secim_2019_il.Rd:30-61: Lost braces 30 | \item{TKP_\\%}{tkp'nin oy yuzdesi, the percentage of votes the Communist Party of Turkey (TKP) received in each province} | ^ checkRd: (-1) yerel_secim_2019_il.Rd:31-60: Lost braces 31 | \item{VATAN_PARTISI_\\%}{vatan partisinin oy yuzdesi, the percentage of votes the Homeland Party (VATAN PARTISI) received in each province} | ^ checkRd: (-1) yerel_secim_2019_il.Rd:32-59: Lost braces 32 | \item{BBP_\\%}{bbp'nin oy yuzdesi, the percentage of votes the Great Unity Party (BBP) received in each province} | ^ checkRd: (-1) yerel_secim_2019_il.Rd:33-58: Lost braces 33 | \item{CHP_\\%}{chp'nin oy yuzdesi, the percentage of votes the Republican People's Party (CHP) received in each province} | ^ checkRd: (-1) yerel_secim_2019_il.Rd:34-57: Lost braces 34 | \item{AK_PARTI_\\%}{ak parti'nin oy yuzdesi, the percentage of votes the Justice and Development Party (AK PARTI) received in each province} | ^ checkRd: (-1) yerel_secim_2019_il.Rd:35-56: Lost braces 35 | \item{DP_\\%}{dp'nin oy yuzdesi, the percentage of votes the Democratic Party (DP) received in each province} | ^ checkRd: (-1) yerel_secim_2019_il.Rd:36-55: Lost braces 36 | \item{MHP_\\%}{mhp'nin oy yuzdesi, the percentage of votes the Nationalist Movement Party (MHP) received in each province} | ^ checkRd: (-1) yerel_secim_2019_il.Rd:37-54: Lost braces 37 | \item{IYI_PARTI_\\%}{iyi parti'nin oy yuzdesi, the percentage of votes the Good Party (IYI PARTI) received in each province} | ^ checkRd: (-1) yerel_secim_2019_il.Rd:38-53: Lost braces 38 | \item{HDP_\\%}{hdp'nin oy yuzdesi, the percentage of votes the Peoples' Democratic Party (HDP) received in each province} | ^ checkRd: (-1) yerel_secim_2019_il.Rd:39-42: Lost braces 39 | \item{DSP_\\%}{dsp'nin oy yuzdesi, the percentage of votes the Democratic Left Party (DSP) received in each province} | ^ checkRd: (-1) yerel_secim_2019_il.Rd:40-41: Lost braces 40 | \item{BAGIMSIZ_TOPLAM_OY_\\%}{bagimsiz adaylarin toplam oy yuzdesi, the total percentage of votes received by independent candidates in each province} | ^ checkRd: (-1) yerel_secim_2019_il.Rd:43-45: Lost braces 43 | \source{ | ^ checkRd: (-1) yerel_secim_2019_il.Rd:46-48: Lost braces 46 | \usage{ | ^ checkRd: (-1) yerel_secim_2019_il.Rd:49-51: Lost braces 49 | \description{ | ^ checkRd: (-1) yerel_secim_2019_il.Rd:52: Lost braces; missing escapes or markup? 52 | \keyword{datasets} | ^ prepare_Rd: ./man/yerel_secim_2024_il.Rd:52: unknown macro '\item' prepare_Rd: ./man/yerel_secim_2024_il.Rd:53: unknown macro '\item' prepare_Rd: ./man/yerel_secim_2024_il.Rd:54: unknown macro '\item' prepare_Rd: ./man/yerel_secim_2024_il.Rd:55: unknown macro '\item' prepare_Rd: ./man/yerel_secim_2024_il.Rd:56: unknown macro '\item' prepare_Rd: ./man/yerel_secim_2024_il.Rd:57: unknown macro '\item' prepare_Rd: ./man/yerel_secim_2024_il.Rd:58: unknown macro '\item' prepare_Rd: ./man/yerel_secim_2024_il.Rd:59: unknown macro '\item' prepare_Rd: ./man/yerel_secim_2024_il.Rd:60: unknown macro '\item' prepare_Rd: ./man/yerel_secim_2024_il.Rd:61: unknown macro '\item' prepare_Rd: ./man/yerel_secim_2024_il.Rd:62: unknown macro '\item' prepare_Rd: ./man/yerel_secim_2024_il.Rd:63: unknown macro '\item' prepare_Rd: ./man/yerel_secim_2024_il.Rd:64: unknown macro '\item' prepare_Rd: ./man/yerel_secim_2024_il.Rd:65: unknown macro '\item' prepare_Rd: ./man/yerel_secim_2024_il.Rd:66: unknown macro '\item' prepare_Rd: ./man/yerel_secim_2024_il.Rd:67: unknown macro '\item' prepare_Rd: ./man/yerel_secim_2024_il.Rd:68: unknown macro '\item' prepare_Rd: ./man/yerel_secim_2024_il.Rd:69: unknown macro '\item' prepare_Rd: ./man/yerel_secim_2024_il.Rd:70: unknown macro '\item' prepare_Rd: ./man/yerel_secim_2024_il.Rd:71: unknown macro '\item' prepare_Rd: ./man/yerel_secim_2024_il.Rd:72: unknown macro '\item' prepare_Rd: ./man/yerel_secim_2024_il.Rd:73: unknown macro '\item' prepare_Rd: ./man/yerel_secim_2024_il.Rd:74: unknown macro '\item' prepare_Rd: ./man/yerel_secim_2024_il.Rd:75: unknown macro '\item' prepare_Rd: ./man/yerel_secim_2024_il.Rd:76: unknown macro '\item' prepare_Rd: ./man/yerel_secim_2024_il.Rd:77: unknown macro '\item' prepare_Rd: ./man/yerel_secim_2024_il.Rd:78: unknown macro '\item' prepare_Rd: ./man/yerel_secim_2024_il.Rd:79: unknown macro '\item' prepare_Rd: ./man/yerel_secim_2024_il.Rd:80: unknown macro '\item' prepare_Rd: ./man/yerel_secim_2024_il.Rd:81: unknown macro '\item' prepare_Rd: ./man/yerel_secim_2024_il.Rd:82: unknown macro '\item' prepare_Rd: ./man/yerel_secim_2024_il.Rd:83: unknown macro '\item' prepare_Rd: ./man/yerel_secim_2024_il.Rd:84: unknown macro '\item' prepare_Rd: ./man/yerel_secim_2024_il.Rd:85: unknown macro '\item' prepare_Rd: ./man/yerel_secim_2024_il.Rd:88: unexpected section header '\source' prepare_Rd: ./man/yerel_secim_2024_il.Rd:91: unexpected section header '\usage' prepare_Rd: ./man/yerel_secim_2024_il.Rd:94: unexpected section header '\description' prepare_Rd: ./man/yerel_secim_2024_il.Rd:98: unexpected section header '\keyword' prepare_Rd: ./man/yerel_secim_2024_il.Rd:99: unexpected END_OF_INPUT ' ' prepare_Rd: bad markup (extra space?) at yerel_secim_2024_il.Rd:131:1 checkRd: (-1) yerel_secim_2024_il.Rd:52-130: Lost braces 52 | \item{İYİ_PARTİ_\\%}{İYİ PARTİ'nin oy yüzdesi, the percentage of valid votes for İYİ PARTİ.} | ^ checkRd: (-1) yerel_secim_2024_il.Rd:53-129: Lost braces 53 | \item{SOL_PARTİ_\\%}{SOL PARTİ'nin oy yüzdesi, the percentage of valid votes for SOL PARTİ.} | ^ checkRd: (-1) yerel_secim_2024_il.Rd:54-128: Lost braces 54 | \item{BÜYÜK_BİRLİK_\\%}{BÜYÜK BİRLİK'in oy yüzdesi, the percentage of valid votes for BÜYÜK BİRLİK.} | ^ checkRd: (-1) yerel_secim_2024_il.Rd:55-127: Lost braces 55 | \item{MEMLEKET_\\%}{MEMLEKET'in oy yüzdesi, the percentage of valid votes for MEMLEKET.} | ^ checkRd: (-1) yerel_secim_2024_il.Rd:56-126: Lost braces 56 | \item{ANAP_\\%}{ANAP'ın oy yüzdesi, the percentage of valid votes for ANAP.} | ^ checkRd: (-1) yerel_secim_2024_il.Rd:57-125: Lost braces 57 | \item{DSP_\\%}{DSP'nin oy yüzdesi, the percentage of valid votes for DSP.} | ^ checkRd: (-1) yerel_secim_2024_il.Rd:58-124: Lost braces 58 | \item{YENİDEN_REFAH_\\%}{YENİDEN REFAH'ın oy yüzdesi, the percentage of valid votes for YENİDEN REFAH.} | ^ checkRd: (-1) yerel_secim_2024_il.Rd:59-123: Lost braces 59 | \item{DEM_Parti_\\%}{DEM Parti'nin oy yüzdesi, the percentage of valid votes for DEM Parti.} | ^ checkRd: (-1) yerel_secim_2024_il.Rd:60-122: Lost braces 60 | \item{TKP_\\%}{TKP'nin oy yüzdesi, the percentage of valid votes for TKP.} | ^ checkRd: (-1) yerel_secim_2024_il.Rd:61-121: Lost braces 61 | \item{ABP_\\%}{ABP'nin oy yüzdesi, the percentage of valid votes for ABP.} | ^ checkRd: (-1) yerel_secim_2024_il.Rd:62-120: Lost braces 62 | \item{ZAFER_PARTİSİ_\\%}{ZAFER PARTİSİ'nin oy yüzdesi, the percentage of valid votes for ZAFER PARTİSİ.} | ^ checkRd: (-1) yerel_secim_2024_il.Rd:63-119: Lost braces 63 | \item{HKP_\\%}{HKP'nin oy yüzdesi, the percentage of valid votes for HKP.} | ^ checkRd: (-1) yerel_secim_2024_il.Rd:64-118: Lost braces 64 | \item{TKH_\\%}{TKH'nin oy yüzdesi, the percentage of valid votes for TKH.} | ^ checkRd: (-1) yerel_secim_2024_il.Rd:65-117: Lost braces 65 | \item{BTP_\\%}{BTP'nin oy yüzdesi, the percentage of valid votes for BTP.} | ^ checkRd: (-1) yerel_secim_2024_il.Rd:66-116: Lost braces 66 | \item{GELECEK_PARTİSİ_\\%}{GELECEK PARTİSİ'nin oy yüzdesi, the percentage of valid votes for GELECEK PARTİSİ.} | ^ checkRd: (-1) yerel_secim_2024_il.Rd:67-115: Lost braces 67 | \item{YTP_\\%}{YTP'nin oy yüzdesi, the percentage of valid votes for YTP.} | ^ checkRd: (-1) yerel_secim_2024_il.Rd:68-114: Lost braces 68 | \item{CHP_\\%}{CHP'nin oy yüzdesi, the percentage of valid votes for CHP.} | ^ checkRd: (-1) yerel_secim_2024_il.Rd:69-113: Lost braces 69 | \item{EMEP_\\%}{EMEP'in oy yüzdesi, the percentage of valid votes for EMEP.} | ^ checkRd: (-1) yerel_secim_2024_il.Rd:70-112: Lost braces 70 | \item{HÜDA_PAR_\\%}{HÜDA PAR'ın oy yüzdesi, the percentage of valid votes for HÜDA PAR.} | ^ checkRd: (-1) yerel_secim_2024_il.Rd:71-111: Lost braces 71 | \item{HAK_PAR_\\%}{HAK-PAR'ın oy yüzdesi, the percentage of valid votes for HAK-PAR.} | ^ checkRd: (-1) yerel_secim_2024_il.Rd:72-110: Lost braces 72 | \item{OCAK_\\%}{OCAK'ın oy yüzdesi, the percentage of valid votes for OCAK.} | ^ checkRd: (-1) yerel_secim_2024_il.Rd:73-109: Lost braces 73 | \item{AB_PARTİ_\\%}{AB PARTİ'nin oy yüzdesi, the percentage of valid votes for AB PARTİ.} | ^ checkRd: (-1) yerel_secim_2024_il.Rd:74-108: Lost braces 74 | \item{DP_\\%}{DP'nin oy yüzdesi, the percentage of valid votes for DP.} | ^ checkRd: (-1) yerel_secim_2024_il.Rd:75-107: Lost braces 75 | \item{GBP_\\%}{GBP'nin oy yüzdesi, the percentage of valid votes for GBP.} | ^ checkRd: (-1) yerel_secim_2024_il.Rd:76-106: Lost braces 76 | \item{MİLLET_\\%}{MİLLET'in oy yüzdesi, the percentage of valid votes for MİLLET.} | ^ checkRd: (-1) yerel_secim_2024_il.Rd:77-105: Lost braces 77 | \item{MİLLİ_YOL_\\%}{MİLLİ YOL'un oy yüzdesi, the percentage of valid votes for MİLLİ YOL.} | ^ checkRd: (-1) yerel_secim_2024_il.Rd:78-104: Lost braces 78 | \item{AP_\\%}{AP'nin oy yüzdesi, the percentage of valid votes for AP.} | ^ checkRd: (-1) yerel_secim_2024_il.Rd:79-103: Lost braces 79 | \item{ADP_\\%}{ADP'nin oy yüzdesi, the percentage of valid votes for ADP.} | ^ checkRd: (-1) yerel_secim_2024_il.Rd:80-102: Lost braces 80 | \item{MHP_\\%}{MHP'nin oy yüzdesi, the percentage of valid votes for MHP.} | ^ checkRd: (-1) yerel_secim_2024_il.Rd:81-101: Lost braces 81 | \item{TİP_\\%}{TİP'in oy yüzdesi, the percentage of valid votes for TİP.} | ^ checkRd: (-1) yerel_secim_2024_il.Rd:82-100: Lost braces 82 | \item{DEVA_PARTİSİ_\\%}{DEVA PARTİSİ'nin oy yüzdesi, the percentage of valid votes for DEVA PARTİSİ.} | ^ checkRd: (-1) yerel_secim_2024_il.Rd:83-99: Lost braces 83 | \item{SAADET_\\%}{SAADET'in oy yüzdesi, the percentage of valid votes for SAADET.} | ^ checkRd: (-1) yerel_secim_2024_il.Rd:84-87: Lost braces 84 | \item{VATAN_PARTİSİ_\\%}{VATAN PARTİSİ'nin oy yüzdesi, the percentage of valid votes for VATAN PARTİSİ.} | ^ checkRd: (-1) yerel_secim_2024_il.Rd:85-86: Lost braces 85 | \item{BAĞIMSIZ_TOPLAM_OY_\\%}{BAĞIMSIZ TOPLAM OY'un oy yüzdesi, the total percentage of valid votes received by independent candidates.} | ^ checkRd: (-1) yerel_secim_2024_il.Rd:88-90: Lost braces 88 | \source{ | ^ checkRd: (-1) yerel_secim_2024_il.Rd:91-93: Lost braces 91 | \usage{ | ^ checkRd: (-1) yerel_secim_2024_il.Rd:94-97: Lost braces 94 | \description{ | ^ checkRd: (-1) yerel_secim_2024_il.Rd:98: Lost braces; missing escapes or markup? 98 | \keyword{datasets} | ^ * checking Rd metadata ... OK * checking Rd line widths ... OK * checking Rd cross-references ... OK * checking for missing documentation entries ... OK * checking for code/documentation mismatches ... WARNING Data codoc mismatches from Rd file 'cb_2018_il.Rd': Variables in data frame 'cb_2018_il' Code: DOGU_PERINCEK DOGU_PERINCEK_% Gecerli_Oy_Toplami Il_Adi Kayitli_Secmen_Sayisi MERAL_AKSENER MERAL_AKSENER_% MUHARREM_INCE MUHARREM_INCE_% Oy_Kullanan_Secmen_Sayisi RECEP_TAYYIP_ERDOGAN RECEP_TAYYIP_ERDOGAN_% SELAHATTIN_DEMIRTAS SELAHATTIN_DEMIRTAS_% TEMEL_KARAMOLLAOGLU TEMEL_KARAMOLLAOGLU_% Docs: DOGU_PERINCEK Gecerli_Oy_Toplami Il_Adi Kayitli_Secmen_Sayisi MERAL_AKSENER MUHARREM_INCE MUHARREM_INCE_\ \item{MERAL_AKSENER_\ \item{RECEP_TAYYIP_ERDOGAN_\ \item{SELAHATTIN_DEMIRTAS_\ \item{TEMEL_KARAMOLLAOGLU_\ \item{DOGU_PERINCEK_\ } } { {YSK (Supreme Election Council)} } { cb_2018_il } { A dataset showing the information for the candidates competing in the presidental election Oy_Kullanan_Secmen_Sayisi RECEP_TAYYIP_ERDOGAN SELAHATTIN_DEMIRTAS TEMEL_KARAMOLLAOGLU and their votes in count and percentage. } {datasets} } } } Data codoc mismatches from Rd file 'cb_2023_ikinci_tur_il.Rd': Variables in data frame 'cb_2023_ikinci_tur_il' Code: Gecerli_Oy_Toplami Il_Adi KEMAL_KILICDAROGLU KEMAL_KILICDAROGLU_% Kayitli_Secmen_Sayisi Oy_Kullanan_Secmen_Sayisi RECEP_TAYYIP_ERDOGAN RECEP_TAYYIP_ERDOGAN_% Docs: Gecerli_Oy_Toplami Il_Adi KEMAL_KILICDAROGLU Kayitli_Secmen_Sayisi Oy_Kullanan_Secmen_Sayisi RECEP_TAYYIP_ERDOGAN RECEP_TAYYIP_ERDOGAN_\ \item{KEMAL_KILICDAROGLU_\ } Data codoc mismatches from Rd file 'cb_2023_ilk_tur_il.Rd': Variables in data frame 'cb_2023_ilk_tur_il' Code: Gecerli_Oy_Toplami Il_Adi KEMAL_KILICDAROGLU KEMAL_KILICDAROGLU_% Kayitli_Secmen_Sayisi MUHARREM_INCE MUHARREM_INCE_% Oy_Kullanan_Secmen_Sayisi RECEP_TAYYIP_ERDOGAN RECEP_TAYYIP_ERDOGAN_% SINAN_OGAN SINAN_OGAN_% Docs: Gecerli_Oy_Toplami Il_Adi KEMAL_KILICDAROGLU Kayitli_Secmen_Sayisi MUHARREM_INCE Oy_Kullanan_Secmen_Sayisi RECEP_TAYYIP_ERDOGAN RECEP_TAYYIP_ERDOGAN_\ \item{MUHARREM_INCE_\ \item{KEMAL_KILICDAROGLU_\ \item{SINAN_OGAN_\ } } { {YSK (Supreme Election Council)} } { cb_2023_ilk_tur_il } { A dataset showing the information for the candidates competing in the first round of the presidential election SINAN_OGAN and their votes in count and percentage. } {datasets} } Data codoc mismatches from Rd file 'genel_secim_1995_il.Rd': Variables in data frame 'genel_secim_1995_il' Code: ANAP ANAP_% CHP CHP_% DSP DSP_% DYP DYP_% Diger Diger_% Il MV RP RP_% Toplam Docs: Il MV RP RP_\ \item{ANAP}{anap oy sayisi and the number of parliamentary seats by province. } {datasets} } } } percentages the number of votes that other parties received} \item{Diger_\ \item{Toplam}{toplam oy sayisi the number of votes that the Democratic Left Party (DSP) received} \item{DSP_\ \item{CHP}{chp oy sayisi the number of votes that the Motherland Party (ANAP) received} \item{ANAP_\ \item{DYP}{dyp oy sayisi the number of votes that the Republican People's Party (CHP) received} \item{CHP_\ \item{Diger}{diger parti oy sayisi the number of votes that the True Path Party (DYP) received} \item{DYP_\ \item{DSP}{dsp oy sayisi the total number of votes cast in each province} } } { {YSK (Supreme Election Council)} } { genel_secim_1995_il } { A dataset showing the information for the political parties competing in the general election their vote counts Data codoc mismatches from Rd file 'genel_secim_1999_il.Rd': Variables in data frame 'genel_secim_1999_il' Code: ANAP ANAP_% DSP DSP_% DYP DYP_% Diger Diger_% FP FP_% Il MHP MHP_% MV Toplam Docs: DSP DSP_\ \item{MHP}{mhp oy sayisi Il MV and the number of parliamentary seats by province. } {datasets} } } } percentages the number of votes that other parties received} \item{Diger_\ \item{Toplam}{toplam oy sayisi the number of votes that the Motherland Party (ANAP) received} \item{ANAP_\ \item{DYP}{dyp oy sayisi the number of votes that the Nationalist Movement Party (MHP) received} \item{MHP_\ \item{FP}{fp oy sayisi the number of votes that the True Path Party (DYP) received} \item{DYP_\ \item{Diger}{diger parti oy sayisi the number of votes that the Virtue Party (FP) received} \item{FP_\ \item{ANAP}{anap oy sayisi the total number of votes cast in each province} } } { {YSK (Supreme Election Council)} } { genel_secim_1999_il } { A dataset showing the information for the political parties competing in the general election their vote counts Data codoc mismatches from Rd file 'genel_secim_2002_il.Rd': Variables in data frame 'genel_secim_2002_il' Code: AK_Parti AK_Parti_% CHP CHP_% DYP DYP_% Diger Diger_% GP GP_% Il MHP MHP_% MV Toplam Docs: AK_Parti AK_Parti_\ \item{CHP}{chp oy sayisi Il MV and the number of parliamentary seats by province. } {datasets} } } } percentages the number of votes that other parties received} \item{Diger_\ \item{Toplam}{toplam oy sayisi the number of votes that the Nationalist Movement Party (MHP) received} \item{MHP_\ \item{GP}{gp oy sayisi the number of votes that the Republican People's Party (CHP) received} \item{CHP_\ \item{DYP}{dyp oy sayisi the number of votes that the True Path Party (DYP) received} \item{DYP_\ \item{MHP}{mhp oy sayisi the number of votes that the Young Party (GP) received} \item{GP_\ \item{Diger}{diger parti oy sayisi the total number of votes cast in each province} } } { {YSK (Supreme Election Council)} } { genel_secim_2002_il } { A dataset showing the information for the political parties competing in the general election their vote counts Data codoc mismatches from Rd file 'genel_secim_2007_il.Rd': Variables in data frame 'genel_secim_2007_il' Code: AK_Parti AK_Parti_% CHP CHP_% DP DP_% Diger Diger_% Il MHP MHP_% MV Toplam Docs: AK_Parti AK_Parti_\ \item{CHP}{chp oy sayisi Il MV and the number of parliamentary seats by province. } {datasets} } } percentages the number of votes that other parties received} \item{Diger_\ \item{Toplam}{toplam oy sayisi the number of votes that the Democratic Party (DP) received} \item{DP_\ \item{Diger}{diger parti oy sayisi the number of votes that the Nationalist Movement Party (MHP) received} \item{MHP_\ \item{DP}{dp oy sayisi the number of votes that the Republican People's Party (CHP) received} \item{CHP_\ \item{MHP}{mhp oy sayisi the total number of votes cast in each province} } } { {YSK (Supreme Election Council)} } { genel_secim_2007_il } { A dataset showing the information for the political parties competing in the general election their vote counts Data codoc mismatches from Rd file 'genel_secim_2011_il.Rd': Variables in data frame 'genel_secim_2011_il' Code: AK_Parti AK_Parti_% Bagimsiz Bagimsiz_% CHP CHP_% Diger Diger_% Il MHP MHP_% MV Toplam Docs: AK_Parti AK_Parti_\ \item{CHP}{chp oy sayisi Il MV and the number of parliamentary seats by province. } {datasets} } } percentages the number of votes that independent candidates received} \item{Bagimsiz_\ \item{Diger}{diger parti oy sayisi the number of votes that other parties received} \item{Diger_\ \item{Toplam}{toplam oy sayisi the number of votes that the Nationalist Movement Party (MHP) received} \item{MHP_\ \item{Bagimsiz}{bagimsiz adaylarin oy sayisi the number of votes that the Republican People's Party (CHP) received} \item{CHP_\ \item{MHP}{mhp oy sayisi the total number of votes cast in each province} } } { {YSK (Supreme Election Council)} } { genel_secim_2011_il } { A dataset showing the information for the political parties and independent candidates competing in the general election their vote counts Data codoc mismatches from Rd file 'genel_secim_2018_il.Rd': Variables in data frame 'genel_secim_2018_il' Code: AK_Parti AK_Parti_% CHP CHP_% HDP HDP_% IYI_Parti IYI_Parti_% Il MHP MHP_% MV Toplam Docs: AK_Parti AK_Parti_\ \item{CHP}{chp oy sayisi Il MV and the number of parliamentary seats by province. } {datasets} } } percentages the number of votes that the Good Party (IYI Parti) received} \item{IYI_Parti_\ \item{Toplam}{toplam oy sayisi the number of votes that the Nationalist Movement Party (MHP) received} \item{MHP_\ \item{HDP}{hdp oy sayisi the number of votes that the Peoples' Democratic Party (HDP) received} \item{HDP_\ \item{IYI_Parti}{iyi parti oy sayisi the number of votes that the Republican People's Party (CHP) received} \item{CHP_\ \item{MHP}{mhp oy sayisi the total number of votes cast in each province} } } { {YSK (Supreme Election Council)} } { genel_secim_2018_il } { A dataset showing the information for the political parties competing in the general election their vote counts Data codoc mismatches from Rd file 'genel_secim_2023_il.Rd': Variables in data frame 'genel_secim_2023_il' Code: AB AB_% AK_Parti AK_Parti_% ANAP ANAP_% AP AP_% ATA_ITTIFAKI ATA_ITTIFAKI_% BAGIMSIZ_TOPLAM_OY BAGIMSIZ_TOPLAM_OY_% BBP BBP_% CHP CHP_% CUMHUR_ITTIFAKI CUMHUR_ITTIFAKI_% EMEK_VE_OZGURLUK_ITTIFAKI EMEK_VE_OZGURLUK_ITTIFAKI_% GBP GBP_% GENCPARTI GENCPARTI_% Gecerli_Oy_Toplami HAK-PAR HAK-PAR_% HKP HKP_% IYI_Parti IYI_Parti_% Il Kayitli_Secmen_Sayisi MEMLEKET MEMLEKET_% MHP MHP_% MILLET MILLET_% MILLET_ITTIFAKI MILLET_ITTIFAKI_% MILLI_YOL MILLI_YOL_% Oy_Kullanan_Secmen_Sayisi SOL_PARTI SOL_PARTI_% SOSYALIST_GUC_BIRLIGI_ITTIFAKI SOSYALIST_GUC_BIRLIGI_ITTIFAKI_% TIP TIP_% TKH TKH_% TKP TKP_% VATAN_PARTISI VATAN_PARTISI_% YENIDEN_REFAH YENIDEN_REFAH_% YESIL_SOL_PARTI YESIL_SOL_PARTI_% YP YP_% ZAFER_PARTISI ZAFER_PARTISI_% Docs: AB AK_Parti ANAP AP ATA_ITTIFAKI BAGIMSIZ_TOPLAM_OY BBP CHP CUMHUR_ITTIFAKI EMEK_VE_OZGURLUK_ITTIFAKI GBP GENCPARTI Gecerli_Oy_Toplami HAK-PAR HKP IYI_Parti Il Kayitli_Secmen_Sayisi MEMLEKET MHP MILLET MILLET_ITTIFAKI MILLET_\ \item{HAK-PAR_\ \item{TKP_\ \item{TKH_\ \item{SOL_PARTI_\ \item{GENCPARTI_\ \item{MEMLEKET_\ \item{BBP_\ \item{AK_Parti_\ \item{YENIDEN_REFAH_\ \item{MHP_\ \item{YESIL_SOL_PARTI_\ \item{TIP_\ \item{AB_\ \item{ANAP_\ \item{YP_\ \item{HKP_\ \item{MILLI_YOL_\ \item{VATAN_PARTISI_\ \item{GBP_\ \item{CHP_\ \item{IYI_Parti_\ \item{AP_\ \item{ZAFER_PARTISI_\ \item{SOSYALIST_GUC_BIRLIGI_ITTIFAKI_\ \item{CUMHUR_ITTIFAKI_\ \item{EMEK_VE_OZGURLUK_ITTIFAKI_\ \item{MILLET_ITTIFAKI_\ \item{ATA_ITTIFAKI_\ \item{BAGIMSIZ_TOPLAM_OY_\ } } { {YSK (Supreme Election Council)} } { genel_secim_2023_il } { A dataset showing the information for each political party and alliance competing in the general election MILLI_YOL Oy_Kullanan_Secmen_Sayisi SOL_PARTI SOSYALIST_GUC_BIRLIGI_ITTIFAKI TIP TKH TKP VATAN_PARTISI YENIDEN_REFAH YESIL_SOL_PARTI YP ZAFER_PARTISI and the overall voter statistics by province. } {datasets} } } } } } } } } } } } } } } } } } } } } } } } } } } } percentages their individual vote counts Data codoc mismatches from Rd file 'genel_secim_haziran_2015_il.Rd': Variables in data frame 'genel_secim_haziran_2015_il' Code: AK_Parti AK_Parti_% CHP CHP_% Diger Diger_% HDP HDP_% Il MHP MHP_% MV Toplam Docs: AK_Parti AK_Parti_\ \item{CHP}{chp oy sayisi Il MV and the number of parliamentary seats by province. } {datasets} } } percentages the number of votes that other parties received} \item{Diger_\ \item{Toplam}{toplam oy sayisi the number of votes that the Nationalist Movement Party (MHP) received} \item{MHP_\ \item{HDP}{hdp oy sayisi the number of votes that the Peoples' Democratic Party (HDP) received} \item{HDP_\ \item{Diger}{diger parti oy sayisi the number of votes that the Republican People's Party (CHP) received} \item{CHP_\ \item{MHP}{mhp oy sayisi the total number of votes cast in each province} } } { {YSK (Supreme Election Council)} } { genel_secim_haziran_2015_il } { A dataset showing the information for the political parties competing in the general election their vote counts Data codoc mismatches from Rd file 'genel_secim_kasim_2015_il.Rd': Variables in data frame 'genel_secim_kasim_2015_il' Code: AK_Parti AK_Parti_% CHP CHP_% HDP HDP_% Il MHP MHP_% MV Toplam Docs: AK_Parti AK_Parti_\ \item{CHP}{chp oy sayisi Il MV and the number of parliamentary seats by province. } {datasets} } percentages the number of votes that the Nationalist Movement Party (MHP) received} \item{MHP_\ \item{HDP}{hdp oy sayisi the number of votes that the Peoples' Democratic Party (HDP) received} \item{HDP_\ \item{Toplam}{toplam oy sayisi the number of votes that the Republican People's Party (CHP) received} \item{CHP_\ \item{MHP}{mhp oy sayisi the total number of votes cast in each province} } } { {YSK (Supreme Election Council)} } { genel_secim_kasim_2015_il } { A dataset showing the information for the political parties competing in the general election their vote counts Data codoc mismatches from Rd file 'yerel_secim_2009_il.Rd': Variables in data frame 'yerel_secim_2009_il' Code: AK_PARTI AK_PARTI_% ANAVATAN ANAVATAN_% BAGIMSIZ_TOPLAM_OY BAGIMSIZ_TOPLAM_OY_% BBP BBP_% BDP BDP_% BTP BTP_% CHP CHP_% DP DP_% DSP DSP_% DTP DTP_% EMEP EMEP_% Gecerli_Oy_Toplami HAK-PAR HAK-PAR_% HYP HYP_% IP IP_% Il_Adi Kayitli_Secmen_Sayisi LDP LDP_% MHP MHP_% MILLET MILLET_% ODP ODP_% Oy_Kullanan_Secmen_Sayisi SAADET SAADET_% TKP TKP_% Docs: AK_PARTI ANAVATAN ANAVATAN_\ \item{MHP_\ \item{LDP_\ \item{DSP_\ \item{DTP_\ \item{IP_\ \item{CHP_\ \item{HAK-PAR_\ \item{BBP_\ \item{BDP_\ \item{MILLET_\ \item{ODP_\ \item{TKP_\ \item{DP_\ \item{SAADET_\ \item{AK_PARTI_\ \item{BTP_\ \item{EMEP_\ \item{HYP_\ \item{BAGIMSIZ_TOPLAM_OY_\ } } { {YSK (Supreme Election Council)} } { yerel_secim_2009_il } { A dataset showing detailed information for each political party competing in the local elections in every province BAGIMSIZ_TOPLAM_OY BBP BDP BTP CHP DP DSP DTP EMEP Gecerli_Oy_Toplami HAK-PAR HYP IP Il_Adi Kayitli_Secmen_Sayisi LDP MHP MILLET ODP Oy_Kullanan_Secmen_Sayisi SAADET TKP and overall voting statistics. } {datasets} } } } } } } } } } } } } } } } } } including vote counts percentages Data codoc mismatches from Rd file 'yerel_secim_2014_il.Rd': Variables in data frame 'yerel_secim_2014_il' Code: AK_PARTI AK_PARTI_% BAGIMSIZ_TOPLAM_OY BAGIMSIZ_TOPLAM_OY_% BBP BBP_% BDP BDP_% BTP BTP_% CHP CHP_% DP DP_% DSP DSP_% DYP DYP_% EMEP EMEP_% Gecerli_Oy_Toplami HAK-PAR HAK-PAR_% HDP HDP_% HEPAR HEPAR_% HKP HKP_% HUDA_PAR HUDA_PAR_% IP IP_% Il_Adi Kayitli_Secmen_Sayisi LDP LDP_% MHP MHP_% MILLET MILLET_% ODP ODP_% Oy_Kullanan_Secmen_Sayisi SAADET SAADET_% TKP TKP_% TURK_PARTI TURK_PARTI_% YURT-P YURT-P_% Docs: Gecerli_Oy_Toplami HUDA_PAR HUDA_PAR_\ \item{DSP}{dsp'nin oy sayisi Il_Adi Kayitli_Secmen_Sayisi Oy_Kullanan_Secmen_Sayisi and overall voting statistics. } {datasets} } } } } } } } } } } } } } } } } } } } } } including vote counts the number of votes the Communist Party of Turkey (TKP) received in each province} \item{TKP_\ \item{BBP}{bbp'nin oy sayisi the number of votes the Democratic Left Party (DSP) received in each province} \item{DSP_\ \item{DYP}{dyp'nin oy sayisi the number of votes the Democratic Party (DP) received in each province} \item{DP_\ \item{EMEP}{emep'in oy sayisi the number of votes the Felicity Party (SAADET) received in each province} \item{SAADET_\ \item{HAK-PAR}{hak-par'in oy sayisi the number of votes the Freedom and Solidarity Party (ODP) received in each province} \item{ODP_\ \item{MILLET}{millet partisinin oy sayisi the number of votes the Great Unity Party (BBP) received in each province} \item{BBP_\ \item{AK_PARTI}{ak parti'nin oy sayisi the number of votes the Homeland Party (YURT-P) received in each province} \item{YURT-P_\ \item{DP}{dp'nin oy sayisi the number of votes the Independent Turkey Party (BTP) received in each province} \item{BTP_\ \item{IP}{ip'nin oy sayisi the number of votes the Justice and Development Party (AK PARTI) received in each province} \item{AK_PARTI_\ \item{YURT-P}{yurt-p'nin oy sayisi the number of votes the Labour Party (EMEP) received in each province} \item{EMEP_\ \item{ODP}{odp'nin oy sayisi the number of votes the Liberal Democratic Party (LDP) received in each province} \item{LDP_\ \item{BDP}{bdp'nin oy sayisi the number of votes the Nation Party (MILLET) received in each province} \item{MILLET_\ \item{SAADET}{saadet partisinin oy sayisi the number of votes the Nationalist Movement Party (MHP) received in each province} \item{MHP_\ \item{BAGIMSIZ_TOPLAM_OY}{bagimsiz adaylarin toplam oy sayisi the number of votes the Peace and Democracy Party (BDP) received in each province} \item{BDP_\ \item{BTP}{btp'nin oy sayisi the number of votes the People's Liberation Party (HKP) received in each province} \item{HKP_\ \item{TKP}{tkp'nin oy sayisi the number of votes the Peoples' Democratic Party (HDP) received in each province} \item{HDP_\ \item{CHP}{chp'nin oy sayisi the number of votes the Republican People's Party (CHP) received in each province} \item{CHP_\ \item{HEPAR}{hepar'in oy sayisi the number of votes the Rights and Equality Party (HEPAR) received in each province} \item{HEPAR_\ \item{MHP}{mhp'nin oy sayisi the number of votes the Rights and Freedoms Party (HAK-PAR) received in each province} \item{HAK-PAR_\ \item{LDP}{ldp'nin oy sayisi the number of votes the True Path Party (DYP) received in each province} \item{DYP_\ \item{TURK_PARTI}{turk partisi'nin oy sayisi the number of votes the Turkish Party received in each province} \item{TURK_PARTI_\ \item{HKP}{hkp'nin oy sayisi the number of votes the Workers' Party (IP) received in each province} \item{IP_\ \item{HDP}{hdp'nin oy sayisi the total number of votes received by independent candidates in each province} \item{BAGIMSIZ_TOPLAM_OY_\ } } { {YSK (Supreme Election Council)} } { yerel_secim_2014_il } { A dataset showing detailed information for each political party competing in the local elections in every province vote percentages Data codoc mismatches from Rd file 'yerel_secim_2019_il.Rd': Variables in data frame 'yerel_secim_2019_il' Code: AK_PARTI AK_PARTI_% BAGIMSIZ_TOPLAM_OY BAGIMSIZ_TOPLAM_OY_% BBP BBP_% BTP BTP_% CHP CHP_% DP DP_% DSP DSP_% Gecerli_Oy_Toplami HDP HDP_% IYI_PARTI IYI_PARTI_% Il_Adi Il_Adi_% Kayitli_Secmen_Sayisi MHP MHP_% Oy_Kullanan_Secmen_Sayisi SAADET SAADET_% TKP TKP_% VATAN_PARTISI VATAN_PARTISI_% Docs: AK_PARTI BAGIMSIZ_TOPLAM_OY BBP BTP CHP DP DSP Gecerli_Oy_Toplami HDP IYI_PARTI Il_Adi Il_Adi_\ \item{SAADET_\ \item{BTP_\ \item{TKP_\ \item{VATAN_PARTISI_\ \item{BBP_\ \item{CHP_\ \item{AK_PARTI_\ \item{DP_\ \item{MHP_\ \item{IYI_PARTI_\ \item{HDP_\ \item{DSP_\ \item{BAGIMSIZ_TOPLAM_OY_\ } } { {YSK (Supreme Election Council)} } { yerel_secim_2019_il } { A dataset showing detailed information for each political party competing in the local elections in every province Kayitli_Secmen_Sayisi MHP Oy_Kullanan_Secmen_Sayisi SAADET TKP VATAN_PARTISI and overall voting statistics. } {datasets} } } } } } } } } } } } including vote counts vote percentages Data codoc mismatches from Rd file 'yerel_secim_2024_il.Rd': Variables in data frame 'yerel_secim_2024_il' Code: AB PARTİ AB PARTİ_% ABP ABP_% ADP ADP_% AK PARTİ AK PARTİ_% ANAP ANAP_% AP AP_% BAĞIMSIZ TOPLAM OY BAĞIMSIZ TOPLAM OY_% BTP BTP_% BÜYÜK BİRLİK BÜYÜK BİRLİK_% CHP CHP_% DEM Parti DEM Parti_% DEVA PARTİSİ DEVA PARTİSİ_% DP DP_% DSP DSP_% EMEP EMEP_% GBP GBP_% GELECEK PARTİSİ GELECEK PARTİSİ_% Geçerli Oy Toplamı HAK-PAR HAK-PAR_% HKP HKP_% HÜDA PAR HÜDA PAR_% Kayıtlı Seçmen Sayısı MEMLEKET MEMLEKET_% MHP MHP_% MİLLET MİLLET_% MİLLİ YOL MİLLİ YOL_% OCAK OCAK_% Oy Kullanan Seçmen Sayısı SAADET SAADET_% SOL PARTİ SOL PARTİ_% TKH TKH_% TKP TKP_% TİP TİP_% VATAN PARTİSİ VATAN PARTİSİ_% YENİDEN REFAH YENİDEN REFAH_% YTP YTP_% ZAFER PARTİSİ ZAFER PARTİSİ_% İYİ PARTİ İYİ PARTİ_% İl Adı Docs: ABP AB_PARTİ ADP AK_PARTI AK_PARTİ_\ \item{İYİ_PARTİ_\ \item{SOL_PARTİ_\ \item{BÜYÜK_BİRLİK_\ \item{MEMLEKET_\ \item{ANAP_\ \item{DSP_\ \item{YENİDEN_REFAH_\ \item{DEM_Parti_\ \item{TKP_\ \item{ABP_\ \item{ZAFER_PARTİSİ_\ \item{HKP_\ \item{TKH_\ \item{BTP_\ \item{GELECEK_PARTİSİ_\ \item{YTP_\ \item{CHP_\ \item{EMEP_\ \item{HÜDA_PAR_\ \item{HAK_PAR_\ \item{OCAK_\ \item{AB_PARTİ_\ \item{DP_\ \item{GBP_\ \item{MİLLET_\ \item{MİLLİ_YOL_\ \item{AP_\ \item{ADP_\ \item{MHP_\ \item{TİP_\ \item{DEVA_PARTİSİ_\ \item{SAADET_\ \item{VATAN_PARTİSİ_\ \item{BAĞIMSIZ_TOPLAM_OY_\ } } { {YSK (Supreme Election Council)} } { yerel_secim_2024_il } { Information for the 2024 Local Election Results in Turkey by Province A dataset showing detailed information for the overall results of the 2024 local elections ANAP AP BAĞIMSIZ_TOPLAM_OY BTP BÜYÜK_BİRLİK CHP DEM_Parti DEVA_PARTİSİ DP DSP EMEP GBP GELECEK_PARTİSİ Gecerli_Oy_Toplami HAK_PAR HKP HÜDA_PAR Il_Adi Kayitli_Secmen_Sayisi MEMLEKET MHP MİLLET MİLLİ_YOL OCAK Oy_Kullanan_Secmen_Sayisi SAADET SOL_PARTİ TKH TKP TİP VATAN_PARTİSİ YENİDEN_REFAH YTP ZAFER_PARTİSİ including vote counts and percentages for all major political parties across Turkish provinces. } {datasets} } } } } } } } } } } } } } } } } } } } } } } } } } } } } } } } } İYİ_PARTİ * checking Rd \usage sections ... OK * checking Rd contents ... NOTE Rd files without \description: ‘cb_2014_il.Rd’ ‘cb_2018_il.Rd’ ‘cb_2023_ikinci_tur_il.Rd’ ‘cb_2023_ilk_tur_il.Rd’ ‘genel_secim_1995_il.Rd’ ‘genel_secim_1999_il.Rd’ ‘genel_secim_2002_il.Rd’ ‘genel_secim_2007_il.Rd’ ‘genel_secim_2011_il.Rd’ ‘genel_secim_2018_il.Rd’ ‘genel_secim_2023_il.Rd’ ‘genel_secim_haziran_2015_il.Rd’ ‘genel_secim_kasim_2015_il.Rd’ ‘yerel_secim_2009_il.Rd’ ‘yerel_secim_2014_il.Rd’ ‘yerel_secim_2019_il.Rd’ ‘yerel_secim_2024_il.Rd’ * checking for unstated dependencies in examples ... OK * checking contents of ‘data’ directory ... OK * checking data for non-ASCII characters ... [0s/0s] OK * checking LazyData ... OK * checking data for ASCII and uncompressed saves ... OK * checking examples ... [1s/1s] OK * checking for unstated dependencies in ‘tests’ ... OK * checking tests ... [1s/1s] OK Running ‘testthat.R’ [1s/1s] * checking PDF version of manual ... [5s/5s] WARNING LaTeX errors when creating PDF version. This typically indicates Rd problems. LaTeX errors found: ! Paragraph ended before \@item was complete. \par l.54 ! Paragraph ended before \@item was complete. \par l.120 ! Paragraph ended before \@item was complete. \par l.181 ! Paragraph ended before \@item was complete. \par l.242 ! Paragraph ended before \@item was complete. \par l.329 ! Paragraph ended before \@item was complete. \par l.399 ! Paragraph ended before \@item was complete. \par l.469 ! Paragraph ended before \@item was complete. \par l.537 ! Paragraph ended before \@item was complete. \par l.604 ! Paragraph ended before \@item was complete. \par l.671 ! Paragraph ended before \@item was complete. \par l.789 ! Paragraph ended before \@item was complete. \par l.881 ! Paragraph ended before \@item was complete. \par l.946 ! Paragraph ended before \@item was complete. \par l.1233 ! Paragraph ended before \@item was complete. \par l.1355 ! Paragraph ended before \@item was complete. \par l.1460 ! Paragraph ended before \@item was complete. \par l.1568 * checking PDF version of manual without index ... ERROR * checking HTML version of manual ... [1s/1s] OK * checking for non-standard things in the check directory ... NOTE Found the following files/directories: ‘turkeyelections-manual.tex’ * checking for detritus in the temp directory ... OK * DONE Status: 1 ERROR, 4 WARNINGs, 2 NOTEs