* using log directory 'd:/RCompile/CRANincoming/R-devel/traktok.Rcheck' * using R Under development (unstable) (2025-11-19 r89040 ucrt) * using platform: x86_64-w64-mingw32 * R was compiled by gcc.exe (GCC) 14.3.0 GNU Fortran (GCC) 14.3.0 * running under: Windows Server 2022 x64 (build 20348) * using session charset: UTF-8 * checking for file 'traktok/DESCRIPTION' ... OK * checking extension type ... Package * this is package 'traktok' version '0.1.0' * package encoding: UTF-8 * checking CRAN incoming feasibility ... [14s] NOTE Maintainer: 'Johannes B. Gruber ' New submission Possibly misspelled words in DESCRIPTION: TikTok (3:19, 11:22, 12:55) Reading CITATION file fails with argument "bibtype" is missing, with no default when package is not installed. Found the following (possibly) invalid file URI: URI: captcha.mp4 From: inst/doc/unofficial-api.html * checking package namespace information ... OK * checking package dependencies ... OK * checking if this is a source package ... OK * checking if there is a namespace ... OK * checking for hidden files and directories ... OK * checking for portable file names ... OK * checking whether package 'traktok' can be installed ... OK * checking installed package size ... OK * checking package directory ... OK * checking for future file timestamps ... OK * checking 'build' directory ... OK * checking DESCRIPTION meta-information ... OK * checking top-level files ... NOTE Non-standard file/directory found at top level: 'cran-todo.md' * checking for left-over files ... OK * checking index information ... OK * checking package subdirectories ... WARNING Invalid citation information in 'inst/CITATION': Error in bibentry(entry = "Article", title = "traktok — Making TikTok Data Accessible for Research", author = "Johannes B. Gruber", year = 2025, month = "jun", journal = "SocArXiv", doi = "10.31235/osf.io/xrgc6_v1", url = "https://osf.io/xrgc6_v1", textVersion = paste("Gruber, Johannes B. (2025). traktok — Making TikTok Data Accessible for Research. SocArXiv. https://doi.org/10.31235/osf.io/xrgc6_v1")): argument "bibtype" is missing, with no default * checking code files for non-ASCII characters ... OK * checking R files for syntax errors ... OK * checking whether the package can be loaded ... OK * checking whether the package can be loaded with stated dependencies ... OK * checking whether the package can be unloaded cleanly ... OK * checking whether the namespace can be loaded with stated dependencies ... OK * checking whether the namespace can be unloaded cleanly ... OK * checking loading without being on the library search path ... OK * checking use of S3 registration ... OK * checking dependencies in R code ... OK * checking S3 generic/method consistency ... OK * checking replacement functions ... OK * checking foreign function calls ... OK * checking R code for possible problems ... OK * checking Rd files ... OK * checking Rd metadata ... OK * checking Rd line widths ... OK * checking Rd cross-references ... OK * checking for missing documentation entries ... OK * checking for code/documentation mismatches ... OK * checking Rd \usage sections ... OK * checking Rd contents ... OK * checking for unstated dependencies in examples ... OK * checking installed files from 'inst/doc' ... OK * checking files in 'vignettes' ... OK * checking examples ... OK * checking for unstated dependencies in 'tests' ... OK * checking tests ... OK Running 'spelling.R' Running 'testthat.R' * checking for unstated dependencies in vignettes ... OK * checking package vignettes ... OK * checking re-building of vignette outputs ... OK * checking PDF version of manual ... [12s] OK * checking HTML version of manual ... OK * DONE Status: 1 WARNING, 2 NOTEs