* using log directory 'd:/RCompile/CRANincoming/R-devel/timeordered.Rcheck' * using R Under development (unstable) (2025-09-25 r88874 ucrt) * using platform: x86_64-w64-mingw32 * R was compiled by gcc.exe (GCC) 14.2.0 GNU Fortran (GCC) 14.2.0 * running under: Windows Server 2022 x64 (build 20348) * using session charset: UTF-8 * checking for file 'timeordered/DESCRIPTION' ... OK * checking extension type ... Package * this is package 'timeordered' version '1.0.2' * checking CRAN incoming feasibility ... OK * checking package namespace information ... OK * checking package dependencies ... OK * checking if this is a source package ... OK * checking if there is a namespace ... OK * checking for hidden files and directories ... OK * checking for portable file names ... OK * checking serialization versions ... OK * checking whether package 'timeordered' can be installed ... OK * checking installed package size ... OK * checking package directory ... OK * checking for future file timestamps ... OK * checking DESCRIPTION meta-information ... OK * checking top-level files ... OK * checking for left-over files ... OK * checking index information ... OK * checking package subdirectories ... OK * checking code files for non-ASCII characters ... OK * checking R files for syntax errors ... OK * checking whether the package can be loaded ... OK * checking whether the package can be loaded with stated dependencies ... OK * checking whether the package can be unloaded cleanly ... OK * checking whether the namespace can be loaded with stated dependencies ... OK * checking whether the namespace can be unloaded cleanly ... OK * checking loading without being on the library search path ... OK * checking use of S3 registration ... OK * checking dependencies in R code ... OK * checking S3 generic/method consistency ... OK * checking replacement functions ... OK * checking foreign function calls ... OK * checking R code for possible problems ... OK * checking Rd files ... OK * checking Rd metadata ... OK * checking Rd line widths ... OK * checking Rd cross-references ... OK * checking for missing documentation entries ... OK * checking for code/documentation mismatches ... OK * checking Rd \usage sections ... OK * checking Rd contents ... OK * checking for unstated dependencies in examples ... OK * checking contents of 'data' directory ... OK * checking data for non-ASCII characters ... OK * checking LazyData ... OK * checking data for ASCII and uncompressed saves ... OK * checking examples ... [22s] ERROR Running examples in 'timeordered-Ex.R' failed The error most likely occurred in: > base::assign(".ptime", proc.time(), pos = "CheckExEnv") > ### Name: transformspreadbyindividual > ### Title: A helper function to assess differences in spreading potential > ### by vertex. > ### Aliases: transformspreadbyindividual > > ### ** Examples > > data(ants) > allindivs <- c(union(as.character(ants$VertexFrom), as.character(ants$VertexTo)), "NULL1", "NULL2") > g <- generatetonetwork(ants, allindivs) > sa <- spreadanalysis(g, seq(0,1000,by=50), 20) [1] 0.05 [1] 0.1 [1] 0.15 [1] 0.2 [1] 0.25 [1] 0.3 [1] 0.35 [1] 0.4 [1] 0.45 [1] 0.5 [1] 0.55 [1] 0.6 [1] 0.65 [1] 0.7 [1] 0.75 [1] 0.8 [1] 0.85 [1] 0.9 [1] 0.95 [1] 1 > b <- transformspreadbyindividual(sa) > heatmap(b, Rowv=NA, Colv=NA, scale='none', xlab="Individual", ylab="Time") Error in heatmap(b, Rowv = NA, Colv = NA, scale = "none", xlab = "Individual", : 'x' must be a numeric matrix Execution halted * checking PDF version of manual ... [13s] OK * checking HTML version of manual ... OK * DONE Status: 1 ERROR