* using log directory 'd:/RCompile/CRANincoming/R-devel/tikatuwq.Rcheck' * using R Under development (unstable) (2025-10-06 r88901 ucrt) * using platform: x86_64-w64-mingw32 * R was compiled by gcc.exe (GCC) 14.2.0 GNU Fortran (GCC) 14.2.0 * running under: Windows Server 2022 x64 (build 20348) * using session charset: UTF-8 * checking for file 'tikatuwq/DESCRIPTION' ... OK * checking extension type ... Package * this is package 'tikatuwq' version '0.6.1' * package encoding: UTF-8 * checking CRAN incoming feasibility ... [14s] NOTE Maintainer: 'Vinicius Saraiva Santos ' Days since last update: 6 * checking package namespace information ... OK * checking package dependencies ... OK * checking if this is a source package ... OK * checking if there is a namespace ... OK * checking for hidden files and directories ... OK * checking for portable file names ... OK * checking whether package 'tikatuwq' can be installed ... OK * checking installed package size ... OK * checking package directory ... OK * checking for future file timestamps ... OK * checking 'build' directory ... OK * checking DESCRIPTION meta-information ... OK * checking top-level files ... OK * checking for left-over files ... OK * checking index information ... OK * checking package subdirectories ... OK * checking code files for non-ASCII characters ... OK * checking R files for syntax errors ... OK * checking whether the package can be loaded ... OK * checking whether the package can be loaded with stated dependencies ... OK * checking whether the package can be unloaded cleanly ... OK * checking whether the namespace can be loaded with stated dependencies ... OK * checking whether the namespace can be unloaded cleanly ... OK * checking loading without being on the library search path ... OK * checking use of S3 registration ... OK * checking dependencies in R code ... OK * checking S3 generic/method consistency ... OK * checking replacement functions ... OK * checking foreign function calls ... OK * checking R code for possible problems ... [14s] OK * checking Rd files ... OK * checking Rd metadata ... OK * checking Rd line widths ... OK * checking Rd cross-references ... OK * checking for missing documentation entries ... OK * checking for code/documentation mismatches ... WARNING Codoc mismatches from Rd file 'generate_analysis.Rd': generate_analysis Code: function(df, classe_conama = "2", incluir_tendencia = TRUE, parametros_tendencia = c("turbidez", "od", "pH"), contexto = list(rio = NA, periodo = NA, cidade = NA)) Docs: function(df, classe_conama = "2", incluir_tendencia = TRUE, parametros_tendencia = c("turbidez", "od", "pH"), contexto = list(rio = NA, periodo = NA, cidade = NA), id_cols = NULL, filter = NULL) Argument names in docs not in code: id_cols filter * checking Rd \usage sections ... OK * checking Rd contents ... OK * checking for unstated dependencies in examples ... OK * checking contents of 'data' directory ... OK * checking data for non-ASCII characters ... OK * checking LazyData ... OK * checking data for ASCII and uncompressed saves ... OK * checking installed files from 'inst/doc' ... OK * checking files in 'vignettes' ... OK * checking examples ... OK * checking for unstated dependencies in 'tests' ... OK * checking tests ... OK Running 'testthat.R' * checking for unstated dependencies in vignettes ... OK * checking package vignettes ... OK * checking re-building of vignette outputs ... OK * checking PDF version of manual ... [29s] OK * checking HTML version of manual ... OK * DONE Status: 1 WARNING, 1 NOTE