* using log directory ‘/home/hornik/tmp/CRAN_special_noSuggests/tidyquant.Rcheck’ * using R Under development (unstable) (2025-01-06 r87534) * using platform: x86_64-pc-linux-gnu * R was compiled by gcc-14 (Debian 14.2.0-8) 14.2.0 GNU Fortran (Debian 14.2.0-8) 14.2.0 * running under: Debian GNU/Linux trixie/sid * using session charset: UTF-8 * checking for file ‘tidyquant/DESCRIPTION’ ... OK * checking extension type ... Package * this is package ‘tidyquant’ version ‘1.0.10’ * package encoding: UTF-8 * checking CRAN incoming feasibility ... [6s/7s] NOTE Maintainer: ‘Matt Dancho ’ Found the following (possibly) invalid URLs: URL: https://www.ssga.com/ (moved to https://www.ssga.com/at/en_gb) From: inst/doc/TQ01-core-functions-in-tidyquant.html Status: 301 Message: Moved Permanently URL: https://www.tiingo.com/ From: man/tq_get.Rd Status: 500 Message: Internal Server Error For content that is 'Moved Permanently', please change http to https, add trailing slashes, or replace the old by the new URL. * checking package namespace information ... OK * checking package dependencies ... OK * checking if this is a source package ... OK * checking if there is a namespace ... OK * checking for executable files ... OK * checking for hidden files and directories ... OK * checking for portable file names ... OK * checking for sufficient/correct file permissions ... OK * checking whether package ‘tidyquant’ can be installed ... [5s/6s] OK * checking package directory ... OK * checking for future file timestamps ... OK * checking ‘build’ directory ... OK * checking DESCRIPTION meta-information ... OK * checking top-level files ... OK * checking for left-over files ... OK * checking index information ... OK * checking package subdirectories ... OK * checking code files for non-ASCII characters ... OK * checking R files for syntax errors ... OK * checking whether the package can be loaded ... [1s/1s] OK * checking whether the package can be loaded with stated dependencies ... [1s/1s] OK * checking whether the package can be unloaded cleanly ... [1s/1s] OK * checking whether the namespace can be loaded with stated dependencies ... [1s/1s] OK * checking whether the namespace can be unloaded cleanly ... [1s/1s] OK * checking loading without being on the library search path ... [1s/1s] OK * checking whether startup messages can be suppressed ... [1s/1s] OK * checking use of S3 registration ... OK * checking dependencies in R code ... OK * checking S3 generic/method consistency ... OK * checking replacement functions ... OK * checking foreign function calls ... OK * checking R code for possible problems ... [8s/8s] OK * checking Rd files ... [0s/0s] OK * checking Rd metadata ... OK * checking Rd line widths ... OK * checking Rd cross-references ... OK * checking for missing documentation entries ... OK * checking for code/documentation mismatches ... OK * checking Rd \usage sections ... OK * checking Rd contents ... OK * checking for unstated dependencies in examples ... OK * checking contents of ‘data’ directory ... OK * checking data for non-ASCII characters ... [0s/0s] OK * checking LazyData ... OK * checking data for ASCII and uncompressed saves ... OK * checking R/sysdata.rda ... OK * checking installed files from ‘inst/doc’ ... OK * checking files in ‘vignettes’ ... OK * checking examples ... [12s/14s] OK * checking for unstated dependencies in ‘tests’ ... OK * checking tests ... [6s/8s] OK Running ‘testthat.R’ [6s/8s] * checking for unstated dependencies in vignettes ... OK * checking package vignettes ... OK * checking re-building of vignette outputs ... [70s/75s] ERROR Error(s) in re-building vignettes: ... --- re-building ‘TQ00-introduction-to-tidyquant.Rmd’ using rmarkdown ** Processing: /home/hornik/tmp/CRAN_special_noSuggests/tidyquant.Rcheck/vign_test/tidyquant/vignettes/TQ00-introduction-to-tidyquant_files/figure-html/unnamed-chunk-2-1.png 1200x675 pixels, 3x8 bits/pixel, RGB Input IDAT size = 140120 bytes Input file size = 140402 bytes Trying: zc = 9 zm = 8 zs = 0 f = 0 IDAT size = 115563 zc = 9 zm = 8 zs = 1 f = 0 zc = 1 zm = 8 zs = 2 f = 0 zc = 9 zm = 8 zs = 3 f = 0 zc = 9 zm = 8 zs = 0 f = 5 zc = 9 zm = 8 zs = 1 f = 5 zc = 1 zm = 8 zs = 2 f = 5 zc = 9 zm = 8 zs = 3 f = 5 Selecting parameters: zc = 9 zm = 8 zs = 0 f = 0 IDAT size = 115563 Output IDAT size = 115563 bytes (24557 bytes decrease) Output file size = 115641 bytes (24761 bytes = 17.64% decrease) --- finished re-building ‘TQ00-introduction-to-tidyquant.Rmd’ --- re-building ‘TQ01-core-functions-in-tidyquant.Rmd’ using rmarkdown --- finished re-building ‘TQ01-core-functions-in-tidyquant.Rmd’ --- re-building ‘TQ02-quant-integrations-in-tidyquant.Rmd’ using rmarkdown ** Processing: /home/hornik/tmp/CRAN_special_noSuggests/tidyquant.Rcheck/vign_test/tidyquant/vignettes/TQ02-quant-integrations-in-tidyquant_files/figure-html/unnamed-chunk-11-1.png 1200x675 pixels, 3x8 bits/pixel, RGB Input IDAT size = 54393 bytes Input file size = 54543 bytes Trying: zc = 9 zm = 8 zs = 0 f = 0 IDAT size = 45167 zc = 9 zm = 8 zs = 1 f = 0 zc = 1 zm = 8 zs = 2 f = 0 zc = 9 zm = 8 zs = 3 f = 0 zc = 9 zm = 8 zs = 0 f = 5 zc = 9 zm = 8 zs = 1 f = 5 zc = 1 zm = 8 zs = 2 f = 5 zc = 9 zm = 8 zs = 3 f = 5 Selecting parameters: zc = 9 zm = 8 zs = 0 f = 0 IDAT size = 45167 Output IDAT size = 45167 bytes (9226 bytes decrease) Output file size = 45245 bytes (9298 bytes = 17.05% decrease) ** Processing: /home/hornik/tmp/CRAN_special_noSuggests/tidyquant.Rcheck/vign_test/tidyquant/vignettes/TQ02-quant-integrations-in-tidyquant_files/figure-html/unnamed-chunk-13-1.png 1200x675 pixels, 3x8 bits/pixel, RGB Input IDAT size = 56818 bytes Input file size = 56968 bytes Trying: zc = 9 zm = 8 zs = 0 f = 0 IDAT size = 48967 zc = 9 zm = 8 zs = 1 f = 0 zc = 1 zm = 8 zs = 2 f = 0 zc = 9 zm = 8 zs = 3 f = 0 zc = 9 zm = 8 zs = 0 f = 5 zc = 9 zm = 8 zs = 1 f = 5 zc = 1 zm = 8 zs = 2 f = 5 zc = 9 zm = 8 zs = 3 f = 5 Selecting parameters: zc = 9 zm = 8 zs = 0 f = 0 IDAT size = 48967 Output IDAT size = 48967 bytes (7851 bytes decrease) Output file size = 49045 bytes (7923 bytes = 13.91% decrease) ** Processing: /home/hornik/tmp/CRAN_special_noSuggests/tidyquant.Rcheck/vign_test/tidyquant/vignettes/TQ02-quant-integrations-in-tidyquant_files/figure-html/unnamed-chunk-15-1.png 1200x675 pixels, 3x8 bits/pixel, RGB Input IDAT size = 92075 bytes Input file size = 92285 bytes Trying: zc = 9 zm = 8 zs = 0 f = 0 IDAT size = 73549 zc = 9 zm = 8 zs = 1 f = 0 zc = 1 zm = 8 zs = 2 f = 0 zc = 9 zm = 8 zs = 3 f = 0 zc = 9 zm = 8 zs = 0 f = 5 zc = 9 zm = 8 zs = 1 f = 5 zc = 1 zm = 8 zs = 2 f = 5 zc = 9 zm = 8 zs = 3 f = 5 Selecting parameters: zc = 9 zm = 8 zs = 0 f = 0 IDAT size = 73549 Output IDAT size = 73549 bytes (18526 bytes decrease) Output file size = 73627 bytes (18658 bytes = 20.22% decrease) ** Processing: /home/hornik/tmp/CRAN_special_noSuggests/tidyquant.Rcheck/vign_test/tidyquant/vignettes/TQ02-quant-integrations-in-tidyquant_files/figure-html/unnamed-chunk-16-1.png 1200x675 pixels, 3x8 bits/pixel, RGB Input IDAT size = 90570 bytes Input file size = 90780 bytes Trying: zc = 9 zm = 8 zs = 0 f = 0 IDAT size = 70247 zc = 9 zm = 8 zs = 1 f = 0 zc = 1 zm = 8 zs = 2 f = 0 zc = 9 zm = 8 zs = 3 f = 0 zc = 9 zm = 8 zs = 0 f = 5 zc = 9 zm = 8 zs = 1 f = 5 zc = 1 zm = 8 zs = 2 f = 5 zc = 9 zm = 8 zs = 3 f = 5 Selecting parameters: zc = 9 zm = 8 zs = 0 f = 0 IDAT size = 70247 Output IDAT size = 70247 bytes (20323 bytes decrease) Output file size = 70325 bytes (20455 bytes = 22.53% decrease) ** Processing: /home/hornik/tmp/CRAN_special_noSuggests/tidyquant.Rcheck/vign_test/tidyquant/vignettes/TQ02-quant-integrations-in-tidyquant_files/figure-html/unnamed-chunk-20-1.png 1200x675 pixels, 3x8 bits/pixel, RGB Input IDAT size = 87454 bytes Input file size = 87652 bytes Trying: zc = 9 zm = 8 zs = 0 f = 0 IDAT size = 70803 zc = 9 zm = 8 zs = 1 f = 0 zc = 1 zm = 8 zs = 2 f = 0 zc = 9 zm = 8 zs = 3 f = 0 zc = 9 zm = 8 zs = 0 f = 5 zc = 9 zm = 8 zs = 1 f = 5 zc = 1 zm = 8 zs = 2 f = 5 zc = 9 zm = 8 zs = 3 f = 5 Selecting parameters: zc = 9 zm = 8 zs = 0 f = 0 IDAT size = 70803 Output IDAT size = 70803 bytes (16651 bytes decrease) Output file size = 70881 bytes (16771 bytes = 19.13% decrease) ** Processing: /home/hornik/tmp/CRAN_special_noSuggests/tidyquant.Rcheck/vign_test/tidyquant/vignettes/TQ02-quant-integrations-in-tidyquant_files/figure-html/unnamed-chunk-22-1.png 1200x675 pixels, 3x8 bits/pixel, RGB Input IDAT size = 98682 bytes Input file size = 98904 bytes Trying: zc = 9 zm = 8 zs = 0 f = 0 IDAT size = 76587 zc = 9 zm = 8 zs = 1 f = 0 zc = 1 zm = 8 zs = 2 f = 0 zc = 9 zm = 8 zs = 3 f = 0 zc = 9 zm = 8 zs = 0 f = 5 zc = 9 zm = 8 zs = 1 f = 5 zc = 1 zm = 8 zs = 2 f = 5 zc = 9 zm = 8 zs = 3 f = 5 Selecting parameters: zc = 9 zm = 8 zs = 0 f = 0 IDAT size = 76587 Output IDAT size = 76587 bytes (22095 bytes decrease) Output file size = 76665 bytes (22239 bytes = 22.49% decrease) ** Processing: /home/hornik/tmp/CRAN_special_noSuggests/tidyquant.Rcheck/vign_test/tidyquant/vignettes/TQ02-quant-integrations-in-tidyquant_files/figure-html/unnamed-chunk-25-1.png 1200x675 pixels, 3x8 bits/pixel, RGB Input IDAT size = 91055 bytes Input file size = 91265 bytes Trying: zc = 9 zm = 8 zs = 0 f = 0 IDAT size = 71268 zc = 9 zm = 8 zs = 1 f = 0 zc = 1 zm = 8 zs = 2 f = 0 zc = 9 zm = 8 zs = 3 f = 0 zc = 9 zm = 8 zs = 0 f = 5 zc = 9 zm = 8 zs = 1 f = 5 zc = 1 zm = 8 zs = 2 f = 5 zc = 9 zm = 8 zs = 3 f = 5 Selecting parameters: zc = 9 zm = 8 zs = 0 f = 0 IDAT size = 71268 Output IDAT size = 71268 bytes (19787 bytes decrease) Output file size = 71346 bytes (19919 bytes = 21.83% decrease) ** Processing: /home/hornik/tmp/CRAN_special_noSuggests/tidyquant.Rcheck/vign_test/tidyquant/vignettes/TQ02-quant-integrations-in-tidyquant_files/figure-html/unnamed-chunk-27-1.png 1200x675 pixels, 3x8 bits/pixel, RGB Input IDAT size = 105678 bytes Input file size = 105900 bytes Trying: zc = 9 zm = 8 zs = 0 f = 0 IDAT size = 90385 zc = 9 zm = 8 zs = 1 f = 0 zc = 1 zm = 8 zs = 2 f = 0 zc = 9 zm = 8 zs = 3 f = 0 zc = 9 zm = 8 zs = 0 f = 5 zc = 9 zm = 8 zs = 1 f = 5 zc = 1 zm = 8 zs = 2 f = 5 zc = 9 zm = 8 zs = 3 f = 5 Selecting parameters: zc = 9 zm = 8 zs = 0 f = 0 IDAT size = 90385 Output IDAT size = 90385 bytes (15293 bytes decrease) Output file size = 90463 bytes (15437 bytes = 14.58% decrease) ** Processing: /home/hornik/tmp/CRAN_special_noSuggests/tidyquant.Rcheck/vign_test/tidyquant/vignettes/TQ02-quant-integrations-in-tidyquant_files/figure-html/unnamed-chunk-31-1.png 1200x675 pixels, 3x8 bits/pixel, RGB Input IDAT size = 61365 bytes Input file size = 61527 bytes Trying: zc = 9 zm = 8 zs = 0 f = 0 IDAT size = 58220 zc = 9 zm = 8 zs = 1 f = 0 zc = 1 zm = 8 zs = 2 f = 0 zc = 9 zm = 8 zs = 3 f = 0 zc = 9 zm = 8 zs = 0 f = 5 zc = 9 zm = 8 zs = 1 f = 5 zc = 1 zm = 8 zs = 2 f = 5 zc = 9 zm = 8 zs = 3 f = 5 Selecting parameters: zc = 9 zm = 8 zs = 0 f = 0 IDAT size = 58220 Output IDAT size = 58220 bytes (3145 bytes decrease) Output file size = 58298 bytes (3229 bytes = 5.25% decrease) ** Processing: /home/hornik/tmp/CRAN_special_noSuggests/tidyquant.Rcheck/vign_test/tidyquant/vignettes/TQ02-quant-integrations-in-tidyquant_files/figure-html/unnamed-chunk-32-1.png 1200x675 pixels, 3x8 bits/pixel, RGB Input IDAT size = 112599 bytes Input file size = 112833 bytes Trying: zc = 9 zm = 8 zs = 0 f = 0 IDAT size = 108398 zc = 9 zm = 8 zs = 1 f = 0 zc = 1 zm = 8 zs = 2 f = 0 zc = 9 zm = 8 zs = 3 f = 0 zc = 9 zm = 8 zs = 0 f = 5 zc = 9 zm = 8 zs = 1 f = 5 zc = 1 zm = 8 zs = 2 f = 5 zc = 9 zm = 8 zs = 3 f = 5 Selecting parameters: zc = 9 zm = 8 zs = 0 f = 0 IDAT size = 108398 Output IDAT size = 108398 bytes (4201 bytes decrease) Output file size = 108476 bytes (4357 bytes = 3.86% decrease) --- finished re-building ‘TQ02-quant-integrations-in-tidyquant.Rmd’ --- re-building ‘TQ03-scaling-and-modeling-with-tidyquant.Rmd’ using rmarkdown ** Processing: /home/hornik/tmp/CRAN_special_noSuggests/tidyquant.Rcheck/vign_test/tidyquant/vignettes/TQ03-scaling-and-modeling-with-tidyquant_files/figure-html/unnamed-chunk-11-1.png 1200x675 pixels, 3x8 bits/pixel, RGB Input IDAT size = 32422 bytes Input file size = 32536 bytes Trying: zc = 9 zm = 8 zs = 0 f = 0 IDAT size = 27125 zc = 9 zm = 8 zs = 1 f = 0 zc = 1 zm = 8 zs = 2 f = 0 zc = 9 zm = 8 zs = 3 f = 0 zc = 9 zm = 8 zs = 0 f = 5 zc = 9 zm = 8 zs = 1 f = 5 zc = 1 zm = 8 zs = 2 f = 5 zc = 9 zm = 8 zs = 3 f = 5 Selecting parameters: zc = 9 zm = 8 zs = 0 f = 0 IDAT size = 27125 Output IDAT size = 27125 bytes (5297 bytes decrease) Output file size = 27203 bytes (5333 bytes = 16.39% decrease) ** Processing: /home/hornik/tmp/CRAN_special_noSuggests/tidyquant.Rcheck/vign_test/tidyquant/vignettes/TQ03-scaling-and-modeling-with-tidyquant_files/figure-html/unnamed-chunk-15-1.png 1200x675 pixels, 3x8 bits/pixel, RGB Input IDAT size = 50785 bytes Input file size = 50935 bytes Trying: zc = 9 zm = 8 zs = 0 f = 0 IDAT size = 45647 zc = 9 zm = 8 zs = 1 f = 0 zc = 1 zm = 8 zs = 2 f = 0 zc = 9 zm = 8 zs = 3 f = 0 zc = 9 zm = 8 zs = 0 f = 5 zc = 9 zm = 8 zs = 1 f = 5 zc = 1 zm = 8 zs = 2 f = 5 zc = 9 zm = 8 zs = 3 f = 5 Selecting parameters: zc = 9 zm = 8 zs = 0 f = 0 IDAT size = 45647 Output IDAT size = 45647 bytes (5138 bytes decrease) Output file size = 45725 bytes (5210 bytes = 10.23% decrease) Quitting from lines 234-236 [unnamed-chunk-17] (TQ03-scaling-and-modeling-with-tidyquant.Rmd) Error: processing vignette 'TQ03-scaling-and-modeling-with-tidyquant.Rmd' failed with diagnostics: there is no package called 'broom' --- failed re-building ‘TQ03-scaling-and-modeling-with-tidyquant.Rmd’ --- re-building ‘TQ04-charting-with-tidyquant.Rmd’ using rmarkdown ** Processing: /home/hornik/tmp/CRAN_special_noSuggests/tidyquant.Rcheck/vign_test/tidyquant/vignettes/TQ04-charting-with-tidyquant_files/figure-html/unnamed-chunk-6-1.png 1200x675 pixels, 3x8 bits/pixel, RGB Input IDAT size = 61990 bytes Input file size = 62152 bytes Trying: zc = 9 zm = 8 zs = 0 f = 0 zc = 9 zm = 8 zs = 1 f = 0 zc = 1 zm = 8 zs = 2 f = 0 zc = 9 zm = 8 zs = 3 f = 0 zc = 9 zm = 8 zs = 0 f = 5 IDAT size = 58296 zc = 9 zm = 8 zs = 1 f = 5 zc = 1 zm = 8 zs = 2 f = 5 zc = 9 zm = 8 zs = 3 f = 5 Selecting parameters: zc = 9 zm = 8 zs = 0 f = 5 IDAT size = 58296 Output IDAT size = 58296 bytes (3694 bytes decrease) Output file size = 58374 bytes (3778 bytes = 6.08% decrease) ** Processing: /home/hornik/tmp/CRAN_special_noSuggests/tidyquant.Rcheck/vign_test/tidyquant/vignettes/TQ04-charting-with-tidyquant_files/figure-html/unnamed-chunk-7-1.png 1200x675 pixels, 3x8 bits/pixel, RGB Input IDAT size = 46906 bytes Input file size = 47044 bytes Trying: zc = 9 zm = 8 zs = 0 f = 0 IDAT size = 42582 zc = 9 zm = 8 zs = 1 f = 0 zc = 1 zm = 8 zs = 2 f = 0 zc = 9 zm = 8 zs = 3 f = 0 zc = 9 zm = 8 zs = 0 f = 5 zc = 9 zm = 8 zs = 1 f = 5 zc = 1 zm = 8 zs = 2 f = 5 zc = 9 zm = 8 zs = 3 f = 5 Selecting parameters: zc = 9 zm = 8 zs = 0 f = 0 IDAT size = 42582 Output IDAT size = 42582 bytes (4324 bytes decrease) Output file size = 42660 bytes (4384 bytes = 9.32% decrease) ** Processing: /home/hornik/tmp/CRAN_special_noSuggests/tidyquant.Rcheck/vign_test/tidyquant/vignettes/TQ04-charting-with-tidyquant_files/figure-html/unnamed-chunk-8-1.png 1200x675 pixels, 3x8 bits/pixel, RGB Input IDAT size = 28057 bytes Input file size = 28171 bytes Trying: zc = 9 zm = 8 zs = 0 f = 0 IDAT size = 23925 zc = 9 zm = 8 zs = 1 f = 0 zc = 1 zm = 8 zs = 2 f = 0 zc = 9 zm = 8 zs = 3 f = 0 zc = 9 zm = 8 zs = 0 f = 5 zc = 9 zm = 8 zs = 1 f = 5 zc = 1 zm = 8 zs = 2 f = 5 zc = 9 zm = 8 zs = 3 f = 5 Selecting parameters: zc = 9 zm = 8 zs = 0 f = 0 IDAT size = 23925 Output IDAT size = 23925 bytes (4132 bytes decrease) Output file size = 24003 bytes (4168 bytes = 14.80% decrease) ** Processing: /home/hornik/tmp/CRAN_special_noSuggests/tidyquant.Rcheck/vign_test/tidyquant/vignettes/TQ04-charting-with-tidyquant_files/figure-html/unnamed-chunk-9-1.png 1200x675 pixels, 3x8 bits/pixel, RGB Input IDAT size = 29257 bytes Input file size = 29371 bytes Trying: zc = 9 zm = 8 zs = 0 f = 0 IDAT size = 24948 zc = 9 zm = 8 zs = 1 f = 0 zc = 1 zm = 8 zs = 2 f = 0 zc = 9 zm = 8 zs = 3 f = 0 zc = 9 zm = 8 zs = 0 f = 5 zc = 9 zm = 8 zs = 1 f = 5 zc = 1 zm = 8 zs = 2 f = 5 zc = 9 zm = 8 zs = 3 f = 5 Selecting parameters: zc = 9 zm = 8 zs = 0 f = 0 IDAT size = 24948 Output IDAT size = 24948 bytes (4309 bytes decrease) Output file size = 25026 bytes (4345 bytes = 14.79% decrease) ** Processing: /home/hornik/tmp/CRAN_special_noSuggests/tidyquant.Rcheck/vign_test/tidyquant/vignettes/TQ04-charting-with-tidyquant_files/figure-html/unnamed-chunk-10-1.png 1200x675 pixels, 3x8 bits/pixel, RGB Input IDAT size = 40595 bytes Input file size = 40721 bytes Trying: zc = 9 zm = 8 zs = 0 f = 0 IDAT size = 35290 zc = 9 zm = 8 zs = 1 f = 0 zc = 1 zm = 8 zs = 2 f = 0 zc = 9 zm = 8 zs = 3 f = 0 zc = 9 zm = 8 zs = 0 f = 5 zc = 9 zm = 8 zs = 1 f = 5 zc = 1 zm = 8 zs = 2 f = 5 zc = 9 zm = 8 zs = 3 f = 5 Selecting parameters: zc = 9 zm = 8 zs = 0 f = 0 IDAT size = 35290 Output IDAT size = 35290 bytes (5305 bytes decrease) Output file size = 35368 bytes (5353 bytes = 13.15% decrease) ** Processing: /home/hornik/tmp/CRAN_special_noSuggests/tidyquant.Rcheck/vign_test/tidyquant/vignettes/TQ04-charting-with-tidyquant_files/figure-html/unnamed-chunk-11-1.png 1200x675 pixels, 3x8 bits/pixel, RGB Input IDAT size = 28111 bytes Input file size = 28225 bytes Trying: zc = 9 zm = 8 zs = 0 f = 0 IDAT size = 23680 zc = 9 zm = 8 zs = 1 f = 0 zc = 1 zm = 8 zs = 2 f = 0 zc = 9 zm = 8 zs = 3 f = 0 zc = 9 zm = 8 zs = 0 f = 5 zc = 9 zm = 8 zs = 1 f = 5 zc = 1 zm = 8 zs = 2 f = 5 zc = 9 zm = 8 zs = 3 f = 5 Selecting parameters: zc = 9 zm = 8 zs = 0 f = 0 IDAT size = 23680 Output IDAT size = 23680 bytes (4431 bytes decrease) Output file size = 23758 bytes (4467 bytes = 15.83% decrease) ** Processing: /home/hornik/tmp/CRAN_special_noSuggests/tidyquant.Rcheck/vign_test/tidyquant/vignettes/TQ04-charting-with-tidyquant_files/figure-html/unnamed-chunk-12-1.png 1200x675 pixels, 3x8 bits/pixel, RGB Input IDAT size = 28902 bytes Input file size = 29016 bytes Trying: zc = 9 zm = 8 zs = 0 f = 0 IDAT size = 24275 zc = 9 zm = 8 zs = 1 f = 0 zc = 1 zm = 8 zs = 2 f = 0 zc = 9 zm = 8 zs = 3 f = 0 zc = 9 zm = 8 zs = 0 f = 5 zc = 9 zm = 8 zs = 1 f = 5 zc = 1 zm = 8 zs = 2 f = 5 zc = 9 zm = 8 zs = 3 f = 5 Selecting parameters: zc = 9 zm = 8 zs = 0 f = 0 IDAT size = 24275 Output IDAT size = 24275 bytes (4627 bytes decrease) Output file size = 24353 bytes (4663 bytes = 16.07% decrease) ** Processing: /home/hornik/tmp/CRAN_special_noSuggests/tidyquant.Rcheck/vign_test/tidyquant/vignettes/TQ04-charting-with-tidyquant_files/figure-html/unnamed-chunk-13-1.png 1200x750 pixels, 3x8 bits/pixel, RGB Input IDAT size = 54684 bytes Input file size = 54834 bytes Trying: zc = 9 zm = 8 zs = 0 f = 0 IDAT size = 45209 zc = 9 zm = 8 zs = 1 f = 0 zc = 1 zm = 8 zs = 2 f = 0 zc = 9 zm = 8 zs = 3 f = 0 zc = 9 zm = 8 zs = 0 f = 5 zc = 9 zm = 8 zs = 1 f = 5 zc = 1 zm = 8 zs = 2 f = 5 zc = 9 zm = 8 zs = 3 f = 5 Selecting parameters: zc = 9 zm = 8 zs = 0 f = 0 IDAT size = 45209 Output IDAT size = 45209 bytes (9475 bytes decrease) Output file size = 45287 bytes (9547 bytes = 17.41% decrease) ** Processing: /home/hornik/tmp/CRAN_special_noSuggests/tidyquant.Rcheck/vign_test/tidyquant/vignettes/TQ04-charting-with-tidyquant_files/figure-html/unnamed-chunk-14-1.png 1200x750 pixels, 3x8 bits/pixel, RGB Input IDAT size = 66404 bytes Input file size = 66578 bytes Trying: zc = 9 zm = 8 zs = 0 f = 0 IDAT size = 54621 zc = 9 zm = 8 zs = 1 f = 0 zc = 1 zm = 8 zs = 2 f = 0 zc = 9 zm = 8 zs = 3 f = 0 zc = 9 zm = 8 zs = 0 f = 5 zc = 9 zm = 8 zs = 1 f = 5 zc = 1 zm = 8 zs = 2 f = 5 zc = 9 zm = 8 zs = 3 f = 5 Selecting parameters: zc = 9 zm = 8 zs = 0 f = 0 IDAT size = 54621 Output IDAT size = 54621 bytes (11783 bytes decrease) Output file size = 54699 bytes (11879 bytes = 17.84% decrease) ** Processing: /home/hornik/tmp/CRAN_special_noSuggests/tidyquant.Rcheck/vign_test/tidyquant/vignettes/TQ04-charting-with-tidyquant_files/figure-html/unnamed-chunk-15-1.png 1200x675 pixels, 3x8 bits/pixel, RGB Input IDAT size = 51625 bytes Input file size = 51775 bytes Trying: zc = 9 zm = 8 zs = 0 f = 0 IDAT size = 44130 zc = 9 zm = 8 zs = 1 f = 0 zc = 1 zm = 8 zs = 2 f = 0 zc = 9 zm = 8 zs = 3 f = 0 zc = 9 zm = 8 zs = 0 f = 5 zc = 9 zm = 8 zs = 1 f = 5 zc = 1 zm = 8 zs = 2 f = 5 zc = 9 zm = 8 zs = 3 f = 5 Selecting parameters: zc = 9 zm = 8 zs = 0 f = 0 IDAT size = 44130 Output IDAT size = 44130 bytes (7495 bytes decrease) Output file size = 44208 bytes (7567 bytes = 14.62% decrease) ** Processing: /home/hornik/tmp/CRAN_special_noSuggests/tidyquant.Rcheck/vign_test/tidyquant/vignettes/TQ04-charting-with-tidyquant_files/figure-html/unnamed-chunk-16-1.png 1200x675 pixels, 3x8 bits/pixel, RGB Input IDAT size = 52572 bytes Input file size = 52722 bytes Trying: zc = 9 zm = 8 zs = 0 f = 0 IDAT size = 45998 zc = 9 zm = 8 zs = 1 f = 0 zc = 1 zm = 8 zs = 2 f = 0 zc = 9 zm = 8 zs = 3 f = 0 zc = 9 zm = 8 zs = 0 f = 5 zc = 9 zm = 8 zs = 1 f = 5 zc = 1 zm = 8 zs = 2 f = 5 zc = 9 zm = 8 zs = 3 f = 5 Selecting parameters: zc = 9 zm = 8 zs = 0 f = 0 IDAT size = 45998 Output IDAT size = 45998 bytes (6574 bytes decrease) Output file size = 46076 bytes (6646 bytes = 12.61% decrease) ** Processing: /home/hornik/tmp/CRAN_special_noSuggests/tidyquant.Rcheck/vign_test/tidyquant/vignettes/TQ04-charting-with-tidyquant_files/figure-html/unnamed-chunk-17-1.png 1200x750 pixels, 3x8 bits/pixel, RGB Input IDAT size = 77611 bytes Input file size = 77797 bytes Trying: zc = 9 zm = 8 zs = 0 f = 0 IDAT size = 63774 zc = 9 zm = 8 zs = 1 f = 0 zc = 1 zm = 8 zs = 2 f = 0 zc = 9 zm = 8 zs = 3 f = 0 zc = 9 zm = 8 zs = 0 f = 5 zc = 9 zm = 8 zs = 1 f = 5 zc = 1 zm = 8 zs = 2 f = 5 zc = 9 zm = 8 zs = 3 f = 5 Selecting parameters: zc = 9 zm = 8 zs = 0 f = 0 IDAT size = 63774 Output IDAT size = 63774 bytes (13837 bytes decrease) Output file size = 63852 bytes (13945 bytes = 17.92% decrease) ** Processing: /home/hornik/tmp/CRAN_special_noSuggests/tidyquant.Rcheck/vign_test/tidyquant/vignettes/TQ04-charting-with-tidyquant_files/figure-html/unnamed-chunk-18-1.png 1200x675 pixels, 3x8 bits/pixel, RGB Input IDAT size = 67812 bytes Input file size = 67986 bytes Trying: zc = 9 zm = 8 zs = 0 f = 0 IDAT size = 56056 zc = 9 zm = 8 zs = 1 f = 0 zc = 1 zm = 8 zs = 2 f = 0 zc = 9 zm = 8 zs = 3 f = 0 zc = 9 zm = 8 zs = 0 f = 5 zc = 9 zm = 8 zs = 1 f = 5 zc = 1 zm = 8 zs = 2 f = 5 zc = 9 zm = 8 zs = 3 f = 5 Selecting parameters: zc = 9 zm = 8 zs = 0 f = 0 IDAT size = 56056 Output IDAT size = 56056 bytes (11756 bytes decrease) Output file size = 56134 bytes (11852 bytes = 17.43% decrease) ** Processing: /home/hornik/tmp/CRAN_special_noSuggests/tidyquant.Rcheck/vign_test/tidyquant/vignettes/TQ04-charting-with-tidyquant_files/figure-html/unnamed-chunk-19-1.png 1200x675 pixels, 3x8 bits/pixel, RGB Input IDAT size = 73897 bytes Input file size = 74083 bytes Trying: zc = 9 zm = 8 zs = 0 f = 0 IDAT size = 59581 zc = 9 zm = 8 zs = 1 f = 0 zc = 1 zm = 8 zs = 2 f = 0 zc = 9 zm = 8 zs = 3 f = 0 zc = 9 zm = 8 zs = 0 f = 5 zc = 9 zm = 8 zs = 1 f = 5 zc = 1 zm = 8 zs = 2 f = 5 zc = 9 zm = 8 zs = 3 f = 5 Selecting parameters: zc = 9 zm = 8 zs = 0 f = 0 IDAT size = 59581 Output IDAT size = 59581 bytes (14316 bytes decrease) Output file size = 59659 bytes (14424 bytes = 19.47% decrease) ** Processing: /home/hornik/tmp/CRAN_special_noSuggests/tidyquant.Rcheck/vign_test/tidyquant/vignettes/TQ04-charting-with-tidyquant_files/figure-html/unnamed-chunk-20-1.png 1200x750 pixels, 3x8 bits/pixel, RGB Input IDAT size = 151861 bytes Input file size = 152155 bytes Trying: zc = 9 zm = 8 zs = 0 f = 0 IDAT size = 125651 zc = 9 zm = 8 zs = 1 f = 0 zc = 1 zm = 8 zs = 2 f = 0 zc = 9 zm = 8 zs = 3 f = 0 zc = 9 zm = 8 zs = 0 f = 5 zc = 9 zm = 8 zs = 1 f = 5 zc = 1 zm = 8 zs = 2 f = 5 zc = 9 zm = 8 zs = 3 f = 5 Selecting parameters: zc = 9 zm = 8 zs = 0 f = 0 IDAT size = 125651 Output IDAT size = 125651 bytes (26210 bytes decrease) Output file size = 125729 bytes (26426 bytes = 17.37% decrease) ** Processing: /home/hornik/tmp/CRAN_special_noSuggests/tidyquant.Rcheck/vign_test/tidyquant/vignettes/TQ04-charting-with-tidyquant_files/figure-html/unnamed-chunk-21-1.png 1200x675 pixels, 3x8 bits/pixel, RGB Input IDAT size = 54225 bytes Input file size = 54375 bytes Trying: zc = 9 zm = 8 zs = 0 f = 0 IDAT size = 45889 zc = 9 zm = 8 zs = 1 f = 0 zc = 1 zm = 8 zs = 2 f = 0 zc = 9 zm = 8 zs = 3 f = 0 zc = 9 zm = 8 zs = 0 f = 5 zc = 9 zm = 8 zs = 1 f = 5 zc = 1 zm = 8 zs = 2 f = 5 zc = 9 zm = 8 zs = 3 f = 5 Selecting parameters: zc = 9 zm = 8 zs = 0 f = 0 IDAT size = 45889 Output IDAT size = 45889 bytes (8336 bytes decrease) Output file size = 45967 bytes (8408 bytes = 15.46% decrease) ** Processing: /home/hornik/tmp/CRAN_special_noSuggests/tidyquant.Rcheck/vign_test/tidyquant/vignettes/TQ04-charting-with-tidyquant_files/figure-html/unnamed-chunk-22-1.png 1200x675 pixels, 3x8 bits/pixel, RGB Input IDAT size = 62336 bytes Input file size = 62498 bytes Trying: zc = 9 zm = 8 zs = 0 f = 0 IDAT size = 54439 zc = 9 zm = 8 zs = 1 f = 0 zc = 1 zm = 8 zs = 2 f = 0 zc = 9 zm = 8 zs = 3 f = 0 zc = 9 zm = 8 zs = 0 f = 5 zc = 9 zm = 8 zs = 1 f = 5 zc = 1 zm = 8 zs = 2 f = 5 zc = 9 zm = 8 zs = 3 f = 5 Selecting parameters: zc = 9 zm = 8 zs = 0 f = 0 IDAT size = 54439 Output IDAT size = 54439 bytes (7897 bytes decrease) Output file size = 54517 bytes (7981 bytes = 12.77% decrease) ** Processing: /home/hornik/tmp/CRAN_special_noSuggests/tidyquant.Rcheck/vign_test/tidyquant/vignettes/TQ04-charting-with-tidyquant_files/figure-html/unnamed-chunk-23-1.png 1200x675 pixels, 3x8 bits/pixel, RGB Input IDAT size = 75563 bytes Input file size = 75749 bytes Trying: zc = 9 zm = 8 zs = 0 f = 0 IDAT size = 64179 zc = 9 zm = 8 zs = 1 f = 0 zc = 1 zm = 8 zs = 2 f = 0 zc = 9 zm = 8 zs = 3 f = 0 zc = 9 zm = 8 zs = 0 f = 5 zc = 9 zm = 8 zs = 1 f = 5 zc = 1 zm = 8 zs = 2 f = 5 zc = 9 zm = 8 zs = 3 f = 5 Selecting parameters: zc = 9 zm = 8 zs = 0 f = 0 IDAT size = 64179 Output IDAT size = 64179 bytes (11384 bytes decrease) Output file size = 64257 bytes (11492 bytes = 15.17% decrease) ** Processing: /home/hornik/tmp/CRAN_special_noSuggests/tidyquant.Rcheck/vign_test/tidyquant/vignettes/TQ04-charting-with-tidyquant_files/figure-html/unnamed-chunk-24-1.png 1200x675 pixels, 3x8 bits/pixel, RGB Input IDAT size = 63804 bytes Input file size = 63966 bytes Trying: zc = 9 zm = 8 zs = 0 f = 0 IDAT size = 61841 zc = 9 zm = 8 zs = 1 f = 0 zc = 1 zm = 8 zs = 2 f = 0 zc = 9 zm = 8 zs = 3 f = 0 zc = 9 zm = 8 zs = 0 f = 5 IDAT size = 61453 zc = 9 zm = 8 zs = 1 f = 5 IDAT size = 61371 zc = 1 zm = 8 zs = 2 f = 5 zc = 9 zm = 8 zs = 3 f = 5 Selecting parameters: zc = 9 zm = 8 zs = 1 f = 5 IDAT size = 61371 Output IDAT size = 61371 bytes (2433 bytes decrease) Output file size = 61449 bytes (2517 bytes = 3.93% decrease) ** Processing: /home/hornik/tmp/CRAN_special_noSuggests/tidyquant.Rcheck/vign_test/tidyquant/vignettes/TQ04-charting-with-tidyquant_files/figure-html/unnamed-chunk-25-1.png 1200x675 pixels, 3x8 bits/pixel, RGB Input IDAT size = 41936 bytes Input file size = 42074 bytes Trying: zc = 9 zm = 8 zs = 0 f = 0 IDAT size = 39290 zc = 9 zm = 8 zs = 1 f = 0 zc = 1 zm = 8 zs = 2 f = 0 zc = 9 zm = 8 zs = 3 f = 0 zc = 9 zm = 8 zs = 0 f = 5 zc = 9 zm = 8 zs = 1 f = 5 zc = 1 zm = 8 zs = 2 f = 5 zc = 9 zm = 8 zs = 3 f = 5 Selecting parameters: zc = 9 zm = 8 zs = 0 f = 0 IDAT size = 39290 Output IDAT size = 39290 bytes (2646 bytes decrease) Output file size = 39368 bytes (2706 bytes = 6.43% decrease) ** Processing: /home/hornik/tmp/CRAN_special_noSuggests/tidyquant.Rcheck/vign_test/tidyquant/vignettes/TQ04-charting-with-tidyquant_files/figure-html/unnamed-chunk-26-1.png 1200x900 pixels, 3x8 bits/pixel, RGB Input IDAT size = 149847 bytes Input file size = 150141 bytes Trying: zc = 9 zm = 8 zs = 0 f = 0 IDAT size = 124608 zc = 9 zm = 8 zs = 1 f = 0 zc = 1 zm = 8 zs = 2 f = 0 zc = 9 zm = 8 zs = 3 f = 0 zc = 9 zm = 8 zs = 0 f = 5 zc = 9 zm = 8 zs = 1 f = 5 zc = 1 zm = 8 zs = 2 f = 5 zc = 9 zm = 8 zs = 3 f = 5 Selecting parameters: zc = 9 zm = 8 zs = 0 f = 0 IDAT size = 124608 Output IDAT size = 124608 bytes (25239 bytes decrease) Output file size = 124686 bytes (25455 bytes = 16.95% decrease) --- finished re-building ‘TQ04-charting-with-tidyquant.Rmd’ --- re-building ‘TQ05-performance-analysis-with-tidyquant.Rmd’ using rmarkdown ** Processing: /home/hornik/tmp/CRAN_special_noSuggests/tidyquant.Rcheck/vign_test/tidyquant/vignettes/TQ05-performance-analysis-with-tidyquant_files/figure-html/unnamed-chunk-44-1.png 1200x675 pixels, 3x8 bits/pixel, RGB Input IDAT size = 36886 bytes Input file size = 37012 bytes Trying: zc = 9 zm = 8 zs = 0 f = 0 IDAT size = 31725 zc = 9 zm = 8 zs = 1 f = 0 zc = 1 zm = 8 zs = 2 f = 0 zc = 9 zm = 8 zs = 3 f = 0 zc = 9 zm = 8 zs = 0 f = 5 zc = 9 zm = 8 zs = 1 f = 5 zc = 1 zm = 8 zs = 2 f = 5 zc = 9 zm = 8 zs = 3 f = 5 Selecting parameters: zc = 9 zm = 8 zs = 0 f = 0 IDAT size = 31725 Output IDAT size = 31725 bytes (5161 bytes decrease) Output file size = 31803 bytes (5209 bytes = 14.07% decrease) ** Processing: /home/hornik/tmp/CRAN_special_noSuggests/tidyquant.Rcheck/vign_test/tidyquant/vignettes/TQ05-performance-analysis-with-tidyquant_files/figure-html/unnamed-chunk-46-1.png 1200x675 pixels, 3x8 bits/pixel, RGB Input IDAT size = 65203 bytes Input file size = 65365 bytes Trying: zc = 9 zm = 8 zs = 0 f = 0 IDAT size = 51581 zc = 9 zm = 8 zs = 1 f = 0 zc = 1 zm = 8 zs = 2 f = 0 zc = 9 zm = 8 zs = 3 f = 0 zc = 9 zm = 8 zs = 0 f = 5 zc = 9 zm = 8 zs = 1 f = 5 zc = 1 zm = 8 zs = 2 f = 5 zc = 9 zm = 8 zs = 3 f = 5 Selecting parameters: zc = 9 zm = 8 zs = 0 f = 0 IDAT size = 51581 Output IDAT size = 51581 bytes (13622 bytes decrease) Output file size = 51659 bytes (13706 bytes = 20.97% decrease) ** Processing: /home/hornik/tmp/CRAN_special_noSuggests/tidyquant.Rcheck/vign_test/tidyquant/vignettes/TQ05-performance-analysis-with-tidyquant_files/figure-html/unnamed-chunk-48-1.png 1200x675 pixels, 3x8 bits/pixel, RGB Input IDAT size = 92275 bytes Input file size = 92485 bytes Trying: zc = 9 zm = 8 zs = 0 f = 0 IDAT size = 74121 zc = 9 zm = 8 zs = 1 f = 0 zc = 1 zm = 8 zs = 2 f = 0 zc = 9 zm = 8 zs = 3 f = 0 zc = 9 zm = 8 zs = 0 f = 5 zc = 9 zm = 8 zs = 1 f = 5 zc = 1 zm = 8 zs = 2 f = 5 zc = 9 zm = 8 zs = 3 f = 5 Selecting parameters: zc = 9 zm = 8 zs = 0 f = 0 IDAT size = 74121 Output IDAT size = 74121 bytes (18154 bytes decrease) Output file size = 74199 bytes (18286 bytes = 19.77% decrease) --- finished re-building ‘TQ05-performance-analysis-with-tidyquant.Rmd’ --- re-building ‘TQ06-excel-in-r.Rmd’ using rmarkdown --- finished re-building ‘TQ06-excel-in-r.Rmd’ SUMMARY: processing the following file failed: ‘TQ03-scaling-and-modeling-with-tidyquant.Rmd’ Error: Vignette re-building failed. Execution halted * checking PDF version of manual ... [4s/4s] OK * checking HTML version of manual ... [1s/1s] OK * checking for non-standard things in the check directory ... OK * checking for detritus in the temp directory ... OK * DONE Status: 1 ERROR, 1 NOTE