* using log directory 'd:/RCompile/CRANincoming/R-devel/suwo.Rcheck' * using R Under development (unstable) (2025-11-12 r89009 ucrt) * using platform: x86_64-w64-mingw32 * R was compiled by gcc.exe (GCC) 14.3.0 GNU Fortran (GCC) 14.3.0 * running under: Windows Server 2022 x64 (build 20348) * using session charset: UTF-8 * checking for file 'suwo/DESCRIPTION' ... OK * checking extension type ... Package * this is package 'suwo' version '0.1.0' * package encoding: UTF-8 * checking CRAN incoming feasibility ... [13s] NOTE Maintainer: 'Marcelo Araya-Salas ' New submission * checking package namespace information ... OK * checking package dependencies ... OK * checking if this is a source package ... OK * checking if there is a namespace ... OK * checking for hidden files and directories ... OK * checking for portable file names ... OK * checking whether package 'suwo' can be installed ... OK * checking installed package size ... OK * checking package directory ... OK * checking for future file timestamps ... OK * checking 'build' directory ... OK * checking DESCRIPTION meta-information ... OK * checking top-level files ... OK * checking for left-over files ... OK * checking index information ... OK * checking package subdirectories ... OK * checking code files for non-ASCII characters ... OK * checking R files for syntax errors ... OK * checking whether the package can be loaded ... OK * checking whether the package can be loaded with stated dependencies ... OK * checking whether the package can be unloaded cleanly ... OK * checking whether the namespace can be loaded with stated dependencies ... OK * checking whether the namespace can be unloaded cleanly ... OK * checking loading without being on the library search path ... OK * checking whether startup messages can be suppressed ... OK * checking use of S3 registration ... OK * checking dependencies in R code ... OK * checking S3 generic/method consistency ... OK * checking replacement functions ... OK * checking foreign function calls ... OK * checking R code for possible problems ... [24s] OK * checking Rd files ... OK * checking Rd metadata ... OK * checking Rd line widths ... OK * checking Rd cross-references ... OK * checking for missing documentation entries ... OK * checking for code/documentation mismatches ... OK * checking Rd \usage sections ... OK * checking Rd contents ... OK * checking for unstated dependencies in examples ... OK * checking R/sysdata.rda ... OK * checking installed files from 'inst/doc' ... OK * checking files in 'vignettes' ... OK * checking examples ... [371s] ERROR Running examples in 'suwo-Ex.R' failed The error most likely occurred in: > base::assign(".ptime", proc.time(), pos = "CheckExEnv") > ### Name: update_metadata > ### Title: Update metadata > ### Aliases: update_metadata > > ### ** Examples > > # query metadata > wa <- query_wikiaves(species = 'Glaucis dohrnii', format = "sound") > > # run if query didnt fail > if (!is.null(wa)) { + # remove last 3 rows to test update_metadata + sub_wa <- wa[1:(nrow(wa)- 3), ] + + # update + up_wa <- update_metadata(metadata = sub_wa) + + # check number of rows is the same + nrow(up_wa) == nrow(wa) + } Warning in open.connection(con, "rb") : cannot open URL 'https://www.wikiaves.com.br/getRegistrosJSON.php?tm=s&t=s&s=10584&o=mp&p=1': HTTP status was '429 Unknown Error' Warning in open.connection(con, "rb") : cannot open URL 'https://www.wikiaves.com.br/getRegistrosJSON.php?tm=s&t=s&s=10584&o=mp&p=1': HTTP status was '429 Unknown Error' Error in open.connection(con, "rb") : cannot open the connection to 'https://www.wikiaves.com.br/getRegistrosJSON.php?tm=s&t=s&s=10584&o=mp&p=1' Warning in open.connection(con, "rb") : cannot open URL 'https://www.wikiaves.com.br/getRegistrosJSON.php?tm=s&t=s&s=10584&o=mp&p=2': HTTP status was '429 Unknown Error' Warning in open.connection(con, "rb") : cannot open URL 'https://www.wikiaves.com.br/getRegistrosJSON.php?tm=s&t=s&s=10584&o=mp&p=2': HTTP status was '429 Unknown Error' Error in open.connection(con, "rb") : cannot open the connection to 'https://www.wikiaves.com.br/getRegistrosJSON.php?tm=s&t=s&s=10584&o=mp&p=2' Error in if (nrow(query_output_new) == 0) { : argument is of length zero Calls: update_metadata Execution halted Examples with CPU (user + system) or elapsed time > 10s user system elapsed download_media 239.43 2.23 292.42 find_duplicates 42.59 0.67 58.46 * checking for unstated dependencies in 'tests' ... OK * checking tests ... OK Running 'testthat.R' * checking for unstated dependencies in vignettes ... OK * checking package vignettes ... OK * checking re-building of vignette outputs ... [106s] OK * checking PDF version of manual ... [19s] OK * checking HTML version of manual ... OK * DONE Status: 1 ERROR, 1 NOTE