* using log directory ‘/srv/hornik/tmp/CRAN_pretest/sumup.Rcheck’ * using R Under development (unstable) (2025-10-03 r88899) * using platform: x86_64-pc-linux-gnu * R was compiled by Debian clang version 19.1.7 (3+b1) Debian flang-new version 19.1.7 (3+b1) * running under: Debian GNU/Linux forky/sid * using session charset: UTF-8 * checking for file ‘sumup/DESCRIPTION’ ... OK * this is package ‘sumup’ version ‘1.0.0’ * package encoding: UTF-8 * checking CRAN incoming feasibility ... [3s/4s] NOTE Maintainer: ‘Joyce Moonen - van Loon ’ New submission * checking package namespace information ... OK * checking package dependencies ... OK * checking if this is a source package ... OK * checking if there is a namespace ... OK * checking for executable files ... OK * checking for hidden files and directories ... OK * checking for portable file names ... OK * checking for sufficient/correct file permissions ... OK * checking whether package ‘sumup’ can be installed ... [4s/4s] OK * checking package directory ... OK * checking for future file timestamps ... OK * checking DESCRIPTION meta-information ... OK * checking top-level files ... OK * checking for left-over files ... OK * checking index information ... OK * checking package subdirectories ... OK * checking code files for non-ASCII characters ... OK * checking R files for syntax errors ... OK * checking whether the package can be loaded ... [1s/1s] OK * checking whether the package can be loaded with stated dependencies ... [1s/1s] OK * checking whether the package can be unloaded cleanly ... [1s/1s] OK * checking whether the namespace can be loaded with stated dependencies ... [1s/1s] OK * checking whether the namespace can be unloaded cleanly ... [1s/1s] OK * checking loading without being on the library search path ... [1s/1s] OK * checking use of S3 registration ... OK * checking dependencies in R code ... OK * checking S3 generic/method consistency ... OK * checking replacement functions ... OK * checking foreign function calls ... OK * checking R code for possible problems ... [6s/6s] OK * checking Rd files ... [0s/0s] OK * checking Rd metadata ... OK * checking Rd line widths ... OK * checking Rd cross-references ... OK * checking for missing documentation entries ... OK * checking for code/documentation mismatches ... OK * checking Rd \usage sections ... OK * checking Rd contents ... OK * checking for unstated dependencies in examples ... OK * checking contents of ‘data’ directory ... OK * checking data for non-ASCII characters ... [0s/0s] OK * checking LazyData ... OK * checking data for ASCII and uncompressed saves ... OK * checking examples ... [2s/2s] ERROR Running examples in ‘sumup-Ex.R’ failed The error most likely occurred in: > base::assign(".ptime", proc.time(), pos = "CheckExEnv") > ### Name: run_sumup > ### Title: Run Sum Up > ### Aliases: run_sumup > > ### ** Examples > > # Example usage > data(example_data) > result <- run_sumup(dataset = example_data) Model not found locally. Trying to download... Downloading udpipe model from https://raw.githubusercontent.com/jwijffels/udpipe.models.ud.2.5/master/inst/udpipe-ud-2.5-191206/dutch-alpino-ud-2.5-191206.udpipe to /srv/hornik/tmp/CRAN_pretest/sumup.Rcheck/dutch-alpino-ud-2.5-191206.udpipe - This model has been trained on version 2.5 of data from https://universaldependencies.org - The model is distributed under the CC-BY-SA-NC license: https://creativecommons.org/licenses/by-nc-sa/4.0 - Visit https://github.com/jwijffels/udpipe.models.ud.2.5 for model license details. - For a list of all models and their licenses (most models you can download with this package have either a CC-BY-SA or a CC-BY-SA-NC license) read the documentation at ?udpipe_download_model. For building your own models: visit the documentation by typing vignette('udpipe-train', package = 'udpipe') trying URL 'https://raw.githubusercontent.com/jwijffels/udpipe.models.ud.2.5/master/inst/udpipe-ud-2.5-191206/dutch-alpino-ud-2.5-191206.udpipe' Content type 'application/octet-stream' length 17047727 bytes (16.3 MB) ================================================== downloaded 16.3 MB Downloading finished, model stored at '/srv/hornik/tmp/CRAN_pretest/sumup.Rcheck/dutch-alpino-ud-2.5-191206.udpipe' Warning in file.create(to[okay]) : cannot create file 'C:/Users/j.moonen/Documents/Research/R/udpipemodels/dutch-alpino-ud-2.5-191206.udpipe', reason 'No such file or directory' Error in lemmatize(sentences, settings$udpipe_model_file, settings$corrections_file, : UDPipe model not available. Please download manually using udpipe_download_model(). Calls: run_sumup -> lemmatize Execution halted * checking PDF version of manual ... [3s/3s] OK * checking HTML version of manual ... [0s/0s] OK * checking for non-standard things in the check directory ... NOTE Found the following files/directories: ‘dutch-alpino-ud-2.5-191206.udpipe’ * checking for detritus in the temp directory ... OK * DONE Status: 1 ERROR, 2 NOTEs