* using log directory ‘/srv/hornik/tmp/CRAN_pretest/ssd4mosaic.Rcheck’ * using R Under development (unstable) (2025-06-30 r88369) * using platform: x86_64-pc-linux-gnu * R was compiled by Debian clang version 19.1.7 (3) Debian flang-new version 19.1.7 (3) * running under: Debian GNU/Linux 13 (trixie) * using session charset: UTF-8 * checking for file ‘ssd4mosaic/DESCRIPTION’ ... OK * this is package ‘ssd4mosaic’ version ‘1.0.4’ * package encoding: UTF-8 * checking CRAN incoming feasibility ... [4s/10s] OK * checking package namespace information ... OK * checking package dependencies ... OK * checking if this is a source package ... OK * checking if there is a namespace ... OK * checking for executable files ... OK * checking for hidden files and directories ... OK * checking for portable file names ... OK * checking for sufficient/correct file permissions ... OK * checking whether package ‘ssd4mosaic’ can be installed ... [3s/3s] OK * checking package directory ... OK * checking for future file timestamps ... OK * checking ‘build’ directory ... OK * checking DESCRIPTION meta-information ... OK * checking top-level files ... OK * checking for left-over files ... OK * checking index information ... OK * checking package subdirectories ... OK * checking code files for non-ASCII characters ... OK * checking R files for syntax errors ... OK * checking whether the package can be loaded ... [1s/1s] OK * checking whether the package can be loaded with stated dependencies ... [1s/1s] OK * checking whether the package can be unloaded cleanly ... [1s/1s] OK * checking whether the namespace can be loaded with stated dependencies ... [1s/1s] OK * checking whether the namespace can be unloaded cleanly ... [1s/1s] OK * checking loading without being on the library search path ... [1s/1s] OK * checking use of S3 registration ... OK * checking dependencies in R code ... OK * checking S3 generic/method consistency ... OK * checking replacement functions ... OK * checking foreign function calls ... OK * checking R code for possible problems ... [5s/5s] OK * checking Rd files ... [0s/0s] OK * checking Rd metadata ... OK * checking Rd line widths ... OK * checking Rd cross-references ... OK * checking for missing documentation entries ... OK * checking for code/documentation mismatches ... OK * checking Rd \usage sections ... OK * checking Rd contents ... OK * checking for unstated dependencies in examples ... OK * checking contents of ‘data’ directory ... OK * checking data for non-ASCII characters ... [0s/0s] OK * checking LazyData ... OK * checking data for ASCII and uncompressed saves ... OK * checking installed files from ‘inst/doc’ ... OK * checking files in ‘vignettes’ ... OK * checking examples ... NONE * checking for unstated dependencies in ‘tests’ ... OK * checking tests ... [44s/44s] ERROR Running ‘spelling.R’ [0s/0s] Running ‘testthat.R’ [44s/44s] Running the tests in ‘tests/testthat.R’ failed. Complete output: > # This file is part of the standard setup for testthat. > # It is recommended that you do not modify it. > # > # Where should you do additional test configuration? > # Learn more about the roles of various files in: > # * https://r-pkgs.org/tests.html > # * https://testthat.r-lib.org/reference/test_package.html#special-files > > library(testthat) > library(ssd4mosaic) > > test_check("ssd4mosaic") [ FAIL 3 | WARN 0 | SKIP 1 | PASS 66 ] ══ Skipped tests (1) ═══════════════════════════════════════════════════════════ • On CRAN (1): 'test-golem-recommended.R:72:5' ══ Failed tests ════════════════════════════════════════════════════════════════ ── Failure ('test-fct_ci_plots.R:23:3'): Confidence intervals are added to plots ── plot_ci$layers has length 11, not length 16. ── Failure ('test-fct_ci_plots.R:24:3'): Confidence intervals are added to plots ── plot_cens_ci$layers has length 7, not length 11. ── Error ('test-fct_options_plots.R:8:3'): Uncensored data can be coloured by group ── Error in `order(p$layers$geom_point$data$group)`: argument 1 is not a vector Backtrace: ▆ 1. └─base::order(p$layers$geom_point$data$group) at test-fct_options_plots.R:8:3 [ FAIL 3 | WARN 0 | SKIP 1 | PASS 66 ] Error: Test failures Execution halted * checking for unstated dependencies in vignettes ... OK * checking package vignettes ... OK * checking re-building of vignette outputs ... [34s/34s] OK * checking PDF version of manual ... [3s/3s] OK * checking HTML version of manual ... [1s/1s] OK * checking for non-standard things in the check directory ... OK * checking for detritus in the temp directory ... OK * DONE Status: 1 ERROR