* using log directory ‘/srv/hornik/tmp/CRAN_pretest/specleanr.Rcheck’ * using R Under development (unstable) (2025-10-28 r88973) * using platform: x86_64-pc-linux-gnu * R was compiled by Debian clang version 19.1.7 (7) Debian flang-new version 19.1.7 (7) * running under: Debian GNU/Linux forky/sid * using session charset: UTF-8 * checking for file ‘specleanr/DESCRIPTION’ ... OK * checking extension type ... Package * this is package ‘specleanr’ version ‘1.0.0’ * package encoding: UTF-8 * checking CRAN incoming feasibility ... [4s/125s] NOTE Maintainer: ‘Anthony Basooma ’ New submission Possibly misspelled words in DESCRIPTION: Biogeographic (3:44) Found the following (possibly) invalid URLs: URL: http://www.gnu.org/licenses/gpl-3.0.html From: README.md Status: Error Message: Timeout was reached [www.gnu.org]: Connection timed out after 60000 milliseconds URL: https://codecov.io/gh/AnthonyBasooma/specleanr (moved to https://app.codecov.io/gh/AnthonyBasooma/specleanr) From: README.md Status: 301 Message: Moved Permanently URL: https://github.com/AnthonyBasooma/specleanr/repo/releases From: README.md Status: 404 Message: Not Found URL: https://www.copernicus.eu/en From: README.md Status: Error Message: Could not resolve hostname [www.copernicus.eu]: Could not resolve host: www.copernicus.eu URL: https://www.iucnredlist.org/documents/RedListGuidelines.pdf (moved to http://cmsdocs.s3.amazonaws.com/RedListGuidelines.pdf) From: README.md Status: 301 Message: Moved Permanently For content that is 'Moved Permanently', please change http to https, add trailing slashes, or replace the old by the new URL. * checking package namespace information ... OK * checking package dependencies ... OK * checking if this is a source package ... OK * checking if there is a namespace ... OK * checking for executable files ... OK * checking for hidden files and directories ... OK * checking for portable file names ... OK * checking for sufficient/correct file permissions ... OK * checking whether package ‘specleanr’ can be installed ... [17s/17s] OK * checking package directory ... OK * checking for future file timestamps ... OK * checking ‘build’ directory ... OK * checking DESCRIPTION meta-information ... OK * checking top-level files ... OK * checking for left-over files ... OK * checking index information ... OK * checking package subdirectories ... OK * checking code files for non-ASCII characters ... OK * checking R files for syntax errors ... OK * checking whether the package can be loaded ... [5s/5s] OK * checking whether the package can be loaded with stated dependencies ... [5s/5s] OK * checking whether the package can be unloaded cleanly ... [5s/5s] OK * checking whether the namespace can be loaded with stated dependencies ... [5s/5s] OK * checking whether the namespace can be unloaded cleanly ... [5s/5s] OK * checking loading without being on the library search path ... [5s/5s] OK * checking use of S3 registration ... OK * checking dependencies in R code ... OK * checking S3 generic/method consistency ... OK * checking replacement functions ... OK * checking foreign function calls ... OK * checking R code for possible problems ... [26s/26s] OK * checking Rd files ... [0s/0s] OK * checking Rd metadata ... OK * checking Rd line widths ... OK * checking Rd cross-references ... OK * checking for missing documentation entries ... OK * checking for code/documentation mismatches ... OK * checking Rd \usage sections ... OK * checking Rd contents ... OK * checking for unstated dependencies in examples ... OK * checking contents of ‘data’ directory ... OK * checking data for non-ASCII characters ... [0s/0s] OK * checking LazyData ... OK * checking data for ASCII and uncompressed saves ... OK * checking installed files from ‘inst/doc’ ... OK * checking files in ‘vignettes’ ... OK * checking examples ... [16s/16s] OK * checking for unstated dependencies in ‘tests’ ... OK * checking tests ... [39s/38s] OK Running ‘testthat.R’ [39s/38s] * checking for unstated dependencies in vignettes ... OK * checking package vignettes ... OK * checking re-building of vignette outputs ... [146s/183s] OK * checking PDF version of manual ... [6s/6s] WARNING LaTeX errors when creating PDF version. This typically indicates Rd problems. LaTeX errors found: ! LaTeX Error: Unicode character λ (U+03BB) not set up for use with LaTeX. See the LaTeX manual or LaTeX Companion for explanation. Type H for immediate help. ! LaTeX Error: Unicode character λ (U+03BB) not set up for use with LaTeX. See the LaTeX manual or LaTeX Companion for explanation. Type H for immediate help. ! LaTeX Error: Unicode character λ (U+03BB) not set up for use with LaTeX. See the LaTeX manual or LaTeX Companion for explanation. Type H for immediate help. ! LaTeX Error: Unicode character − (U+2212) not set up for use with LaTeX. See the LaTeX manual or LaTeX Companion for explanation. Type H for immediate help. ! LaTeX Error: Unicode character − (U+2212) not set up for use with LaTeX. See the LaTeX manual or LaTeX Companion for explanation. Type H for immediate help. * checking PDF version of manual without index ... ERROR * checking HTML version of manual ... [1s/1s] OK * checking for non-standard things in the check directory ... NOTE Found the following files/directories: ‘specleanr-manual.tex’ * checking for detritus in the temp directory ... OK * DONE Status: 1 ERROR, 1 WARNING, 2 NOTEs