* using log directory 'd:/RCompile/CRANincoming/R-devel/solareclipser.Rcheck' * using R Under development (unstable) (2025-06-30 r88369 ucrt) * using platform: x86_64-w64-mingw32 * R was compiled by gcc.exe (GCC) 14.2.0 GNU Fortran (GCC) 14.2.0 * running under: Windows Server 2022 x64 (build 20348) * using session charset: UTF-8 * checking for file 'solareclipser/DESCRIPTION' ... OK * checking extension type ... Package * this is package 'solareclipser' version '1.0.0' * package encoding: UTF-8 * will not attempt to install this package on Windows * checking CRAN incoming feasibility ... [10s] WARNING Maintainer: 'William Burroughs ' New submission Possibly misspelled words in DESCRIPTION: QTLs (13:58) solareclipser (18:27) FOSS licence with BuildVignettes: false Package has a VignetteBuilder field but no prebuilt vignette index. Found the following (possibly) invalid file URI: URI: doc/solareclipser.pdf From: README.md The Date field is over a month old. * checking if this is a source package ... OK * checking if there is a namespace ... OK * checking for hidden files and directories ... OK * checking for portable file names ... OK * checking serialization versions ... OK