* using log directory ‘/srv/hornik/tmp/CRAN_pretest/smer.Rcheck’ * using R Under development (unstable) (2025-01-13 r87564) * using platform: x86_64-pc-linux-gnu * R was compiled by Debian clang version 19.1.6 (1+b1) Debian flang-new version 19.1.6 (1+b1) * running under: Debian GNU/Linux trixie/sid * using session charset: UTF-8 * checking for file ‘smer/DESCRIPTION’ ... OK * this is package ‘smer’ version ‘0.0.1’ * package encoding: UTF-8 * checking CRAN incoming feasibility ... [4s/6s] NOTE Maintainer: ‘Julian Stamp ’ New submission Possibly misspelled words in DESCRIPTION: Epistasis (2:24) al (13:14) epistasis (12:47) et (13:11) Found the following (possibly) invalid file URIs: URI: articles/tutorial-memory-optimization.html From: inst/doc/smer.html URI: articles/tutorial-simulate-traits.html From: inst/doc/smer.html URI: articles/tutorial-create-mask-file.html From: inst/doc/study-erythroid-differentiation-data.html URI: articles/study-erythroid-differentiation-data.html From: inst/doc/tutorial-memory-optimization.html URI: articles/tutorial-memory-optimization.html From: README.md * checking package namespace information ... OK * checking package dependencies ... OK * checking if this is a source package ... OK * checking if there is a namespace ... OK * checking for executable files ... OK * checking for hidden files and directories ... OK * checking for portable file names ... OK * checking for sufficient/correct file permissions ... OK * checking whether package ‘smer’ can be installed ... [66s/66s] ERROR Installation failed. See ‘/srv/hornik/tmp/CRAN_pretest/smer.Rcheck/00install.out’ for details. * DONE Status: 1 ERROR, 1 NOTE