* using log directory 'd:/RCompile/CRANincoming/R-devel/simtrial.Rcheck' * using R Under development (unstable) (2025-11-18 r89035 ucrt) * using platform: x86_64-w64-mingw32 * R was compiled by gcc.exe (GCC) 14.3.0 GNU Fortran (GCC) 14.3.0 * running under: Windows Server 2022 x64 (build 20348) * using session charset: UTF-8 * checking for file 'simtrial/DESCRIPTION' ... OK * checking extension type ... Package * this is package 'simtrial' version '1.0.2' * package encoding: UTF-8 * checking CRAN incoming feasibility ... OK * checking package namespace information ... OK * checking package dependencies ... OK * checking if this is a source package ... OK * checking if there is a namespace ... OK * checking for hidden files and directories ... OK * checking for portable file names ... OK * checking whether package 'simtrial' can be installed ... OK * used C++ compiler: 'g++.exe (GCC) 14.3.0' * checking installed package size ... OK * checking package directory ... OK * checking for future file timestamps ... OK * checking 'build' directory ... OK * checking DESCRIPTION meta-information ... NOTE Author field differs from that derived from Authors@R Author: 'Keaven Anderson [aut], Yujie Zhao [aut, cre], John Blischak [aut], Nan Xiao [ctb], Yilong Zhang [aut], Jianxiao Yang [ctb], Lili Ling [ctb], Xintong Li [ctb], Ruixue Wang [ctb], Yi Cui [ctb], Ping Yang [ctb], Yalin Zhu [ctb], Heng Zhou [ctb], Amin Shirazi [ctb], Cole Manschot [ctb], Larry Leon [ctb], Merck & Co., Inc., Rahway, NJ, USA and its affiliates [cph] (02891sr49)' Authors@R: 'Keaven Anderson [aut], Yujie Zhao [aut, cre], John Blischak [aut], Nan Xiao [ctb], Yilong Zhang [aut], Jianxiao Yang [ctb], Lili Ling [ctb], Xintong Li [ctb], Ruixue Wang [ctb], Yi Cui [ctb], Ping Yang [ctb], Yalin Zhu [ctb], Heng Zhou [ctb], Amin Shirazi [ctb], Cole Manschot [ctb], Larry Leon [ctb], Merck & Co., Inc., Rahway, NJ, USA and its affiliates [cph] (ROR: )' * checking top-level files ... OK * checking for left-over files ... OK * checking index information ... OK * checking package subdirectories ... OK * checking code files for non-ASCII characters ... OK * checking R files for syntax errors ... OK * checking whether the package can be loaded ... OK * checking whether the package can be loaded with stated dependencies ... OK * checking whether the package can be unloaded cleanly ... OK * checking whether the namespace can be loaded with stated dependencies ... OK * checking whether the namespace can be unloaded cleanly ... OK * checking loading without being on the library search path ... OK * checking use of S3 registration ... OK * checking dependencies in R code ... OK * checking S3 generic/method consistency ... OK * checking replacement functions ... OK * checking foreign function calls ... OK * checking R code for possible problems ... OK * checking Rd files ... OK * checking Rd metadata ... OK * checking Rd line widths ... OK * checking Rd cross-references ... OK * checking for missing documentation entries ... OK * checking for code/documentation mismatches ... OK * checking Rd \usage sections ... OK * checking Rd contents ... OK * checking for unstated dependencies in examples ... OK * checking contents of 'data' directory ... OK * checking data for non-ASCII characters ... OK * checking LazyData ... OK * checking data for ASCII and uncompressed saves ... OK * checking line endings in C/C++/Fortran sources/headers ... OK * checking pragmas in C/C++ headers and code ... OK * checking compilation flags used ... OK * checking compiled code ... OK * checking installed files from 'inst/doc' ... OK * checking files in 'vignettes' ... OK * checking examples ... [27s] OK * checking for unstated dependencies in 'tests' ... OK * checking tests ... [137s] ERROR Running 'testthat.R' [137s] Running the tests in 'tests/testthat.R' failed. Complete output: > library(testthat) > library(simtrial) > > test_check("simtrial") Backend uses sequential processing. Backend uses sequential processing. Backend uses sequential processing. Backend uses sequential processing. Using 2 cores with backend multisession Backend uses sequential processing. Backend uses sequential processing. Backend uses sequential processing. Backend uses sequential processing. Backend uses sequential processing. Backend uses sequential processing. Backend uses sequential processing. Backend uses sequential processing. Backend uses sequential processing. Backend uses sequential processing. Using 2 cores with backend multisession Backend uses sequential processing. Backend uses sequential processing. Backend uses sequential processing. Saving _problems/test-unvalidated-sim_gs_n-709.R Backend uses sequential processing. Backend uses sequential processing. Backend uses sequential processing. [ FAIL 1 | WARN 1 | SKIP 0 | PASS 271 ] ══ Failed tests ════════════════════════════════════════════════════════════════ ── Failure ('test-unvalidated-sim_gs_n.R:709:3'): Updating bounds changes the simulation results ── Expected `observed` to equal `expected`. Differences: `actual[[2]]`: -1.705270818 0.960128637 2.004752100 `expected[[2]]`: -1.705270817 0.960128638 2.004752253 [ FAIL 1 | WARN 1 | SKIP 0 | PASS 271 ] Error: ! Test failures. Execution halted * checking for unstated dependencies in vignettes ... OK * checking package vignettes ... OK * checking re-building of vignette outputs ... [77s] OK * checking PDF version of manual ... [13s] OK * checking HTML version of manual ... OK * DONE Status: 1 ERROR, 1 NOTE