* using log directory ‘/srv/hornik/tmp/CRAN_pretest/simer.Rcheck’ * using R Under development (unstable) (2025-01-29 r87668) * using platform: x86_64-pc-linux-gnu * R was compiled by Debian clang version 19.1.6 (1+b1) Debian flang-new version 19.1.6 (1+b1) * running under: Debian GNU/Linux trixie/sid * using session charset: UTF-8 * checking for file ‘simer/DESCRIPTION’ ... OK * this is package ‘simer’ version ‘0.9.0.6’ * package encoding: UTF-8 * checking CRAN incoming feasibility ... [5s/8s] OK * checking package namespace information ... OK * checking package dependencies ... OK * checking if this is a source package ... OK * checking if there is a namespace ... OK * checking for executable files ... OK * checking for hidden files and directories ... OK * checking for portable file names ... OK * checking for sufficient/correct file permissions ... OK * checking whether package ‘simer’ can be installed ... [13s/13s] ERROR Installation failed. See ‘/srv/hornik/tmp/CRAN_pretest/simer.Rcheck/00install.out’ for details. * DONE Status: 1 ERROR