* using log directory ‘/srv/hornik/tmp/CRAN_pretest/sgapi.Rcheck’ * using R Under development (unstable) (2025-01-11 r87563) * using platform: x86_64-pc-linux-gnu * R was compiled by Debian clang version 19.1.6 (1+b1) Debian flang-new version 19.1.6 (1+b1) * running under: Debian GNU/Linux trixie/sid * using session charset: UTF-8 * checking for file ‘sgapi/DESCRIPTION’ ... OK * this is package ‘sgapi’ version ‘1.0.3’ * package encoding: UTF-8 * checking CRAN incoming feasibility ... [3s/4s] NOTE Maintainer: ‘Andrew Christy ’ New submission Package was archived on CRAN Possibly misspelled words in DESCRIPTION: geospatial (10:40) shapefiles (10:313) CRAN repository db overrides: X-CRAN-Comment: Archived on 2024-11-19 for policy violation. On Internet access. * checking package namespace information ... OK * checking package dependencies ... OK * checking if this is a source package ... OK * checking if there is a namespace ... OK * checking for executable files ... OK * checking for hidden files and directories ... OK * checking for portable file names ... OK * checking for sufficient/correct file permissions ... OK * checking whether package ‘sgapi’ can be installed ... [3s/4s] OK * checking package directory ... OK * checking for future file timestamps ... OK * checking DESCRIPTION meta-information ... OK * checking top-level files ... OK * checking for left-over files ... OK * checking index information ... OK * checking package subdirectories ... OK * checking code files for non-ASCII characters ... OK * checking R files for syntax errors ... OK * checking whether the package can be loaded ... [0s/0s] OK * checking whether the package can be loaded with stated dependencies ... [0s/0s] OK * checking whether the package can be unloaded cleanly ... [0s/0s] OK * checking whether the namespace can be loaded with stated dependencies ... [0s/0s] OK * checking whether the namespace can be unloaded cleanly ... [0s/0s] OK * checking loading without being on the library search path ... [0s/0s] OK * checking use of S3 registration ... OK * checking dependencies in R code ... OK * checking S3 generic/method consistency ... OK * checking replacement functions ... OK * checking foreign function calls ... OK * checking R code for possible problems ... [4s/4s] OK * checking Rd files ... [0s/0s] OK * checking Rd metadata ... OK * checking Rd line widths ... OK * checking Rd cross-references ... OK * checking for missing documentation entries ... OK * checking for code/documentation mismatches ... OK * checking Rd \usage sections ... OK * checking Rd contents ... OK * checking for unstated dependencies in examples ... OK * checking contents of ‘data’ directory ... OK * checking data for non-ASCII characters ... [0s/0s] OK * checking LazyData ... OK * checking data for ASCII and uncompressed saves ... OK * checking examples ... [3s/10s] OK * checking for unstated dependencies in ‘tests’ ... OK * checking tests ... [5s/20s] ERROR Running ‘testthat.R’ [5s/20s] Running the tests in ‘tests/testthat.R’ failed. Complete output: > # This file is part of the standard setup for testthat. > # It is recommended that you do not modify it. > # > # Where should you do additional test configuration? > # Learn more about the roles of various files in: > # * https://r-pkgs.org/tests.html > # * https://testthat.r-lib.org/reference/test_package.html#special-files > > library(testthat) > library(sgapi) > > test_check("sgapi") Reading layer `OGRGeoJSON' from data source `https://services1.arcgis.com/ESMARspQHYMw9BZ9/arcgis/rest/services/MSOA_Dec_2011_Boundaries_Generalised_Clipped_BGC_EW_V3_2022/FeatureServer/0/query?where=1%3D1&outFields=*&geometry=-1.282825%2C52.354169%2C0.206626%2C52.7106&geometryType=esriGeometryEnvelope&inSR=4326&spatialRel=esriSpatialRelIntersects&outSR=4326&geometryPrecision=3&resultOffset=0&f=geojson' using driver `GeoJSON' Simple feature collection with 191 features and 11 fields Geometry type: MULTIPOLYGON Dimension: XY Bounding box: xmin: -1.46 ymin: 52.231 xmax: 0.368 ymax: 52.887 Geodetic CRS: WGS 84 Reading layer `OGRGeoJSON' from data source `https://services1.arcgis.com/ESMARspQHYMw9BZ9/arcgis/rest/services/MSOA_Dec_2011_Boundaries_Generalised_Clipped_BGC_EW_V3_2022/FeatureServer/0/query?where=1%3D1&outFields=*&geometry=-1.282825%2C52.354169%2C0.206626%2C52.7106&geometryType=esriGeometryEnvelope&inSR=4326&spatialRel=esriSpatialRelIntersects&outSR=4326&geometryPrecision=3&resultOffset=200&f=geojson' using driver `GeoJSON' Simple feature collection with 0 features and 0 fields Bounding box: xmin: NA ymin: NA xmax: NA ymax: NA Geodetic CRS: WGS 84 Reading layer `OGRGeoJSON' from data source `https://services1.arcgis.com/ESMARspQHYMw9BZ9/arcgis/rest/services/Local_Authority_Districts_December_2022_UK_BGC_V2/FeatureServer/0/query?where=%20(LAD22NM%20%3D%20'Derbyshire%20Dales'%20OR%20LAD22NM%20%3D%20'Harrogate'%20OR%20LAD22NM%20%3D%20'West%20Northamptonshire')%20&outFields=*&outSR=4326&f=geojson' using driver `GeoJSON' Simple feature collection with 3 features and 10 fields Geometry type: POLYGON Dimension: XY Bounding box: xmin: -2.004508 ymin: 51.97729 xmax: -0.7050439 ymax: 54.26161 Geodetic CRS: WGS 84 Reading layer `OGRGeoJSON' from data source `https://services1.arcgis.com/ESMARspQHYMw9BZ9/arcgis/rest/services/MSOA_Dec_2011_Boundaries_Generalised_Clipped_BGC_EW_V3_2022/FeatureServer/0/query?where=1%3D1&outFields=*&geometry=52.354169%2C-1.282825%2C52.7106%2C0.206626&geometryType=esriGeometryEnvelope&inSR=4326&spatialRel=esriSpatialRelIntersects&outSR=4326&geometryPrecision=3&resultOffset=0&f=geojson' using driver `GeoJSON' Simple feature collection with 0 features and 0 fields Bounding box: xmin: NA ymin: NA xmax: NA ymax: NA Geodetic CRS: WGS 84 Error in column name for chosen boundary, or in the list of area names. Check your chosen boundary scale on https://geoportal.statistics.gov.uk/ No encoding supplied: defaulting to UTF-8. Rows: 720 Columns: 34 -- Column specification -------------------------------------------------------- Delimiter: "," chr (16): DATE, DATE_NAME, DATE_CODE, DATE_TYPE, GEOGRAPHY_NAME, GEOGRAPHY_C... dbl (17): DATE_TYPECODE, DATE_SORTORDER, GEOGRAPHY, GEOGRAPHY_TYPECODE, GEOG... lgl (1): OBS_CONF i Use `spec()` to retrieve the full column specification for this data. i Specify the column types or set `show_col_types = FALSE` to quiet this message. No encoding supplied: defaulting to UTF-8. Rows: 25000 Columns: 58 -- Column specification -------------------------------------------------------- Delimiter: "," chr (23): DATE, DATE_NAME, DATE_CODE, DATE_TYPE, GEOGRAPHY_NAME, GEOGRAPHY_T... dbl (34): DATE_TYPECODE, DATE_SORTORDER, GEOGRAPHY, GEOGRAPHY_CODE, GEOGRAPH... lgl (1): OBS_CONF i Use `spec()` to retrieve the full column specification for this data. i Specify the column types or set `show_col_types = FALSE` to quiet this message. No encoding supplied: defaulting to UTF-8. Rows: 3750 Columns: 40 -- Column specification -------------------------------------------------------- Delimiter: "," chr (18): DATE_TYPE, GEOGRAPHY_NAME, GEOGRAPHY_CODE, GEOGRAPHY_TYPE, C_SEX_N... dbl (21): DATE, DATE_NAME, DATE_CODE, DATE_TYPECODE, DATE_SORTORDER, GEOGRAP... lgl (1): OBS_CONF i Use `spec()` to retrieve the full column specification for this data. i Specify the column types or set `show_col_types = FALSE` to quiet this message. No encoding supplied: defaulting to UTF-8. Rows: 3750 Columns: 3 -- Column specification -------------------------------------------------------- Delimiter: "," chr (2): GEOGRAPHY_NAME, C_AGE_NAME dbl (1): OBS_VALUE i Use `spec()` to retrieve the full column specification for this data. i Specify the column types or set `show_col_types = FALSE` to quiet this message. No encoding supplied: defaulting to UTF-8. Rows: 3750 Columns: 3 -- Column specification -------------------------------------------------------- Delimiter: "," chr (2): GEOGRAPHY_NAME, C_AGE_NAME dbl (1): OBS_VALUE i Use `spec()` to retrieve the full column specification for this data. i Specify the column types or set `show_col_types = FALSE` to quiet this message. [ FAIL 1 | WARN 0 | SKIP 0 | PASS 49 ] ══ Failed tests ════════════════════════════════════════════════════════════════ ── Failure ('test-get_boundaries.R:29:3'): An invalid column name returns a warning ── `get_boundaries_areaname(...)` did not throw the expected warning. [ FAIL 1 | WARN 0 | SKIP 0 | PASS 49 ] Error: Test failures Execution halted * checking PDF version of manual ... [2s/2s] OK * checking HTML version of manual ... [0s/0s] OK * checking for non-standard things in the check directory ... OK * checking for detritus in the temp directory ... OK * DONE Status: 1 ERROR, 1 NOTE