* using log directory ‘/srv/hornik/tmp/CRAN_pretest/scpi.Rcheck’ * using R Under development (unstable) (2025-07-02 r88374) * using platform: x86_64-pc-linux-gnu * R was compiled by Debian clang version 19.1.7 (3) Debian flang-new version 19.1.7 (3) * running under: Debian GNU/Linux 13 (trixie) * using session charset: UTF-8 * checking for file ‘scpi/DESCRIPTION’ ... OK * this is package ‘scpi’ version ‘3.0.1’ * package encoding: UTF-8 * checking CRAN incoming feasibility ... [4s/5s] NOTE Maintainer: ‘Filippo Palomba ’ Found the following (possibly) invalid URLs: URL: http://www.ncbi.nlm.nih.gov/pubmed/35756161 (moved to https://pubmed.ncbi.nlm.nih.gov/35756161/) From: man/scdata.Rd man/scdataMulti.Rd man/scest.Rd man/scpi-package.Rd man/scpi.Rd man/scplot.Rd man/scplotMulti.Rd Status: 301 Message: Moved Permanently URL: https://dataverse.harvard.edu/dataset.xhtml?persistentId=doi:10.7910/DVN/24714 From: man/scpi_germany.Rd Status: 202 Message: Accepted For content that is 'Moved Permanently', please change http to https, add trailing slashes, or replace the old by the new URL. Found the following (possibly) invalid file URIs: URI: 2023-09-13 From: man/scdata.Rd URI: 2025-06-03 From: man/scdata.Rd URI: 2023-09-13 From: man/scdataMulti.Rd URI: 2025-06-03 From: man/scdataMulti.Rd URI: 2023-09-13 From: man/scest.Rd URI: 2025-06-03 From: man/scest.Rd URI: 2023-09-13 From: man/scpi-package.Rd URI: 2025-06-03 From: man/scpi-package.Rd URI: 2023-09-13 From: man/scpi.Rd URI: 2025-06-03 From: man/scpi.Rd URI: 2023-09-13 From: man/scplot.Rd URI: 2025-06-03 From: man/scplot.Rd URI: 2023-09-13 From: man/scplotMulti.Rd URI: 2025-06-03 From: man/scplotMulti.Rd Found the following (possibly) invalid DOIs: DOI: 10.18637/jss.v113.i01 From: DESCRIPTION inst/CITATION man/scdata.Rd man/scdataMulti.Rd man/scest.Rd man/scpi-package.Rd man/scpi.Rd man/scplot.Rd man/scplotMulti.Rd Status: 404 Message: Not Found * checking package namespace information ... OK * checking package dependencies ... OK * checking if this is a source package ... OK * checking if there is a namespace ... OK * checking for executable files ... OK * checking for hidden files and directories ... OK * checking for portable file names ... OK * checking for sufficient/correct file permissions ... OK * checking whether package ‘scpi’ can be installed ... [11s/11s] OK * checking package directory ... OK * checking for future file timestamps ... OK * checking DESCRIPTION meta-information ... NOTE Author field differs from that derived from Authors@R Author: ‘Filippo Palomba [aut, cre], Matias Cattaneo [aut], Yingjie Feng [aut], Rocio Titiunik [aut]’ Authors@R: ‘Matias Cattaneo [aut], Yingjie Feng [aut], Filippo Palomba [aut, cre], Rocio Titiunik [aut]’ * checking top-level files ... OK * checking for left-over files ... OK * checking index information ... OK * checking package subdirectories ... OK * checking code files for non-ASCII characters ... OK * checking R files for syntax errors ... OK * checking whether the package can be loaded ... [2s/2s] OK * checking whether the package can be loaded with stated dependencies ... [2s/2s] OK * checking whether the package can be unloaded cleanly ... [2s/2s] OK * checking whether the namespace can be loaded with stated dependencies ... [2s/2s] OK * checking whether the namespace can be unloaded cleanly ... [2s/2s] OK * checking loading without being on the library search path ... [2s/2s] OK * checking use of S3 registration ... OK * checking dependencies in R code ... OK * checking S3 generic/method consistency ... OK * checking replacement functions ... OK * checking foreign function calls ... OK * checking R code for possible problems ... [17s/17s] OK * checking Rd files ... [3s/3s] WARNING prepare_Rd: Couldn't find file REFERENCES.bib in package `scpi' prepare_Rd: possibly non-existing or duplicated key(s) in bib file from package 'scpi': cattaneo2021methodological-JASA prepare_Rd: possibly non-existing or duplicated key(s) in bib file from package 'scpi': cattaneo2025methodological-RESTAT prepare_Rd: possibly non-existing or duplicated key(s) in bib file from package 'scpi': cattaneo2025software-JSS prepare_Rd: possibly non-existing or duplicated key(s) in bib file from package 'scpi': abadie2021UsingSyntheticControls prepare_Rd: possibly non-existing or duplicated key(s) in bib file from package 'scpi': cattaneo2021methodological-JASA prepare_Rd: possibly non-existing or duplicated key(s) in bib file from package 'scpi': cattaneo2025methodological-RESTAT prepare_Rd: possibly non-existing or duplicated key(s) in bib file from package 'scpi': cattaneo2025software-JSS prepare_Rd: possibly non-existing or duplicated key(s) in bib file from package 'scpi': abadie2021UsingSyntheticControls prepare_Rd: possibly non-existing or duplicated key(s) in bib file from package 'scpi': cattaneo2021methodological-JASA prepare_Rd: possibly non-existing or duplicated key(s) in bib file from package 'scpi': cattaneo2025methodological-RESTAT prepare_Rd: possibly non-existing or duplicated key(s) in bib file from package 'scpi': cattaneo2025software-JSS prepare_Rd: possibly non-existing or duplicated key(s) in bib file from package 'scpi': abadie2021UsingSyntheticControls prepare_Rd: possibly non-existing or duplicated key(s) in bib file from package 'scpi': cattaneo2021methodological-JASA prepare_Rd: possibly non-existing or duplicated key(s) in bib file from package 'scpi': cattaneo2025methodological-RESTAT prepare_Rd: possibly non-existing or duplicated key(s) in bib file from package 'scpi': cattaneo2025software-JSS prepare_Rd: possibly non-existing or duplicated key(s) in bib file from package 'scpi': abadie2021UsingSyntheticControls prepare_Rd: possibly non-existing or duplicated key(s) in bib file from package 'scpi': cattaneo2021methodological-JASA prepare_Rd: possibly non-existing or duplicated key(s) in bib file from package 'scpi': cattaneo2025methodological-RESTAT prepare_Rd: possibly non-existing or duplicated key(s) in bib file from package 'scpi': cattaneo2025software-JSS prepare_Rd: possibly non-existing or duplicated key(s) in bib file from package 'scpi': abadie2021UsingSyntheticControls prepare_Rd: possibly non-existing or duplicated key(s) in bib file from package 'scpi': cattaneo2021methodological-JASA prepare_Rd: possibly non-existing or duplicated key(s) in bib file from package 'scpi': cattaneo2025methodological-RESTAT prepare_Rd: possibly non-existing or duplicated key(s) in bib file from package 'scpi': cattaneo2025software-JSS prepare_Rd: possibly non-existing or duplicated key(s) in bib file from package 'scpi': abadie2021UsingSyntheticControls prepare_Rd: possibly non-existing or duplicated key(s) in bib file from package 'scpi': cattaneo2021methodological-JASA prepare_Rd: possibly non-existing or duplicated key(s) in bib file from package 'scpi': cattaneo2025methodological-RESTAT prepare_Rd: possibly non-existing or duplicated key(s) in bib file from package 'scpi': cattaneo2025software-JSS prepare_Rd: possibly non-existing or duplicated key(s) in bib file from package 'scpi': abadie2021UsingSyntheticControls * checking Rd metadata ... OK * checking Rd line widths ... OK * checking Rd cross-references ... OK * checking for missing documentation entries ... OK * checking for code/documentation mismatches ... OK * checking Rd \usage sections ... OK * checking Rd contents ... OK * checking for unstated dependencies in examples ... OK * checking contents of ‘data’ directory ... OK * checking data for non-ASCII characters ... [0s/0s] OK * checking LazyData ... OK * checking data for ASCII and uncompressed saves ... OK * checking examples ... [7s/7s] OK * checking PDF version of manual ... [3s/3s] OK * checking HTML version of manual ... [1s/1s] OK * checking for non-standard things in the check directory ... OK * checking for detritus in the temp directory ... OK * DONE Status: 1 WARNING, 2 NOTEs