* using log directory 'd:/RCompile/CRANincoming/R-devel/rtmpinv.Rcheck' * using R Under development (unstable) (2025-11-16 r89026 ucrt) * using platform: x86_64-w64-mingw32 * R was compiled by gcc.exe (GCC) 14.3.0 GNU Fortran (GCC) 14.3.0 * running under: Windows Server 2022 x64 (build 20348) * using session charset: UTF-8 * checking for file 'rtmpinv/DESCRIPTION' ... OK * checking extension type ... Package * this is package 'rtmpinv' version '0.1.0' * package encoding: UTF-8 * checking CRAN incoming feasibility ... NOTE Maintainer: 'Ilya Bolotov ' New submission Possibly misspelled words in DESCRIPTION: CLSP (15:39) Pseudoinverse (3:36, 11:46) TMPinv (11:72, 15:56) pseudoinverse (18:7) * checking package namespace information ... OK * checking package dependencies ... OK * checking if this is a source package ... OK * checking if there is a namespace ... OK * checking for hidden files and directories ... OK * checking for portable file names ... OK * checking whether package 'rtmpinv' can be installed ... OK * checking installed package size ... OK * checking package directory ... OK * checking for future file timestamps ... OK * checking DESCRIPTION meta-information ... OK * checking top-level files ... OK * checking for left-over files ... OK * checking index information ... OK * checking package subdirectories ... OK * checking code files for non-ASCII characters ... OK * checking R files for syntax errors ... OK * checking whether the package can be loaded ... OK * checking whether the package can be loaded with stated dependencies ... OK * checking whether the package can be unloaded cleanly ... OK * checking whether the namespace can be loaded with stated dependencies ... OK * checking whether the namespace can be unloaded cleanly ... OK * checking loading without being on the library search path ... OK * checking use of S3 registration ... OK * checking dependencies in R code ... OK * checking S3 generic/method consistency ... OK * checking replacement functions ... OK * checking foreign function calls ... OK * checking R code for possible problems ... OK * checking Rd files ... OK * checking Rd metadata ... OK * checking Rd line widths ... OK * checking Rd cross-references ... OK * checking for missing documentation entries ... OK * checking for code/documentation mismatches ... OK * checking Rd \usage sections ... OK * checking Rd contents ... OK * checking for unstated dependencies in examples ... OK * checking examples ... OK * checking for unstated dependencies in 'tests' ... OK * checking tests ... [138s] ERROR Running 'testthat.R' [138s] Running the tests in 'tests/testthat.R' failed. Complete output: > library(testthat) > library(rtmpinv) > > test_check("rtmpinv") Saving _problems/test-tmpinv-28.R [ FAIL 1 | WARN 10 | SKIP 0 | PASS 77 ] ══ Failed tests ════════════════════════════════════════════════════════════════ ── Error ('test-tmpinv.R:22:3'): tmpinv works for AP/TM on symmetric 20x20 matrix ── Error in `La.svd(x, nu, nv)`: error code 1 from Lapack routine 'dgesdd' Backtrace: ▆ 1. └─rtmpinv::tmpinv(...) at test-tmpinv.R:22:3 2. ├─base::suppressWarnings(...) 3. │ └─base::withCallingHandlers(...) 4. ├─base::do.call(...) 5. └─rtmpinv (local) ``(...) 6. ├─base::do.call(...) 7. └─rclsp (local) ``(...) 8. ├─base::do.call(...) 9. └─rclsp (local) ``(...) 10. ├─base::do.call(...) 11. └─rclsp (local) ``(...) 12. └─MASS::ginv(object$Z %*% crossprod(object$A) %*% object$Z, tol = if (is.null(rcond)) sqrt(.Machine$double.eps) else if (isTRUE(rcond)) object$tolerance else rcond) 13. └─base::svd(X) 14. └─base::La.svd(x, nu, nv) [ FAIL 1 | WARN 10 | SKIP 0 | PASS 77 ] Error: ! Test failures. Execution halted * checking PDF version of manual ... [12s] OK * checking HTML version of manual ... OK * DONE Status: 1 ERROR, 1 NOTE