* using log directory ‘/srv/hornik/tmp/CRAN_pretest/rsofun.Rcheck’ * using R Under development (unstable) (2025-09-29 r88883) * using platform: x86_64-pc-linux-gnu * R was compiled by Debian clang version 19.1.7 (3+b1) Debian flang-new version 19.1.7 (3+b1) * running under: Debian GNU/Linux forky/sid * using session charset: UTF-8 * checking for file ‘rsofun/DESCRIPTION’ ... OK * this is package ‘rsofun’ version ‘5.1.0’ * package encoding: UTF-8 * checking CRAN incoming feasibility ... [4s/8s] NOTE Maintainer: ‘Benjamin Stocker ’ Found the following (possibly) invalid URLs: URL: https://luh.umd.edu/data.shtml From: inst/doc/biomee_luluc.html Status: Error Message: SSL peer certificate or SSH remote key was not OK [luh.umd.edu]: server verification failed: certificate signer not trusted. (CAfile: /etc/ssl/certs/ca-certificates.crt CRLfile: none) * checking package namespace information ... OK * checking package dependencies ... OK * checking if this is a source package ... OK * checking if there is a namespace ... OK * checking for executable files ... OK * checking for hidden files and directories ... OK * checking for portable file names ... OK * checking for sufficient/correct file permissions ... OK * checking whether package ‘rsofun’ can be installed ... [3s/1s] ERROR Installation failed. See ‘/srv/hornik/tmp/CRAN_pretest/rsofun.Rcheck/00install.out’ for details. * DONE Status: 1 ERROR, 1 NOTE