* using log directory ‘/srv/hornik/tmp/CRAN_pretest/rfars.Rcheck’ * using R Under development (unstable) (2025-10-19 r88945) * using platform: x86_64-pc-linux-gnu * R was compiled by Debian clang version 19.1.7 (7) Debian flang-new version 19.1.7 (7) * running under: Debian GNU/Linux forky/sid * using session charset: UTF-8 * checking for file ‘rfars/DESCRIPTION’ ... OK * checking extension type ... Package * this is package ‘rfars’ version ‘2.0.2’ * package encoding: UTF-8 * checking CRAN incoming feasibility ... [5s/84s] NOTE Maintainer: ‘Steve Jackson ’ New submission Package was archived on CRAN CRAN repository db overrides: X-CRAN-Comment: Archived on 2025-10-06 as check issues were not corrected in time. Found the following (possibly) invalid URLs: URL: https://www.census.gov/geographies/reference-files/2015/demo/popest/2015-fips.html From: man/geo_relations.Rd Status: 520 URL: https://www.nhtsa.gov/ From: README.md Status: Error Message: Stream error in the HTTP/2 framing layer [www.nhtsa.gov]: HTTP/2 stream 11 was not closed cleanly: INTERNAL_ERROR (err 2) URL: https://www.nhtsa.gov/crash-data-systems/crash-report-sampling-system From: README.md Status: Error Message: Stream error in the HTTP/2 framing layer [www.nhtsa.gov]: HTTP/2 stream 13 was not closed cleanly: INTERNAL_ERROR (err 2) URL: https://www.nhtsa.gov/file-downloads?p=nhtsa/downloads/ From: man/download_fars.Rd man/download_gescrss.Rd man/fars_codebook.Rd man/gescrss_codebook.Rd man/get_fars.Rd man/get_gescrss.Rd README.md Status: Error Message: Stream error in the HTTP/2 framing layer [www.nhtsa.gov]: HTTP/2 stream 15 was not closed cleanly: INTERNAL_ERROR (err 2) URL: https://www.nhtsa.gov/national-automotive-sampling-system/nass-general-estimates-system From: README.md Status: Error Message: Stream error in the HTTP/2 framing layer [www.nhtsa.gov]: HTTP/2 stream 17 was not closed cleanly: INTERNAL_ERROR (err 2) URL: https://www.nhtsa.gov/research-data/fatality-analysis-reporting-system-fars From: README.md Status: Error Message: Stream error in the HTTP/2 framing layer [www.nhtsa.gov]: HTTP/2 stream 19 was not closed cleanly: INTERNAL_ERROR (err 2) * checking package namespace information ... OK * checking package dependencies ... OK * checking if this is a source package ... OK * checking if there is a namespace ... OK * checking for executable files ... OK * checking for hidden files and directories ... OK * checking for portable file names ... OK * checking for sufficient/correct file permissions ... OK * checking whether package ‘rfars’ can be installed ... [5s/5s] OK * checking package directory ... OK * checking for future file timestamps ... OK * checking ‘build’ directory ... OK * checking DESCRIPTION meta-information ... OK * checking top-level files ... OK * checking for left-over files ... OK * checking index information ... OK * checking package subdirectories ... OK * checking code files for non-ASCII characters ... OK * checking R files for syntax errors ... OK * checking whether the package can be loaded ... [1s/1s] OK * checking whether the package can be loaded with stated dependencies ... [1s/1s] OK * checking whether the package can be unloaded cleanly ... [1s/1s] OK * checking whether the namespace can be loaded with stated dependencies ... [1s/1s] OK * checking whether the namespace can be unloaded cleanly ... [1s/1s] OK * checking loading without being on the library search path ... [1s/1s] OK * checking use of S3 registration ... OK * checking dependencies in R code ... OK * checking S3 generic/method consistency ... OK * checking replacement functions ... OK * checking foreign function calls ... OK * checking R code for possible problems ... [6s/6s] OK * checking Rd files ... [0s/0s] OK * checking Rd metadata ... OK * checking Rd line widths ... OK * checking Rd cross-references ... OK * checking for missing documentation entries ... OK * checking for code/documentation mismatches ... OK * checking Rd \usage sections ... OK * checking Rd contents ... OK * checking for unstated dependencies in examples ... OK * checking contents of ‘data’ directory ... OK * checking data for non-ASCII characters ... [1s/1s] OK * checking LazyData ... OK * checking data for ASCII and uncompressed saves ... OK * checking installed files from ‘inst/doc’ ... OK * checking files in ‘vignettes’ ... OK * checking examples ... [2s/2s] OK * checking for unstated dependencies in ‘tests’ ... OK * checking tests ... [35s/123s] OK Running ‘testthat.R’ [35s/123s] * checking for unstated dependencies in vignettes ... OK * checking package vignettes ... OK * checking re-building of vignette outputs ... [41s/102s] ERROR Error(s) in re-building vignettes: ... --- re-building ‘Alcohol_Counts.Rmd’ using rmarkdown trying URL 'https://zenodo.org/records/17162673/files/FARS.rds?download=1' Content type 'application/octet-stream' length 87386771 bytes (83.3 MB) ================================================== downloaded 83.3 MB [WARNING] Deprecated: --highlight-style. Use --syntax-highlighting instead. --- finished re-building ‘Alcohol_Counts.Rmd’ --- re-building ‘Counts.Rmd’ using rmarkdown trying URL 'https://zenodo.org/records/17162673/files/FARS.rds?download=1' Content type 'application/octet-stream' length 87386771 bytes (83.3 MB) ================================================== downloaded 83.3 MB [WARNING] Deprecated: --highlight-style. Use --syntax-highlighting instead. --- finished re-building ‘Counts.Rmd’ --- re-building ‘Crash_sequence_of_events.Rmd’ using rmarkdown trying URL 'https://zenodo.org/records/17162674/files/GESCRSS.rds?download=1' Content type 'application/octet-stream' length 75614749 bytes (72.1 MB) ====================================== downloaded 54.9 MB Quitting from Crash_sequence_of_events.Rmd:44-50 [unnamed-chunk-2] ~~~~~~~~~~~~~~~~~~~~~~~~~~~~~~~~~~~~~~~~~~~~~~~~~~~~~~~~~~~~~~~~~~~~~~~~~~~~~~~~ Error in `UseMethod()`: ! no applicable method for 'group_by' applied to an object of class "NULL" --- Backtrace: ▆ 1. ├─... %>% knitr::kable(format = "html") 2. ├─knitr::kable(., format = "html") 3. ├─dplyr::slice(., 1:10) 4. ├─dplyr::arrange(., desc(n)) 5. ├─dplyr::summarize(., n = n()) 6. └─dplyr::group_by(., soe) ~~~~~~~~~~~~~~~~~~~~~~~~~~~~~~~~~~~~~~~~~~~~~~~~~~~~~~~~~~~~~~~~~~~~~~~~~~~~~~~~ Error: processing vignette 'Crash_sequence_of_events.Rmd' failed with diagnostics: no applicable method for 'group_by' applied to an object of class "NULL" --- failed re-building ‘Crash_sequence_of_events.Rmd’ --- re-building ‘Searchable_Codebooks.Rmd’ using rmarkdown [WARNING] Deprecated: --highlight-style. Use --syntax-highlighting instead. --- finished re-building ‘Searchable_Codebooks.Rmd’ SUMMARY: processing the following file failed: ‘Crash_sequence_of_events.Rmd’ Error: Vignette re-building failed. Execution halted * checking PDF version of manual ... [3s/3s] OK * checking HTML version of manual ... [1s/1s] NOTE Found the following HTML validation problems: alcohol.html:47:1 (alcohol.Rd:10): Warning: missing before appendRDS.html:54:1 (appendRDS.Rd:14): Warning: missing before bicyclist.html:47:1 (bicyclist.Rd:10): Warning: missing before distracted_driver.html:47:1 (distracted_driver.Rd:10): Warning: missing before driver_age.html:55:1 (driver_age.Rd:14): Warning: missing before drugs.html:47:1 (drugs.Rd:10): Warning: missing before get_sas_attrs.html:46:1 (get_sas_attrs.Rd:10): Warning: missing before hit_and_run.html:47:1 (hit_and_run.Rd:10): Warning: missing before import_multi.html:50:1 (import_multi.Rd:12): Warning: missing before large_trucks.html:47:1 (large_trucks.Rd:10): Warning: missing before make_all_numeric.html:46:1 (make_all_numeric.Rd:10): Warning: missing before make_id.html:46:1 (make_id.Rd:10): Warning: missing before motorcycle.html:47:1 (motorcycle.Rd:10): Warning: missing before parse_sas_format.html:46:1 (parse_sas_format.Rd:10): Warning: missing before pedalcyclist.html:47:1 (pedalcyclist.Rd:10): Warning: missing before pedbike.html:47:1 (pedbike.Rd:10): Warning: missing before pedestrian.html:47:1 (pedestrian.Rd:10): Warning: missing before police_pursuit.html:47:1 (police_pursuit.Rd:10): Warning: missing before road_depart.html:47:1 (road_depart.Rd:10): Warning: missing before rollover.html:47:1 (rollover.Rd:10): Warning: missing before speeding.html:47:1 (speeding.Rd:10): Warning: missing before use_imp.html:58:1 (use_imp.Rd:16): Warning: missing before validate_states.html:46:1 (validate_states.Rd:10): Warning: missing before * checking for non-standard things in the check directory ... OK * checking for detritus in the temp directory ... OK * DONE Status: 1 ERROR, 2 NOTEs