* using log directory ‘/srv/hornik/tmp/CRAN_pretest/registr.Rcheck’ * using R Under development (unstable) (2025-10-13 r88918) * using platform: x86_64-pc-linux-gnu * R was compiled by Debian clang version 19.1.7 (7) Debian flang-new version 19.1.7 (7) * running under: Debian GNU/Linux forky/sid * using session charset: UTF-8 * checking for file ‘registr/DESCRIPTION’ ... OK * this is package ‘registr’ version ‘2.1.1’ * package encoding: UTF-8 * checking CRAN incoming feasibility ... [5s/7s] NOTE Maintainer: ‘Julia Wrobel ’ New maintainer: Julia Wrobel Old maintainer(s): Julia Wrobel Found the following (possibly) invalid URLs: URL: http://juliawrobel.com From: README.md Status: 404 Message: Not Found URL: http://juliawrobel.com/Downloads/registration_ef.pdf From: inst/doc/registr.html README.md Status: 404 Message: Not Found URL: https://travis-ci.org/julia-wrobel/registr (moved to https://app.travis-ci.com/julia-wrobel/registr) From: README.md Status: 301 Message: Moved Permanently URL: https://www.en.stablab.stat.uni-muenchen.de/people/doktoranden/bauer1/index.html From: README.md Status: 404 Message: Not Found For content that is 'Moved Permanently', please change http to https, add trailing slashes, or replace the old by the new URL. * checking package namespace information ... OK * checking package dependencies ... OK * checking if this is a source package ... OK * checking if there is a namespace ... OK * checking for executable files ... OK * checking for hidden files and directories ... OK * checking for portable file names ... OK * checking for sufficient/correct file permissions ... OK * checking serialization versions ... OK * checking whether package ‘registr’ can be installed ... [20s/20s] ERROR Installation failed. See ‘/srv/hornik/tmp/CRAN_pretest/registr.Rcheck/00install.out’ for details. * DONE Status: 1 ERROR, 1 NOTE