* using log directory ‘/srv/hornik/tmp/CRAN_pretest/pwrFDR.Rcheck’ * using R Under development (unstable) (2025-01-11 r87563) * using platform: x86_64-pc-linux-gnu * R was compiled by Debian clang version 19.1.6 (1+b1) Debian flang-new version 19.1.6 (1+b1) * running under: Debian GNU/Linux trixie/sid * using session charset: UTF-8 * checking for file ‘pwrFDR/DESCRIPTION’ ... OK * this is package ‘pwrFDR’ version ‘3.2.4’ * checking CRAN incoming feasibility ... [4s/4s] OK * checking package namespace information ... OK * checking package dependencies ... OK * checking if this is a source package ... OK * checking if there is a namespace ... OK * checking for executable files ... OK * checking for hidden files and directories ... OK * checking for portable file names ... OK * checking for sufficient/correct file permissions ... OK * checking serialization versions ... OK * checking whether package ‘pwrFDR’ can be installed ... [4s/4s] OK * checking package directory ... OK * checking for future file timestamps ... OK * checking ‘build’ directory ... OK * checking DESCRIPTION meta-information ... OK * checking top-level files ... OK * checking for left-over files ... OK * checking index information ... OK * checking package subdirectories ... OK * checking code files for non-ASCII characters ... OK * checking R files for syntax errors ... OK * checking whether the package can be loaded ... [1s/1s] OK * checking whether the package can be loaded with stated dependencies ... [1s/1s] OK * checking whether the package can be unloaded cleanly ... [1s/1s] OK * checking whether the namespace can be loaded with stated dependencies ... [1s/1s] OK * checking whether the namespace can be unloaded cleanly ... [1s/1s] OK * checking loading without being on the library search path ... [1s/1s] OK * checking whether startup messages can be suppressed ... [1s/1s] OK * checking use of S3 registration ... OK * checking dependencies in R code ... OK * checking S3 generic/method consistency ... NOTE Mismatches for apparent methods not registered: as.numeric: function(x, ...) as.numeric.a: function(x) See section ‘Registering S3 methods’ in the ‘Writing R Extensions’ manual. * checking replacement functions ... OK * checking foreign function calls ... OK * checking R code for possible problems ... [9s/9s] OK * checking Rd files ... [0s/0s] OK * checking Rd metadata ... OK * checking Rd line widths ... OK * checking Rd cross-references ... OK * checking for missing documentation entries ... OK * checking for code/documentation mismatches ... OK * checking Rd \usage sections ... OK * checking Rd contents ... OK * checking for unstated dependencies in examples ... OK * checking sizes of PDF files under ‘inst/doc’ ... OK * checking installed files from ‘inst/doc’ ... OK * checking files in ‘vignettes’ ... OK * checking examples ... [5s/5s] OK * checking for unstated dependencies in vignettes ... OK * checking package vignettes ... OK * checking re-building of vignette outputs ... [12s/12s] ERROR Error(s) in re-building vignettes: ... --- re-building ‘pwrFDR-vignette.Rnw’ using Sweave pwrFDR 3.2.4 Type ?pwrFDR Please cite this package in your work use citation("pwrFDR") or toBibtex(citation("pwrFDR")) Loading required package: xtable TableMonster 1.7.5 Type ?print.TableMonster Attaching package: ‘TableMonster’ The following object is masked from ‘package:pwrFDR’: %,% Error: processing vignette 'pwrFDR-vignette.Rnw' failed with diagnostics: chunk 15 (label = prnt.excdnc) Error in `digits<-.xtable`(`*tmp*`, value = switch(1 + is.null(digits), : if argument 'digits' is a vector of length more than one, it must have length equal to 8 ( ncol(x) + 1 ) --- failed re-building ‘pwrFDR-vignette.Rnw’ SUMMARY: processing the following file failed: ‘pwrFDR-vignette.Rnw’ Error: Vignette re-building failed. Execution halted * checking PDF version of manual ... [3s/3s] OK * checking HTML version of manual ... [1s/1s] OK * checking for non-standard things in the check directory ... OK * checking for detritus in the temp directory ... OK * DONE Status: 1 ERROR, 1 NOTE