* using log directory ‘/srv/hornik/tmp/CRAN_pretest/proportion.Rcheck’ * using R Under development (unstable) (2025-10-06 r88901) * using platform: x86_64-pc-linux-gnu * R was compiled by Debian clang version 19.1.7 (3+b1) Debian flang-new version 19.1.7 (3+b1) * running under: Debian GNU/Linux forky/sid * using session charset: UTF-8 * checking for file ‘proportion/DESCRIPTION’ ... OK * checking extension type ... Package * this is package ‘proportion’ version ‘2.0.1’ * package encoding: UTF-8 * checking CRAN incoming feasibility ... [4s/4s] NOTE Maintainer: ‘Subbiah M ’ New submission Package was archived on CRAN Unknown, possibly misspelled, fields in DESCRIPTION: ‘Reference’ CRAN repository db overrides: X-CRAN-Comment: Archived on 2022-04-27 as check issues were not corrected in time. length > 1 in && or || * checking package namespace information ... OK * checking package dependencies ... OK * checking if this is a source package ... OK * checking if there is a namespace ... OK * checking for executable files ... OK * checking for hidden files and directories ... OK * checking for portable file names ... OK * checking for sufficient/correct file permissions ... OK * checking serialization versions ... OK * checking whether package ‘proportion’ can be installed ... [15s/15s] OK * checking package directory ... OK * checking for future file timestamps ... OK * checking DESCRIPTION meta-information ... OK * checking top-level files ... OK * checking for left-over files ... OK * checking index information ... OK * checking package subdirectories ... OK * checking code files for non-ASCII characters ... OK * checking R files for syntax errors ... OK * checking whether the package can be loaded ... [0s/0s] OK * checking whether the package can be loaded with stated dependencies ... [0s/0s] OK * checking whether the package can be unloaded cleanly ... [0s/0s] OK * checking whether the namespace can be loaded with stated dependencies ... [0s/0s] OK * checking whether the namespace can be unloaded cleanly ... [0s/0s] OK * checking loading without being on the library search path ... [0s/0s] OK * checking use of S3 registration ... OK * checking dependencies in R code ... OK * checking S3 generic/method consistency ... OK * checking replacement functions ... OK * checking foreign function calls ... OK * checking R code for possible problems ... [35s/35s] NOTE Found if() conditions comparing class() to string: File ‘proportion/R/101.Confidence_base_n.R’: if ((class(n) != "integer") & (class(n) != "numeric") || length(n) > 1 || n <= 0) ... File ‘proportion/R/101.Confidence_base_n.R’: if ((class(n) != "integer") & (class(n) != "numeric") || length(n) > 1 || n <= 0) ... File ‘proportion/R/101.Confidence_base_n.R’: if ((class(n) != "integer") & (class(n) != "numeric") || length(n) > 1 || n <= 0) ... File ‘proportion/R/101.Confidence_base_n.R’: if ((class(n) != "integer") & (class(n) != "numeric") || length(n) > 1 || n <= 0) ... File ‘proportion/R/101.Confidence_base_n.R’: if ((class(n) != "integer") & (class(n) != "numeric") || length(n) > 1 || n <= 0) ... File ‘proportion/R/101.Confidence_base_n.R’: if ((class(e) != "integer") & (class(e) != "numeric") || any(e > 1) || any(e < 0)) ... File ‘proportion/R/101.Confidence_base_n.R’: if ((class(n) != "integer") & (class(n) != "numeric") || length(n) > 1 || n <= 0) ... File ‘proportion/R/101.Confidence_base_n.R’: if ((class(n) != "integer") & (class(n) != "numeric") || length(n) > 1 || n <= 0) ... File ‘proportion/R/101.Confidence_base_n.R’: if ((class(n) != "integer") & (class(n) != "numeric") || length(n) > 1 || n <= 0) ... File ‘proportion/R/101.Confidence_base_n.R’: if ((class(a) != "integer") & (class(a) != "numeric") || a < 0) ... File ‘proportion/R/101.Confidence_base_n.R’: if ((class(b) != "integer") & (class(b) != "numeric") || b < 0) ... File ‘proportion/R/101.Confidence_base_n.R’: if ((class(a) != "integer") & (class(a) != "numeric") || any(a < 0)) ... File ‘proportion/R/101.Confidence_base_n.R’: if ((class(b) != "integer") & (class(b) != "numeric") || any(b < 0)) ... File ‘proportion/R/101.Confidence_base_n.R’: if ((class(n) != "integer") & (class(n) != "numeric") || length(n) > 1 || n <= 0) ... File ‘proportion/R/102.Confidence_base_n_Graph.R’: if ((class(n) != "integer") & (class(n) != "numeric") || length(n) > 1 || n <= 0) ... File ‘proportion/R/102.Confidence_base_n_Graph.R’: if ((class(e) != "integer") & (class(e) != "numeric") || any(e > 1) || any(e < 0)) ... File ‘proportion/R/102.Confidence_base_n_Graph.R’: if ((class(n) != "integer") & (class(n) != "numeric") || length(n) > 1 || n <= 0) ... File ‘proportion/R/102.Confidence_base_n_Graph.R’: if ((class(a) != "integer") & (class(a) != "numeric") || any(a < 0)) ... File ‘proportion/R/102.Confidence_base_n_Graph.R’: if ((class(b) != "integer") & (class(b) != "numeric") || any(b < 0)) ... File ‘proportion/R/102.Confidence_base_n_Graph.R’: if ((class(a) != "integer") & (class(a) != "numeric") || a < 0) ... File ‘proportion/R/102.Confidence_base_n_Graph.R’: if ((class(b) != "integer") & (class(b) != "numeric") || b < 0) ... File ‘proportion/R/102.Confidence_base_n_Graph.R’: if ((class(n) != "integer") & (class(n) != "numeric") || length(n) > 1 || n <= 0) ... File ‘proportion/R/102.Confidence_base_n_Graph.R’: if ((class(n) != "integer") & (class(n) != "numeric") || length(n) > 1 || n <= 0) ... File ‘proportion/R/102.Confidence_base_n_Graph.R’: if ((class(n) != "integer") & (class(n) != "numeric") || length(n) > 1 || n <= 0) ... File ‘proportion/R/102.Confidence_base_n_Graph.R’: if ((class(n) != "integer") & (class(n) != "numeric") || length(n) > 1 || n <= 0) ... File ‘proportion/R/102.Confidence_base_n_Graph.R’: if ((class(n) != "integer") & (class(n) != "numeric") || length(n) > 1 || n <= 0) ... File ‘proportion/R/102.Confidence_base_n_Graph.R’: if ((class(n) != "integer") & (class(n) != "numeric") || length(n) > 1 || n <= 0) ... File ‘proportion/R/102.Confidence_base_n_Graph.R’: if ((class(n) != "integer") & (class(n) != "numeric") || length(n) > 1 || n <= 0) ... File ‘proportion/R/102.Confidence_base_n_Graph.R’: if ((class(n) != "integer") & (class(n) != "numeric") || length(n) > 1 || n <= 0) ... File ‘proportion/R/103.ConfidenceIntervals_BASE_n_x.R’: if (((class(x) != "integer") & (class(x) != "numeric")) || (x < 0) || x > n || length(x) > 1) ... File ‘proportion/R/103.ConfidenceIntervals_BASE_n_x.R’: if ((class(n) != "integer") & (class(n) != "numeric") || length(n) > 1 || n <= 0) ... File ‘proportion/R/103.ConfidenceIntervals_BASE_n_x.R’: if (((class(x) != "integer") & (class(x) != "numeric")) || (x < 0) || x > n || length(x) > 1) ... File ‘proportion/R/103.ConfidenceIntervals_BASE_n_x.R’: if ((class(n) != "integer") & (class(n) != "numeric") || length(n) > 1 || n <= 0) ... File ‘proportion/R/103.ConfidenceIntervals_BASE_n_x.R’: if (((class(x) != "integer") & (class(x) != "numeric")) || (x < 0) || x > n || length(x) > 1) ... File ‘proportion/R/103.ConfidenceIntervals_BASE_n_x.R’: if ((class(n) != "integer") & (class(n) != "numeric") || length(n) > 1 || n <= 0) ... File ‘proportion/R/103.ConfidenceIntervals_BASE_n_x.R’: if (((class(x) != "integer") & (class(x) != "numeric")) || (x < 0) || x > n || length(x) > 1) ... File ‘proportion/R/103.ConfidenceIntervals_BASE_n_x.R’: if ((class(n) != "integer") & (class(n) != "numeric") || length(n) > 1 || n <= 0) ... File ‘proportion/R/103.ConfidenceIntervals_BASE_n_x.R’: if (((class(x) != "integer") & (class(x) != "numeric")) || (x < 0) || x > n || length(x) > 1) ... File ‘proportion/R/103.ConfidenceIntervals_BASE_n_x.R’: if ((class(n) != "integer") & (class(n) != "numeric") || length(n) > 1 || n <= 0) ... File ‘proportion/R/103.ConfidenceIntervals_BASE_n_x.R’: if ((class(e) != "integer") & (class(e) != "numeric") || any(e > 1) || any(e < 0)) ... File ‘proportion/R/103.ConfidenceIntervals_BASE_n_x.R’: if (((class(x) != "integer") & (class(x) != "numeric")) || (x < 0) || x > n || length(x) > 1) ... File ‘proportion/R/103.ConfidenceIntervals_BASE_n_x.R’: if ((class(n) != "integer") & (class(n) != "numeric") || length(n) > 1 || n <= 0) ... File ‘proportion/R/103.ConfidenceIntervals_BASE_n_x.R’: if (((class(x) != "integer") & (class(x) != "numeric")) || (x < 0) || x > n || length(x) > 1) ... File ‘proportion/R/103.ConfidenceIntervals_BASE_n_x.R’: if ((class(n) != "integer") & (class(n) != "numeric") || length(n) > 1 || n <= 0) ... File ‘proportion/R/103.ConfidenceIntervals_BASE_n_x.R’: if (((class(x) != "integer") & (class(x) != "numeric")) || (x < 0) || x > n || length(x) > 1) ... File ‘proportion/R/103.ConfidenceIntervals_BASE_n_x.R’: if ((class(n) != "integer") & (class(n) != "numeric") || length(n) > 1 || n <= 0) ... File ‘proportion/R/103.ConfidenceIntervals_BASE_n_x.R’: if ((class(a) != "integer") & (class(a) != "numeric") || any(a < 0)) ... File ‘proportion/R/103.ConfidenceIntervals_BASE_n_x.R’: if ((class(b) != "integer") & (class(b) != "numeric") || any(b < 0)) ... File ‘proportion/R/103.ConfidenceIntervals_BASE_n_x.R’: if (((class(x) != "integer") & (class(x) != "numeric")) || (x < 0) || x > n || length(x) > 1) ... File ‘proportion/R/103.ConfidenceIntervals_BASE_n_x.R’: if ((class(n) != "integer") & (class(n) != "numeric") || length(n) > 1 || n <= 0) ... File ‘proportion/R/104.ConfidenceIntervals_BASE_n_x_Graph.R’: if (((class(x) != "integer") & (class(x) != "numeric")) || (x < 0) || x > n || length(x) > 1) ... File ‘proportion/R/104.ConfidenceIntervals_BASE_n_x_Graph.R’: if ((class(n) != "integer") & (class(n) != "numeric") || length(n) > 1 || n <= 0) ... File ‘proportion/R/104.ConfidenceIntervals_BASE_n_x_Graph.R’: if (((class(x) != "integer") & (class(x) != "numeric")) || (x < 0) || x > n || length(x) > 1) ... File ‘proportion/R/104.ConfidenceIntervals_BASE_n_x_Graph.R’: if ((class(n) != "integer") & (class(n) != "numeric") || length(n) > 1 || n <= 0) ... File ‘proportion/R/104.ConfidenceIntervals_BASE_n_x_Graph.R’: if (((class(x) != "integer") & (class(x) != "numeric")) || (x < 0) || x > n || length(x) > 1) ... File ‘proportion/R/104.ConfidenceIntervals_BASE_n_x_Graph.R’: if ((class(n) != "integer") & (class(n) != "numeric") || length(n) > 1 || n <= 0) ... File ‘proportion/R/111.ConfidenceIntervals_ADJ_n.R’: if ((class(n) != "integer") & (class(n) != "numeric") || length(n) > 1 || n <= 0) ... File ‘proportion/R/111.ConfidenceIntervals_ADJ_n.R’: if ((class(h) != "integer") & (class(h) != "numeric") || length(h) > 1 || h < 0) ... File ‘proportion/R/111.ConfidenceIntervals_ADJ_n.R’: if ((class(n) != "integer") & (class(n) != "numeric") || length(n) > 1 || n <= 0) ... File ‘proportion/R/111.ConfidenceIntervals_ADJ_n.R’: if ((class(h) != "integer") & (class(h) != "numeric") || length(h) > 1 || h < 0) ... File ‘proportion/R/111.ConfidenceIntervals_ADJ_n.R’: if ((class(n) != "integer") & (class(n) != "numeric") || length(n) > 1 || n <= 0) ... File ‘proportion/R/111.ConfidenceIntervals_ADJ_n.R’: if ((class(h) != "integer") & (class(h) != "numeric") || length(h) > 1 || h < 0) ... File ‘proportion/R/111.ConfidenceIntervals_ADJ_n.R’: if ((class(n) != "integer") & (class(n) != "numeric") || length(n) > 1 || n <= 0) ... File ‘proportion/R/111.ConfidenceIntervals_ADJ_n.R’: if ((class(h) != "integer") & (class(h) != "numeric") || length(h) > 1 || h < 0 || !(h%%1 == 0)) ... File ‘proportion/R/111.ConfidenceIntervals_ADJ_n.R’: if ((class(n) != "integer") & (class(n) != "numeric") || length(n) > 1 || n <= 0) ... File ‘proportion/R/111.ConfidenceIntervals_ADJ_n.R’: if ((class(h) != "integer") & (class(h) != "numeric") || length(h) > 1 || h < 0) ... File ‘proportion/R/111.ConfidenceIntervals_ADJ_n.R’: if ((class(n) != "integer") & (class(n) != "numeric") || length(n) > 1 || n <= 0) ... File ‘proportion/R/111.ConfidenceIntervals_ADJ_n.R’: if ((class(h) != "integer") & (class(h) != "numeric") || length(h) > 1 || h < 0) ... File ‘proportion/R/111.ConfidenceIntervals_ADJ_n.R’: if ((class(n) != "integer") & (class(n) != "numeric") || length(n) > 1 || n <= 0) ... File ‘proportion/R/111.ConfidenceIntervals_ADJ_n.R’: if ((class(h) != "integer") & (class(h) != "numeric") || length(h) > 1 || h < 0 || !(h%%1 == 0)) ... File ‘proportion/R/112.ConfidenceIntervals_ADJ_n_Graph.R’: if ((class(n) != "integer") & (class(n) != "numeric") || length(n) > 1 || n <= 0) ... File ‘proportion/R/112.ConfidenceIntervals_ADJ_n_Graph.R’: if ((class(h) != "integer") & (class(h) != "numeric") || length(h) > 1 || h < 0 || !(h%%1 == 0)) ... File ‘proportion/R/112.ConfidenceIntervals_ADJ_n_Graph.R’: if ((class(n) != "integer") & (class(n) != "numeric") || length(n) > 1 || n <= 0) ... File ‘proportion/R/112.ConfidenceIntervals_ADJ_n_Graph.R’: if ((class(h) != "integer") & (class(h) != "numeric") || length(h) > 1 || h < 0 || is.integer(h)) ... File ‘proportion/R/112.ConfidenceIntervals_ADJ_n_Graph.R’: if ((class(n) != "integer") & (class(n) != "numeric") || length(n) > 1 || n <= 0) ... File ‘proportion/R/112.ConfidenceIntervals_ADJ_n_Graph.R’: if ((class(h) != "integer") & (class(h) != "numeric") || length(h) > 1 || h < 0) ... File ‘proportion/R/112.ConfidenceIntervals_ADJ_n_Graph.R’: if ((class(n) != "integer") & (class(n) != "numeric") || length(n) > 1 || n <= 0) ... File ‘proportion/R/112.ConfidenceIntervals_ADJ_n_Graph.R’: if ((class(h) != "integer") & (class(h) != "numeric") || length(h) > 1 || h < 0) ... File ‘proportion/R/112.ConfidenceIntervals_ADJ_n_Graph.R’: if ((class(n) != "integer") & (class(n) != "numeric") || length(n) > 1 || n <= 0) ... File ‘proportion/R/112.ConfidenceIntervals_ADJ_n_Graph.R’: if ((class(h) != "integer") & (class(h) != "numeric") || length(h) > 1 || h < 0 || !(h%%1 == 0)) ... File ‘proportion/R/112.ConfidenceIntervals_ADJ_n_Graph.R’: if ((class(n) != "integer") & (class(n) != "numeric") || length(n) > 1 || n <= 0) ... File ‘proportion/R/112.ConfidenceIntervals_ADJ_n_Graph.R’: if ((class(h) != "integer") & (class(h) != "numeric") || length(h) > 1 || h < 0) ... File ‘proportion/R/112.ConfidenceIntervals_ADJ_n_Graph.R’: if ((class(n) != "integer") & (class(n) != "numeric") || length(n) > 1 || n <= 0) ... File ‘proportion/R/112.ConfidenceIntervals_ADJ_n_Graph.R’: if ((class(h) != "integer") & (class(h) != "numeric") || length(h) > 1 || h < 0) ... File ‘proportion/R/112.ConfidenceIntervals_ADJ_n_Graph.R’: if ((class(n) != "integer") & (class(n) != "numeric") || length(n) > 1 || n <= 0) ... File ‘proportion/R/112.ConfidenceIntervals_ADJ_n_Graph.R’: if ((class(h) != "integer") & (class(h) != "numeric") || length(h) > 1 || h < 0) ... File ‘proportion/R/113.ConfidenceIntervals_ADJ_n_x.R’: if (((class(x) != "integer") & (class(x) != "numeric")) || (x < 0) || x > n || length(x) > 1) ... File ‘proportion/R/113.ConfidenceIntervals_ADJ_n_x.R’: if ((class(n) != "integer") & (class(n) != "numeric") || length(n) > 1 || n <= 0) ... File ‘proportion/R/113.ConfidenceIntervals_ADJ_n_x.R’: if ((class(h) != "integer") & (class(h) != "numeric") || length(h) > 1 || h < 0) ... File ‘proportion/R/113.ConfidenceIntervals_ADJ_n_x.R’: if (((class(x) != "integer") & (class(x) != "numeric")) || (x < 0) || x > n || length(x) > 1) ... File ‘proportion/R/113.ConfidenceIntervals_ADJ_n_x.R’: if ((class(n) != "integer") & (class(n) != "numeric") || length(n) > 1 || n <= 0) ... File ‘proportion/R/113.ConfidenceIntervals_ADJ_n_x.R’: if ((class(h) != "integer") & (class(h) != "numeric") || length(h) > 1 || h < 0) ... File ‘proportion/R/113.ConfidenceIntervals_ADJ_n_x.R’: if (((class(x) != "integer") & (class(x) != "numeric")) || (x < 0) || x > n || length(x) > 1) ... File ‘proportion/R/113.ConfidenceIntervals_ADJ_n_x.R’: if ((class(n) != "integer") & (class(n) != "numeric") || length(n) > 1 || n <= 0) ... File ‘proportion/R/113.ConfidenceIntervals_ADJ_n_x.R’: if ((class(h) != "integer") & (class(h) != "numeric") || length(h) > 1 || h < 0) ... File ‘proportion/R/113.ConfidenceIntervals_ADJ_n_x.R’: if (((class(x) != "integer") & (class(x) != "numeric")) || (x < 0) || x > n || length(x) > 1) ... File ‘proportion/R/113.ConfidenceIntervals_ADJ_n_x.R’: if ((class(n) != "integer") & (class(n) != "numeric") || length(n) > 1 || n <= 0) ... File ‘proportion/R/113.ConfidenceIntervals_ADJ_n_x.R’: if ((class(h) != "integer") & (class(h) != "numeric") || length(h) > 1 || h < 0 || !(h%%1 == 0)) ... File ‘proportion/R/113.ConfidenceIntervals_ADJ_n_x.R’: if (((class(x) != "integer") & (class(x) != "numeric")) || (x < 0) || x > n || length(x) > 1) ... File ‘proportion/R/113.ConfidenceIntervals_ADJ_n_x.R’: if ((class(n) != "integer") & (class(n) != "numeric") || length(n) > 1 || n <= 0) ... File ‘proportion/R/113.ConfidenceIntervals_ADJ_n_x.R’: if ((class(h) != "integer") & (class(h) != "numeric") || length(h) > 1 || h < 0) ... File ‘proportion/R/113.ConfidenceIntervals_ADJ_n_x.R’: if (((class(x) != "integer") & (class(x) != "numeric")) || (x < 0) || x > n || length(x) > 1) ... File ‘proportion/R/113.ConfidenceIntervals_ADJ_n_x.R’: if ((class(n) != "integer") & (class(n) != "numeric") || length(n) > 1 || n <= 0) ... File ‘proportion/R/113.ConfidenceIntervals_ADJ_n_x.R’: if ((class(h) != "integer") & (class(h) != "numeric") || length(h) > 1 || h < 0) ... File ‘proportion/R/113.ConfidenceIntervals_ADJ_n_x.R’: if (((class(x) != "integer") & (class(x) != "numeric")) || (x < 0) || x > n || length(x) > 1) ... File ‘proportion/R/113.ConfidenceIntervals_ADJ_n_x.R’: if ((class(n) != "integer") & (class(n) != "numeric") || length(n) > 1 || n <= 0) ... File ‘proportion/R/113.ConfidenceIntervals_ADJ_n_x.R’: if ((class(h) != "integer") & (class(h) != "numeric") || length(h) > 1 || h < 0 || !(h%%1 == 0)) ... File ‘proportion/R/113.ConfidenceIntervals_ADJ_n_x.R’: if (((class(x) != "integer") & (class(x) != "numeric")) || (x < 0) || x > n || length(x) > 1) ... File ‘proportion/R/113.ConfidenceIntervals_ADJ_n_x.R’: if ((class(n) != "integer") & (class(n) != "numeric") || length(n) > 1 || n <= 0) ... File ‘proportion/R/113.ConfidenceIntervals_ADJ_n_x.R’: if ((class(h) != "integer") & (class(h) != "numeric") || length(h) > 1 || h < 0 || !(h%%1 == 0)) ... File ‘proportion/R/113.ConfidenceIntervals_ADJ_n_x.R’: if (((class(x) != "integer") & (class(x) != "numeric")) || (x < 0) || x > n || length(x) > 1) ... File ‘proportion/R/113.ConfidenceIntervals_ADJ_n_x.R’: if ((class(n) != "integer") & (class(n) != "numeric") || length(n) > 1 || n <= 0) ... File ‘proportion/R/113.ConfidenceIntervals_ADJ_n_x.R’: if ((class(h) != "integer") & (class(h) != "numeric") || length(h) > 1 || h < 0 || !(h%%1 == 0)) ... File ‘proportion/R/121.ConfidenceIntervals_CC_n.R’: if ((class(n) != "integer") & (class(n) != "numeric") || n <= 0) ... File ‘proportion/R/121.ConfidenceIntervals_CC_n.R’: if ((class(c) != "integer") & (class(c) != "numeric") || length(c) > 1 || c < 0) ... File ‘proportion/R/121.ConfidenceIntervals_CC_n.R’: if ((class(n) != "integer") & (class(n) != "numeric") || n <= 0) ... File ‘proportion/R/121.ConfidenceIntervals_CC_n.R’: if ((class(n) != "integer") & (class(n) != "numeric") || n <= 0) ... File ‘proportion/R/121.ConfidenceIntervals_CC_n.R’: if ((class(c) != "integer") & (class(c) != "numeric") || length(c) > 1 || c < 0) ... File ‘proportion/R/121.ConfidenceIntervals_CC_n.R’: if ((class(n) != "integer") & (class(n) != "numeric") || n <= 0) ... File ‘proportion/R/121.ConfidenceIntervals_CC_n.R’: if ((class(c) != "integer") & (class(c) != "numeric") || length(c) > 1 || c < 0) ... File ‘proportion/R/121.ConfidenceIntervals_CC_n.R’: if ((class(n) != "integer") & (class(n) != "numeric") || n <= 0) ... File ‘proportion/R/121.ConfidenceIntervals_CC_n.R’: if ((class(c) != "integer") & (class(c) != "numeric") || length(c) > 1 || c < 0) ... File ‘proportion/R/121.ConfidenceIntervals_CC_n.R’: if ((class(n) != "integer") & (class(n) != "numeric") || n <= 0) ... File ‘proportion/R/122.ConfidenceIntervals_CC_n_Graph.R’: if ((class(n) != "integer") & (class(n) != "numeric") || n <= 0) ... File ‘proportion/R/122.ConfidenceIntervals_CC_n_Graph.R’: if ((class(n) != "integer") & (class(n) != "numeric") || n <= 0) ... File ‘proportion/R/122.ConfidenceIntervals_CC_n_Graph.R’: if ((class(n) != "integer") & (class(n) != "numeric") || length(n) > 1 || n <= 0) ... File ‘proportion/R/122.ConfidenceIntervals_CC_n_Graph.R’: if ((class(n) != "integer") & (class(n) != "numeric") || length(n) > 1 || n <= 0) ... File ‘proportion/R/122.ConfidenceIntervals_CC_n_Graph.R’: if ((class(n) != "integer") & (class(n) != "numeric") || length(n) > 1 || n <= 0) ... File ‘proportion/R/122.ConfidenceIntervals_CC_n_Graph.R’: if ((class(n) != "integer") & (class(n) != "numeric") || length(n) > 1 || n <= 0) ... File ‘proportion/R/122.ConfidenceIntervals_CC_n_Graph.R’: if ((class(c) != "integer") & (class(c) != "numeric") || length(c) > 1 || c < 0) ... File ‘proportion/R/122.ConfidenceIntervals_CC_n_Graph.R’: if ((class(n) != "integer") & (class(n) != "numeric") || length(n) > 1 || n <= 0) ... File ‘proportion/R/122.ConfidenceIntervals_CC_n_Graph.R’: if ((class(c) != "integer") & (class(c) != "numeric") || length(c) > 1 || c < 0) ... File ‘proportion/R/123.ConfidenceIntervals_CC_n_x.R’: if (((class(x) != "integer") & (class(x) != "numeric")) || (x < 0) || x > n || length(x) > 1) ... File ‘proportion/R/123.ConfidenceIntervals_CC_n_x.R’: if ((class(n) != "integer") & (class(n) != "numeric") || length(n) > 1 || n <= 0) ... File ‘proportion/R/123.ConfidenceIntervals_CC_n_x.R’: if ((class(c) != "integer") & (class(c) != "numeric") || length(c) > 1 || c < 0) ... File ‘proportion/R/123.ConfidenceIntervals_CC_n_x.R’: if (((class(x) != "integer") & (class(x) != "numeric")) || (x < 0) || x > n || length(x) > 1) ... File ‘proportion/R/123.ConfidenceIntervals_CC_n_x.R’: if ((class(n) != "integer") & (class(n) != "numeric") || length(n) > 1 || n <= 0) ... File ‘proportion/R/123.ConfidenceIntervals_CC_n_x.R’: if (((class(x) != "integer") & (class(x) != "numeric")) || (x < 0) || x > n || length(x) > 1) ... File ‘proportion/R/123.ConfidenceIntervals_CC_n_x.R’: if ((class(n) != "integer") & (class(n) != "numeric") || length(n) > 1 || n <= 0) ... File ‘proportion/R/123.ConfidenceIntervals_CC_n_x.R’: if ((class(c) != "integer") & (class(c) != "numeric") || length(c) > 1 || c < 0) ... File ‘proportion/R/123.ConfidenceIntervals_CC_n_x.R’: if (((class(x) != "integer") & (class(x) != "numeric")) || (x < 0) || x > n || length(x) > 1) ... File ‘proportion/R/123.ConfidenceIntervals_CC_n_x.R’: if ((class(n) != "integer") & (class(n) != "numeric") || length(n) > 1 || n <= 0) ... File ‘proportion/R/123.ConfidenceIntervals_CC_n_x.R’: if ((class(c) != "integer") & (class(c) != "numeric") || length(c) > 1 || c < 0) ... File ‘proportion/R/123.ConfidenceIntervals_CC_n_x.R’: if (((class(x) != "integer") & (class(x) != "numeric")) || (x < 0) || x > n || length(x) > 1) ... File ‘proportion/R/123.ConfidenceIntervals_CC_n_x.R’: if ((class(n) != "integer") & (class(n) != "numeric") || length(n) > 1 || n <= 0) ... File ‘proportion/R/123.ConfidenceIntervals_CC_n_x.R’: if ((class(c) != "integer") & (class(c) != "numeric") || length(c) > 1 || c < 0) ... File ‘proportion/R/123.ConfidenceIntervals_CC_n_x.R’: if (((class(x) != "integer") & (class(x) != "numeric")) || (x < 0) || x > n || length(x) > 1) ... File ‘proportion/R/123.ConfidenceIntervals_CC_n_x.R’: if ((class(n) != "integer") & (class(n) != "numeric") || length(n) > 1 || n <= 0) ... File ‘proportion/R/123.ConfidenceIntervals_CC_n_x.R’: if ((class(c) != "integer") & (class(c) != "numeric") || length(c) > 1 || c < 0) ... File ‘proportion/R/123.ConfidenceIntervals_CC_n_x.R’: if (((class(x) != "integer") & (class(x) != "numeric")) || (x < 0) || x > n || length(x) > 1) ... File ‘proportion/R/123.ConfidenceIntervals_CC_n_x.R’: if ((class(n) != "integer") & (class(n) != "numeric") || length(n) > 1 || n <= 0) ... File ‘proportion/R/123.ConfidenceIntervals_CC_n_x.R’: if ((class(c) != "integer") & (class(c) != "numeric") || length(c) > 1 || c < 0) ... File ‘proportion/R/123.ConfidenceIntervals_CC_n_x.R’: if (((class(x) != "integer") & (class(x) != "numeric")) || (x < 0) || x > n || length(x) > 1) ... File ‘proportion/R/123.ConfidenceIntervals_CC_n_x.R’: if ((class(n) != "integer") & (class(n) != "numeric") || length(n) > 1 || n <= 0) ... File ‘proportion/R/123.ConfidenceIntervals_CC_n_x.R’: if ((class(c) != "integer") & (class(c) != "numeric") || length(c) > 1 || c < 0) ... File ‘proportion/R/201.CoverageProb_BASE_All.R’: if ((class(n) != "integer") & (class(n) != "numeric") || length(n) > 1 || n <= 0) ... File ‘proportion/R/201.CoverageProb_BASE_All.R’: if ((class(a) != "integer") & (class(a) != "numeric") || length(a) > 1 || a < 0) ... File ‘proportion/R/201.CoverageProb_BASE_All.R’: if ((class(b) != "integer") & (class(b) != "numeric") || length(b) > 1 || b < 0) ... File ‘proportion/R/201.CoverageProb_BASE_All.R’: if ((class(t1) != "integer") & (class(t1) != "numeric") || length(t1) > 1 || t1 < 0 || t1 > 1) ... File ‘proportion/R/201.CoverageProb_BASE_All.R’: if ((class(t2) != "integer") & (class(t2) != "numeric") || length(t2) > 1 || t2 < 0 || t2 > 1) ... File ‘proportion/R/201.CoverageProb_BASE_All.R’: if ((class(n) != "integer") & (class(n) != "numeric") || length(n) > 1 || n <= 0) ... File ‘proportion/R/201.CoverageProb_BASE_All.R’: if ((class(a) != "integer") & (class(a) != "numeric") || length(a) > 1 || a < 0) ... File ‘proportion/R/201.CoverageProb_BASE_All.R’: if ((class(b) != "integer") & (class(b) != "numeric") || length(b) > 1 || b < 0) ... File ‘proportion/R/201.CoverageProb_BASE_All.R’: if ((class(t1) != "integer") & (class(t1) != "numeric") || length(t1) > 1 || t1 < 0 || t1 > 1) ... File ‘proportion/R/201.CoverageProb_BASE_All.R’: if ((class(t2) != "integer") & (class(t2) != "numeric") || length(t2) > 1 || t2 < 0 || t2 > 1) ... File ‘proportion/R/201.CoverageProb_BASE_All.R’: if ((class(n) != "integer") & (class(n) != "numeric") || length(n) > 1 || n <= 0) ... File ‘proportion/R/201.CoverageProb_BASE_All.R’: if ((class(a) != "integer") & (class(a) != "numeric") || length(a) > 1 || a < 0) ... File ‘proportion/R/201.CoverageProb_BASE_All.R’: if ((class(b) != "integer") & (class(b) != "numeric") || length(b) > 1 || b < 0) ... File ‘proportion/R/201.CoverageProb_BASE_All.R’: if ((class(t1) != "integer") & (class(t1) != "numeric") || length(t1) > 1 || t1 < 0 || t1 > 1) ... File ‘proportion/R/201.CoverageProb_BASE_All.R’: if ((class(t2) != "integer") & (class(t2) != "numeric") || length(t2) > 1 || t2 < 0 || t2 > 1) ... File ‘proportion/R/201.CoverageProb_BASE_All.R’: if ((class(n) != "integer") & (class(n) != "numeric") || length(n) > 1 || n <= 0) ... File ‘proportion/R/201.CoverageProb_BASE_All.R’: if ((class(a) != "integer") & (class(a) != "numeric") || length(a) > 1 || a < 0) ... File ‘proportion/R/201.CoverageProb_BASE_All.R’: if ((class(b) != "integer") & (class(b) != "numeric") || length(b) > 1 || b < 0) ... File ‘proportion/R/201.CoverageProb_BASE_All.R’: if ((class(t1) != "integer") & (class(t1) != "numeric") || length(t1) > 1 || t1 < 0 || t1 > 1) ... File ‘proportion/R/201.CoverageProb_BASE_All.R’: if ((class(t2) != "integer") & (class(t2) != "numeric") || length(t2) > 1 || t2 < 0 || t2 > 1) ... File ‘proportion/R/201.CoverageProb_BASE_All.R’: if ((class(n) != "integer") & (class(n) != "numeric") || length(n) > 1 || n <= 0) ... File ‘proportion/R/201.CoverageProb_BASE_All.R’: if ((class(a) != "integer") & (class(a) != "numeric") || length(a) > 1 || a < 0) ... File ‘proportion/R/201.CoverageProb_BASE_All.R’: if ((class(b) != "integer") & (class(b) != "numeric") || length(b) > 1 || b < 0) ... File ‘proportion/R/201.CoverageProb_BASE_All.R’: if ((class(t1) != "integer") & (class(t1) != "numeric") || length(t1) > 1 || t1 < 0 || t1 > 1) ... File ‘proportion/R/201.CoverageProb_BASE_All.R’: if ((class(t2) != "integer") & (class(t2) != "numeric") || length(t2) > 1 || t2 < 0 || t2 > 1) ... File ‘proportion/R/201.CoverageProb_BASE_All.R’: if ((class(n) != "integer") & (class(n) != "numeric") || length(n) > 1 || n <= 0) ... File ‘proportion/R/201.CoverageProb_BASE_All.R’: if ((class(a) != "integer") & (class(a) != "numeric") || length(a) > 1 || a < 0) ... File ‘proportion/R/201.CoverageProb_BASE_All.R’: if ((class(b) != "integer") & (class(b) != "numeric") || length(b) > 1 || b < 0) ... File ‘proportion/R/201.CoverageProb_BASE_All.R’: if ((class(t1) != "integer") & (class(t1) != "numeric") || length(t1) > 1 || t1 < 0 || t1 > 1) ... File ‘proportion/R/201.CoverageProb_BASE_All.R’: if ((class(t2) != "integer") & (class(t2) != "numeric") || length(t2) > 1 || t2 < 0 || t2 > 1) ... File ‘proportion/R/201.CoverageProb_BASE_All.R’: if ((class(n) != "integer") & (class(n) != "numeric") || length(n) > 1 || n <= 0) ... File ‘proportion/R/201.CoverageProb_BASE_All.R’: if ((class(e) != "integer") & (class(e) != "numeric") || any(e > 1) || any(e < 0)) ... File ‘proportion/R/201.CoverageProb_BASE_All.R’: if ((class(a) != "integer") & (class(a) != "numeric") || length(a) > 1 || a < 0) ... File ‘proportion/R/201.CoverageProb_BASE_All.R’: if ((class(b) != "integer") & (class(b) != "numeric") || length(b) > 1 || b < 0) ... File ‘proportion/R/201.CoverageProb_BASE_All.R’: if ((class(t1) != "integer") & (class(t1) != "numeric") || length(t1) > 1 || t1 < 0 || t1 > 1) ... File ‘proportion/R/201.CoverageProb_BASE_All.R’: if ((class(t2) != "integer") & (class(t2) != "numeric") || length(t2) > 1 || t2 < 0 || t2 > 1) ... File ‘proportion/R/201.CoverageProb_BASE_All.R’: if ((class(n) != "integer") & (class(n) != "numeric") || length(n) > 1 || n <= 0) ... File ‘proportion/R/201.CoverageProb_BASE_All.R’: if ((class(a) != "integer") & (class(a) != "numeric") || length(a) > 1 || a < 0) ... File ‘proportion/R/201.CoverageProb_BASE_All.R’: if ((class(b) != "integer") & (class(b) != "numeric") || length(b) > 1 || b < 0) ... File ‘proportion/R/201.CoverageProb_BASE_All.R’: if ((class(t1) != "integer") & (class(t1) != "numeric") || length(t1) > 1 || t1 < 0 || t1 > 1) ... File ‘proportion/R/201.CoverageProb_BASE_All.R’: if ((class(t2) != "integer") & (class(t2) != "numeric") || length(t2) > 1 || t2 < 0 || t2 > 1) ... File ‘proportion/R/201.CoverageProb_BASE_All.R’: if ((class(a1) != "integer") & (class(a1) != "numeric") || length(a1) > 1 || a1 < 0) ... File ‘proportion/R/201.CoverageProb_BASE_All.R’: if ((class(a2) != "integer") & (class(a2) != "numeric") || length(a2) > 1 || a2 < 0) ... File ‘proportion/R/201.CoverageProb_BASE_All.R’: if ((class(n) != "integer") & (class(n) != "numeric") || length(n) > 1 || n <= 0) ... File ‘proportion/R/201.CoverageProb_BASE_All.R’: if ((class(a) != "integer") & (class(a) != "numeric") || length(a) > 1 || a < 0) ... File ‘proportion/R/201.CoverageProb_BASE_All.R’: if ((class(b) != "integer") & (class(b) != "numeric") || length(b) > 1 || b < 0) ... File ‘proportion/R/201.CoverageProb_BASE_All.R’: if ((class(t1) != "integer") & (class(t1) != "numeric") || length(t1) > 1 || t1 < 0 || t1 > 1) ... File ‘proportion/R/201.CoverageProb_BASE_All.R’: if ((class(t2) != "integer") & (class(t2) != "numeric") || length(t2) > 1 || t2 < 0 || t2 > 1) ... File ‘proportion/R/202.CoverageProb_BASE_All_Graph.R’: if ((class(n) != "integer") & (class(n) != "numeric") || length(n) > 1 || n <= 0) ... File ‘proportion/R/202.CoverageProb_BASE_All_Graph.R’: if ((class(e) != "integer") & (class(e) != "numeric") || any(e > 1) || any(e < 0)) ... File ‘proportion/R/202.CoverageProb_BASE_All_Graph.R’: if ((class(a) != "integer") & (class(a) != "numeric") || length(a) > 1 || a < 0) ... File ‘proportion/R/202.CoverageProb_BASE_All_Graph.R’: if ((class(b) != "integer") & (class(b) != "numeric") || length(b) > 1 || b < 0) ... File ‘proportion/R/202.CoverageProb_BASE_All_Graph.R’: if ((class(t1) != "integer") & (class(t1) != "numeric") || length(t1) > 1 || t1 < 0 || t1 > 1) ... File ‘proportion/R/202.CoverageProb_BASE_All_Graph.R’: if ((class(t2) != "integer") & (class(t2) != "numeric") || length(t2) > 1 || t2 < 0 || t2 > 1) ... File ‘proportion/R/202.CoverageProb_BASE_All_Graph.R’: if ((class(n) != "integer") & (class(n) != "numeric") || length(n) > 1 || n <= 0) ... File ‘proportion/R/202.CoverageProb_BASE_All_Graph.R’: if ((class(a) != "integer") & (class(a) != "numeric") || length(a) > 1 || a < 0) ... File ‘proportion/R/202.CoverageProb_BASE_All_Graph.R’: if ((class(b) != "integer") & (class(b) != "numeric") || length(b) > 1 || b < 0) ... File ‘proportion/R/202.CoverageProb_BASE_All_Graph.R’: if ((class(t1) != "integer") & (class(t1) != "numeric") || length(t1) > 1 || t1 < 0 || t1 > 1) ... File ‘proportion/R/202.CoverageProb_BASE_All_Graph.R’: if ((class(t2) != "integer") & (class(t2) != "numeric") || length(t2) > 1 || t2 < 0 || t2 > 1) ... File ‘proportion/R/202.CoverageProb_BASE_All_Graph.R’: if ((class(a1) != "integer") & (class(a1) != "numeric") || length(a1) > 1 || a1 < 0) ... File ‘proportion/R/202.CoverageProb_BASE_All_Graph.R’: if ((class(a2) != "integer") & (class(a2) != "numeric") || length(a2) > 1 || a2 < 0) ... File ‘proportion/R/202.CoverageProb_BASE_All_Graph.R’: if ((class(n) != "integer") & (class(n) != "numeric") || length(n) > 1 || n <= 0) ... File ‘proportion/R/202.CoverageProb_BASE_All_Graph.R’: if ((class(a) != "integer") & (class(a) != "numeric") || length(a) > 1 || a < 0) ... File ‘proportion/R/202.CoverageProb_BASE_All_Graph.R’: if ((class(b) != "integer") & (class(b) != "numeric") || length(b) > 1 || b < 0) ... File ‘proportion/R/202.CoverageProb_BASE_All_Graph.R’: if ((class(t1) != "integer") & (class(t1) != "numeric") || length(t1) > 1 || t1 < 0 || t1 > 1) ... File ‘proportion/R/202.CoverageProb_BASE_All_Graph.R’: if ((class(t2) != "integer") & (class(t2) != "numeric") || length(t2) > 1 || t2 < 0 || t2 > 1) ... File ‘proportion/R/202.CoverageProb_BASE_All_Graph.R’: if ((class(n) != "integer") & (class(n) != "numeric") || length(n) > 1 || n <= 0) ... File ‘proportion/R/202.CoverageProb_BASE_All_Graph.R’: if ((class(a) != "integer") & (class(a) != "numeric") || length(a) > 1 || a < 0) ... File ‘proportion/R/202.CoverageProb_BASE_All_Graph.R’: if ((class(b) != "integer") & (class(b) != "numeric") || length(b) > 1 || b < 0) ... File ‘proportion/R/202.CoverageProb_BASE_All_Graph.R’: if ((class(t1) != "integer") & (class(t1) != "numeric") || length(t1) > 1 || t1 < 0 || t1 > 1) ... File ‘proportion/R/202.CoverageProb_BASE_All_Graph.R’: if ((class(t2) != "integer") & (class(t2) != "numeric") || length(t2) > 1 || t2 < 0 || t2 > 1) ... File ‘proportion/R/202.CoverageProb_BASE_All_Graph.R’: if ((class(n) != "integer") & (class(n) != "numeric") || length(n) > 1 || n <= 0) ... File ‘proportion/R/202.CoverageProb_BASE_All_Graph.R’: if ((class(a) != "integer") & (class(a) != "numeric") || length(a) > 1 || a < 0) ... File ‘proportion/R/202.CoverageProb_BASE_All_Graph.R’: if ((class(b) != "integer") & (class(b) != "numeric") || length(b) > 1 || b < 0) ... File ‘proportion/R/202.CoverageProb_BASE_All_Graph.R’: if ((class(t1) != "integer") & (class(t1) != "numeric") || length(t1) > 1 || t1 < 0 || t1 > 1) ... File ‘proportion/R/202.CoverageProb_BASE_All_Graph.R’: if ((class(t2) != "integer") & (class(t2) != "numeric") || length(t2) > 1 || t2 < 0 || t2 > 1) ... File ‘proportion/R/202.CoverageProb_BASE_All_Graph.R’: if ((class(n) != "integer") & (class(n) != "numeric") || length(n) > 1 || n <= 0) ... File ‘proportion/R/202.CoverageProb_BASE_All_Graph.R’: if ((class(a) != "integer") & (class(a) != "numeric") || length(a) > 1 || a < 0) ... File ‘proportion/R/202.CoverageProb_BASE_All_Graph.R’: if ((class(b) != "integer") & (class(b) != "numeric") || length(b) > 1 || b < 0) ... File ‘proportion/R/202.CoverageProb_BASE_All_Graph.R’: if ((class(t1) != "integer") & (class(t1) != "numeric") || length(t1) > 1 || t1 < 0 || t1 > 1) ... File ‘proportion/R/202.CoverageProb_BASE_All_Graph.R’: if ((class(t2) != "integer") & (class(t2) != "numeric") || length(t2) > 1 || t2 < 0 || t2 > 1) ... File ‘proportion/R/202.CoverageProb_BASE_All_Graph.R’: if ((class(n) != "integer") & (class(n) != "numeric") || length(n) > 1 || n <= 0) ... File ‘proportion/R/202.CoverageProb_BASE_All_Graph.R’: if ((class(a) != "integer") & (class(a) != "numeric") || length(a) > 1 || a < 0) ... File ‘proportion/R/202.CoverageProb_BASE_All_Graph.R’: if ((class(b) != "integer") & (class(b) != "numeric") || length(b) > 1 || b < 0) ... File ‘proportion/R/202.CoverageProb_BASE_All_Graph.R’: if ((class(t1) != "integer") & (class(t1) != "numeric") || length(t1) > 1 || t1 < 0 || t1 > 1) ... File ‘proportion/R/202.CoverageProb_BASE_All_Graph.R’: if ((class(t2) != "integer") & (class(t2) != "numeric") || length(t2) > 1 || t2 < 0 || t2 > 1) ... File ‘proportion/R/202.CoverageProb_BASE_All_Graph.R’: if ((class(n) != "integer") & (class(n) != "numeric") || length(n) > 1 || n <= 0) ... File ‘proportion/R/202.CoverageProb_BASE_All_Graph.R’: if ((class(a) != "integer") & (class(a) != "numeric") || length(a) > 1 || a < 0) ... File ‘proportion/R/202.CoverageProb_BASE_All_Graph.R’: if ((class(b) != "integer") & (class(b) != "numeric") || length(b) > 1 || b < 0) ... File ‘proportion/R/202.CoverageProb_BASE_All_Graph.R’: if ((class(t1) != "integer") & (class(t1) != "numeric") || length(t1) > 1 || t1 < 0 || t1 > 1) ... File ‘proportion/R/202.CoverageProb_BASE_All_Graph.R’: if ((class(t2) != "integer") & (class(t2) != "numeric") || length(t2) > 1 || t2 < 0 || t2 > 1) ... File ‘proportion/R/202.CoverageProb_BASE_All_Graph.R’: if ((class(n) != "integer") & (class(n) != "numeric") || length(n) > 1 || n <= 0) ... File ‘proportion/R/202.CoverageProb_BASE_All_Graph.R’: if ((class(a) != "integer") & (class(a) != "numeric") || length(a) > 1 || a < 0) ... File ‘proportion/R/202.CoverageProb_BASE_All_Graph.R’: if ((class(b) != "integer") & (class(b) != "numeric") || length(b) > 1 || b < 0) ... File ‘proportion/R/202.CoverageProb_BASE_All_Graph.R’: if ((class(t1) != "integer") & (class(t1) != "numeric") || length(t1) > 1 || t1 < 0 || t1 > 1) ... File ‘proportion/R/202.CoverageProb_BASE_All_Graph.R’: if ((class(t2) != "integer") & (class(t2) != "numeric") || length(t2) > 1 || t2 < 0 || t2 > 1) ... File ‘proportion/R/212.CoverageProb_ADJ_All.R’: if ((class(n) != "integer") & (class(n) != "numeric") || length(n) > 1 || n <= 0) ... File ‘proportion/R/212.CoverageProb_ADJ_All.R’: if ((class(h) != "integer") & (class(h) != "numeric") || length(h) > 1 || h < 0) ... File ‘proportion/R/212.CoverageProb_ADJ_All.R’: if ((class(a) != "integer") & (class(a) != "numeric") || length(a) > 1 || a < 0) ... File ‘proportion/R/212.CoverageProb_ADJ_All.R’: if ((class(b) != "integer") & (class(b) != "numeric") || length(b) > 1 || b < 0) ... File ‘proportion/R/212.CoverageProb_ADJ_All.R’: if ((class(t1) != "integer") & (class(t1) != "numeric") || length(t1) > 1 || t1 < 0 || t1 > 1) ... File ‘proportion/R/212.CoverageProb_ADJ_All.R’: if ((class(t2) != "integer") & (class(t2) != "numeric") || length(t2) > 1 || t2 < 0 || t2 > 1) ... File ‘proportion/R/212.CoverageProb_ADJ_All.R’: if ((class(n) != "integer") & (class(n) != "numeric") || length(n) > 1 || n <= 0) ... File ‘proportion/R/212.CoverageProb_ADJ_All.R’: if ((class(h) != "integer") & (class(h) != "numeric") || length(h) > 1 || h < 0) ... File ‘proportion/R/212.CoverageProb_ADJ_All.R’: if ((class(a) != "integer") & (class(a) != "numeric") || length(a) > 1 || a < 0) ... File ‘proportion/R/212.CoverageProb_ADJ_All.R’: if ((class(b) != "integer") & (class(b) != "numeric") || length(b) > 1 || b < 0) ... File ‘proportion/R/212.CoverageProb_ADJ_All.R’: if ((class(t1) != "integer") & (class(t1) != "numeric") || length(t1) > 1 || t1 < 0 || t1 > 1) ... File ‘proportion/R/212.CoverageProb_ADJ_All.R’: if ((class(t2) != "integer") & (class(t2) != "numeric") || length(t2) > 1 || t2 < 0 || t2 > 1) ... File ‘proportion/R/212.CoverageProb_ADJ_All.R’: if ((class(n) != "integer") & (class(n) != "numeric") || length(n) > 1 || n <= 0) ... File ‘proportion/R/212.CoverageProb_ADJ_All.R’: if ((class(h) != "integer") & (class(h) != "numeric") || length(h) > 1 || h < 0) ... File ‘proportion/R/212.CoverageProb_ADJ_All.R’: if ((class(a) != "integer") & (class(a) != "numeric") || length(a) > 1 || a < 0) ... File ‘proportion/R/212.CoverageProb_ADJ_All.R’: if ((class(b) != "integer") & (class(b) != "numeric") || length(b) > 1 || b < 0) ... File ‘proportion/R/212.CoverageProb_ADJ_All.R’: if ((class(t1) != "integer") & (class(t1) != "numeric") || length(t1) > 1 || t1 < 0 || t1 > 1) ... File ‘proportion/R/212.CoverageProb_ADJ_All.R’: if ((class(t2) != "integer") & (class(t2) != "numeric") || length(t2) > 1 || t2 < 0 || t2 > 1) ... File ‘proportion/R/212.CoverageProb_ADJ_All.R’: if ((class(n) != "integer") & (class(n) != "numeric") || length(n) > 1 || n <= 0) ... File ‘proportion/R/212.CoverageProb_ADJ_All.R’: if ((class(h) != "integer") & (class(h) != "numeric") || length(h) > 1 || h < 0) ... File ‘proportion/R/212.CoverageProb_ADJ_All.R’: if ((class(a) != "integer") & (class(a) != "numeric") || length(a) > 1 || a < 0) ... File ‘proportion/R/212.CoverageProb_ADJ_All.R’: if ((class(b) != "integer") & (class(b) != "numeric") || length(b) > 1 || b < 0) ... File ‘proportion/R/212.CoverageProb_ADJ_All.R’: if ((class(t1) != "integer") & (class(t1) != "numeric") || length(t1) > 1 || t1 < 0 || t1 > 1) ... File ‘proportion/R/212.CoverageProb_ADJ_All.R’: if ((class(t2) != "integer") & (class(t2) != "numeric") || length(t2) > 1 || t2 < 0 || t2 > 1) ... File ‘proportion/R/212.CoverageProb_ADJ_All.R’: if ((class(n) != "integer") & (class(n) != "numeric") || length(n) > 1 || n <= 0) ... File ‘proportion/R/212.CoverageProb_ADJ_All.R’: if ((class(h) != "integer") & (class(h) != "numeric") || length(h) > 1 || h < 0) ... File ‘proportion/R/212.CoverageProb_ADJ_All.R’: if ((class(a) != "integer") & (class(a) != "numeric") || length(a) > 1 || a < 0) ... File ‘proportion/R/212.CoverageProb_ADJ_All.R’: if ((class(b) != "integer") & (class(b) != "numeric") || length(b) > 1 || b < 0) ... File ‘proportion/R/212.CoverageProb_ADJ_All.R’: if ((class(t1) != "integer") & (class(t1) != "numeric") || length(t1) > 1 || t1 < 0 || t1 > 1) ... File ‘proportion/R/212.CoverageProb_ADJ_All.R’: if ((class(t2) != "integer") & (class(t2) != "numeric") || length(t2) > 1 || t2 < 0 || t2 > 1) ... File ‘proportion/R/212.CoverageProb_ADJ_All.R’: if ((class(n) != "integer") & (class(n) != "numeric") || length(n) > 1 || n <= 0) ... File ‘proportion/R/212.CoverageProb_ADJ_All.R’: if ((class(h) != "integer") & (class(h) != "numeric") || length(h) > 1 || h < 0 || !(h%%1 == 0)) ... File ‘proportion/R/212.CoverageProb_ADJ_All.R’: if ((class(a) != "integer") & (class(a) != "numeric") || length(a) > 1 || a < 0) ... File ‘proportion/R/212.CoverageProb_ADJ_All.R’: if ((class(b) != "integer") & (class(b) != "numeric") || length(b) > 1 || b < 0) ... File ‘proportion/R/212.CoverageProb_ADJ_All.R’: if ((class(t1) != "integer") & (class(t1) != "numeric") || length(t1) > 1 || t1 < 0 || t1 > 1) ... File ‘proportion/R/212.CoverageProb_ADJ_All.R’: if ((class(t2) != "integer") & (class(t2) != "numeric") || length(t2) > 1 || t2 < 0 || t2 > 1) ... File ‘proportion/R/212.CoverageProb_ADJ_All.R’: if ((class(n) != "integer") & (class(n) != "numeric") || length(n) > 1 || n <= 0) ... File ‘proportion/R/212.CoverageProb_ADJ_All.R’: if ((class(h) != "integer") & (class(h) != "numeric") || length(h) > 1 || h < 0 || !(h%%1 == 0)) ... File ‘proportion/R/212.CoverageProb_ADJ_All.R’: if ((class(a) != "integer") & (class(a) != "numeric") || length(a) > 1 || a < 0) ... File ‘proportion/R/212.CoverageProb_ADJ_All.R’: if ((class(b) != "integer") & (class(b) != "numeric") || length(b) > 1 || b < 0) ... File ‘proportion/R/212.CoverageProb_ADJ_All.R’: if ((class(t1) != "integer") & (class(t1) != "numeric") || length(t1) > 1 || t1 < 0 || t1 > 1) ... File ‘proportion/R/212.CoverageProb_ADJ_All.R’: if ((class(t2) != "integer") & (class(t2) != "numeric") || length(t2) > 1 || t2 < 0 || t2 > 1) ... File ‘proportion/R/213.CoverageProb_ADJ_All_Graph.R’: if ((class(n) != "integer") & (class(n) != "numeric") || length(n) > 1 || n <= 0) ... File ‘proportion/R/213.CoverageProb_ADJ_All_Graph.R’: if ((class(h) != "integer") & (class(h) != "numeric") || length(h) > 1 || h < 0 || !(h%%1 == 0)) ... File ‘proportion/R/213.CoverageProb_ADJ_All_Graph.R’: if ((class(a) != "integer") & (class(a) != "numeric") || length(a) > 1 || a < 0) ... File ‘proportion/R/213.CoverageProb_ADJ_All_Graph.R’: if ((class(b) != "integer") & (class(b) != "numeric") || length(b) > 1 || b < 0) ... File ‘proportion/R/213.CoverageProb_ADJ_All_Graph.R’: if ((class(t1) != "integer") & (class(t1) != "numeric") || length(t1) > 1 || t1 < 0 || t1 > 1) ... File ‘proportion/R/213.CoverageProb_ADJ_All_Graph.R’: if ((class(t2) != "integer") & (class(t2) != "numeric") || length(t2) > 1 || t2 < 0 || t2 > 1) ... File ‘proportion/R/213.CoverageProb_ADJ_All_Graph.R’: if ((class(n) != "integer") & (class(n) != "numeric") || length(n) > 1 || n <= 0) ... File ‘proportion/R/213.CoverageProb_ADJ_All_Graph.R’: if ((class(h) != "integer") & (class(h) != "numeric") || length(h) > 1 || h < 0) ... File ‘proportion/R/213.CoverageProb_ADJ_All_Graph.R’: if ((class(a) != "integer") & (class(a) != "numeric") || length(a) > 1 || a < 0) ... File ‘proportion/R/213.CoverageProb_ADJ_All_Graph.R’: if ((class(b) != "integer") & (class(b) != "numeric") || length(b) > 1 || b < 0) ... File ‘proportion/R/213.CoverageProb_ADJ_All_Graph.R’: if ((class(t1) != "integer") & (class(t1) != "numeric") || length(t1) > 1 || t1 < 0 || t1 > 1) ... File ‘proportion/R/213.CoverageProb_ADJ_All_Graph.R’: if ((class(t2) != "integer") & (class(t2) != "numeric") || length(t2) > 1 || t2 < 0 || t2 > 1) ... File ‘proportion/R/213.CoverageProb_ADJ_All_Graph.R’: if ((class(n) != "integer") & (class(n) != "numeric") || length(n) > 1 || n <= 0) ... File ‘proportion/R/213.CoverageProb_ADJ_All_Graph.R’: if ((class(h) != "integer") & (class(h) != "numeric") || length(h) > 1 || h < 0) ... File ‘proportion/R/213.CoverageProb_ADJ_All_Graph.R’: if ((class(a) != "integer") & (class(a) != "numeric") || length(a) > 1 || a < 0) ... File ‘proportion/R/213.CoverageProb_ADJ_All_Graph.R’: if ((class(b) != "integer") & (class(b) != "numeric") || length(b) > 1 || b < 0) ... File ‘proportion/R/213.CoverageProb_ADJ_All_Graph.R’: if ((class(t1) != "integer") & (class(t1) != "numeric") || length(t1) > 1 || t1 < 0 || t1 > 1) ... File ‘proportion/R/213.CoverageProb_ADJ_All_Graph.R’: if ((class(t2) != "integer") & (class(t2) != "numeric") || length(t2) > 1 || t2 < 0 || t2 > 1) ... File ‘proportion/R/213.CoverageProb_ADJ_All_Graph.R’: if ((class(n) != "integer") & (class(n) != "numeric") || length(n) > 1 || n <= 0) ... File ‘proportion/R/213.CoverageProb_ADJ_All_Graph.R’: if ((class(h) != "integer") & (class(h) != "numeric") || length(h) > 1 || h < 0 || !(h%%1 == 0)) ... File ‘proportion/R/213.CoverageProb_ADJ_All_Graph.R’: if ((class(a) != "integer") & (class(a) != "numeric") || length(a) > 1 || a < 0) ... File ‘proportion/R/213.CoverageProb_ADJ_All_Graph.R’: if ((class(b) != "integer") & (class(b) != "numeric") || length(b) > 1 || b < 0) ... File ‘proportion/R/213.CoverageProb_ADJ_All_Graph.R’: if ((class(t1) != "integer") & (class(t1) != "numeric") || length(t1) > 1 || t1 < 0 || t1 > 1) ... File ‘proportion/R/213.CoverageProb_ADJ_All_Graph.R’: if ((class(t2) != "integer") & (class(t2) != "numeric") || length(t2) > 1 || t2 < 0 || t2 > 1) ... File ‘proportion/R/213.CoverageProb_ADJ_All_Graph.R’: if ((class(n) != "integer") & (class(n) != "numeric") || length(n) > 1 || n <= 0) ... File ‘proportion/R/213.CoverageProb_ADJ_All_Graph.R’: if ((class(h) != "integer") & (class(h) != "numeric") || length(h) > 1 || h < 0) ... File ‘proportion/R/213.CoverageProb_ADJ_All_Graph.R’: if ((class(a) != "integer") & (class(a) != "numeric") || length(a) > 1 || a < 0) ... File ‘proportion/R/213.CoverageProb_ADJ_All_Graph.R’: if ((class(b) != "integer") & (class(b) != "numeric") || length(b) > 1 || b < 0) ... File ‘proportion/R/213.CoverageProb_ADJ_All_Graph.R’: if ((class(t1) != "integer") & (class(t1) != "numeric") || length(t1) > 1 || t1 < 0 || t1 > 1) ... File ‘proportion/R/213.CoverageProb_ADJ_All_Graph.R’: if ((class(t2) != "integer") & (class(t2) != "numeric") || length(t2) > 1 || t2 < 0 || t2 > 1) ... File ‘proportion/R/213.CoverageProb_ADJ_All_Graph.R’: if ((class(n) != "integer") & (class(n) != "numeric") || length(n) > 1 || n <= 0) ... File ‘proportion/R/213.CoverageProb_ADJ_All_Graph.R’: if ((class(h) != "integer") & (class(h) != "numeric") || length(h) > 1 || h < 0) ... File ‘proportion/R/213.CoverageProb_ADJ_All_Graph.R’: if ((class(a) != "integer") & (class(a) != "numeric") || length(a) > 1 || a < 0) ... File ‘proportion/R/213.CoverageProb_ADJ_All_Graph.R’: if ((class(b) != "integer") & (class(b) != "numeric") || length(b) > 1 || b < 0) ... File ‘proportion/R/213.CoverageProb_ADJ_All_Graph.R’: if ((class(t1) != "integer") & (class(t1) != "numeric") || length(t1) > 1 || t1 < 0 || t1 > 1) ... File ‘proportion/R/213.CoverageProb_ADJ_All_Graph.R’: if ((class(t2) != "integer") & (class(t2) != "numeric") || length(t2) > 1 || t2 < 0 || t2 > 1) ... File ‘proportion/R/213.CoverageProb_ADJ_All_Graph.R’: if ((class(n) != "integer") & (class(n) != "numeric") || length(n) > 1 || n <= 0) ... File ‘proportion/R/213.CoverageProb_ADJ_All_Graph.R’: if ((class(h) != "integer") & (class(h) != "numeric") || length(h) > 1 || h < 0) ... File ‘proportion/R/213.CoverageProb_ADJ_All_Graph.R’: if ((class(a) != "integer") & (class(a) != "numeric") || length(a) > 1 || a < 0) ... File ‘proportion/R/213.CoverageProb_ADJ_All_Graph.R’: if ((class(b) != "integer") & (class(b) != "numeric") || length(b) > 1 || b < 0) ... File ‘proportion/R/213.CoverageProb_ADJ_All_Graph.R’: if ((class(t1) != "integer") & (class(t1) != "numeric") || length(t1) > 1 || t1 < 0 || t1 > 1) ... File ‘proportion/R/213.CoverageProb_ADJ_All_Graph.R’: if ((class(t2) != "integer") & (class(t2) != "numeric") || length(t2) > 1 || t2 < 0 || t2 > 1) ... File ‘proportion/R/221.CoverageProb_CC_All.R’: if ((class(n) != "integer") & (class(n) != "numeric") || length(n) > 1 || n <= 0) ... File ‘proportion/R/221.CoverageProb_CC_All.R’: if ((class(c) != "integer") & (class(c) != "numeric") || length(c) > 1 || c < 0) ... File ‘proportion/R/221.CoverageProb_CC_All.R’: if ((class(a) != "integer") & (class(a) != "numeric") || length(a) > 1 || a < 0) ... File ‘proportion/R/221.CoverageProb_CC_All.R’: if ((class(b) != "integer") & (class(b) != "numeric") || length(b) > 1 || b < 0) ... File ‘proportion/R/221.CoverageProb_CC_All.R’: if ((class(t1) != "integer") & (class(t1) != "numeric") || length(t1) > 1 || t1 < 0 || t1 > 1) ... File ‘proportion/R/221.CoverageProb_CC_All.R’: if ((class(t2) != "integer") & (class(t2) != "numeric") || length(t2) > 1 || t2 < 0 || t2 > 1) ... File ‘proportion/R/221.CoverageProb_CC_All.R’: if ((class(n) != "integer") & (class(n) != "numeric") || length(n) > 1 || n <= 0) ... File ‘proportion/R/221.CoverageProb_CC_All.R’: if ((class(a) != "integer") & (class(a) != "numeric") || length(a) > 1 || a < 0) ... File ‘proportion/R/221.CoverageProb_CC_All.R’: if ((class(b) != "integer") & (class(b) != "numeric") || length(b) > 1 || b < 0) ... File ‘proportion/R/221.CoverageProb_CC_All.R’: if ((class(t1) != "integer") & (class(t1) != "numeric") || length(t1) > 1 || t1 < 0 || t1 > 1) ... File ‘proportion/R/221.CoverageProb_CC_All.R’: if ((class(t2) != "integer") & (class(t2) != "numeric") || length(t2) > 1 || t2 < 0 || t2 > 1) ... File ‘proportion/R/221.CoverageProb_CC_All.R’: if ((class(n) != "integer") & (class(n) != "numeric") || length(n) > 1 || n <= 0) ... File ‘proportion/R/221.CoverageProb_CC_All.R’: if ((class(c) != "integer") & (class(c) != "numeric") || length(c) > 1 || c < 0) ... File ‘proportion/R/221.CoverageProb_CC_All.R’: if ((class(a) != "integer") & (class(a) != "numeric") || length(a) > 1 || a < 0) ... File ‘proportion/R/221.CoverageProb_CC_All.R’: if ((class(b) != "integer") & (class(b) != "numeric") || length(b) > 1 || b < 0) ... File ‘proportion/R/221.CoverageProb_CC_All.R’: if ((class(t1) != "integer") & (class(t1) != "numeric") || length(t1) > 1 || t1 < 0 || t1 > 1) ... File ‘proportion/R/221.CoverageProb_CC_All.R’: if ((class(t2) != "integer") & (class(t2) != "numeric") || length(t2) > 1 || t2 < 0 || t2 > 1) ... File ‘proportion/R/221.CoverageProb_CC_All.R’: if ((class(n) != "integer") & (class(n) != "numeric") || length(n) > 1 || n <= 0) ... File ‘proportion/R/221.CoverageProb_CC_All.R’: if ((class(c) != "integer") & (class(c) != "numeric") || length(c) > 1 || c < 0) ... File ‘proportion/R/221.CoverageProb_CC_All.R’: if ((class(a) != "integer") & (class(a) != "numeric") || length(a) > 1 || a < 0) ... File ‘proportion/R/221.CoverageProb_CC_All.R’: if ((class(b) != "integer") & (class(b) != "numeric") || length(b) > 1 || b < 0) ... File ‘proportion/R/221.CoverageProb_CC_All.R’: if ((class(t1) != "integer") & (class(t1) != "numeric") || length(t1) > 1 || t1 < 0 || t1 > 1) ... File ‘proportion/R/221.CoverageProb_CC_All.R’: if ((class(t2) != "integer") & (class(t2) != "numeric") || length(t2) > 1 || t2 < 0 || t2 > 1) ... File ‘proportion/R/221.CoverageProb_CC_All.R’: if ((class(n) != "integer") & (class(n) != "numeric") || length(n) > 1 || n <= 0) ... File ‘proportion/R/221.CoverageProb_CC_All.R’: if ((class(c) != "integer") & (class(c) != "numeric") || length(c) > 1 || c < 0) ... File ‘proportion/R/221.CoverageProb_CC_All.R’: if ((class(a) != "integer") & (class(a) != "numeric") || length(a) > 1 || a < 0) ... File ‘proportion/R/221.CoverageProb_CC_All.R’: if ((class(b) != "integer") & (class(b) != "numeric") || length(b) > 1 || b < 0) ... File ‘proportion/R/221.CoverageProb_CC_All.R’: if ((class(t1) != "integer") & (class(t1) != "numeric") || length(t1) > 1 || t1 < 0 || t1 > 1) ... File ‘proportion/R/221.CoverageProb_CC_All.R’: if ((class(t2) != "integer") & (class(t2) != "numeric") || length(t2) > 1 || t2 < 0 || t2 > 1) ... File ‘proportion/R/221.CoverageProb_CC_All.R’: if ((class(n) != "integer") & (class(n) != "numeric") || length(n) > 1 || n <= 0) ... File ‘proportion/R/221.CoverageProb_CC_All.R’: if ((class(a) != "integer") & (class(a) != "numeric") || length(a) > 1 || a < 0) ... File ‘proportion/R/221.CoverageProb_CC_All.R’: if ((class(b) != "integer") & (class(b) != "numeric") || length(b) > 1 || b < 0) ... File ‘proportion/R/221.CoverageProb_CC_All.R’: if ((class(t1) != "integer") & (class(t1) != "numeric") || length(t1) > 1 || t1 < 0 || t1 > 1) ... File ‘proportion/R/221.CoverageProb_CC_All.R’: if ((class(t2) != "integer") & (class(t2) != "numeric") || length(t2) > 1 || t2 < 0 || t2 > 1) ... File ‘proportion/R/222.CoverageProb_CC_All_Graph.R’: if ((class(n) != "integer") & (class(n) != "numeric") || length(n) > 1 || n <= 0) ... File ‘proportion/R/222.CoverageProb_CC_All_Graph.R’: if ((class(a) != "integer") & (class(a) != "numeric") || length(a) > 1 || a < 0) ... File ‘proportion/R/222.CoverageProb_CC_All_Graph.R’: if ((class(b) != "integer") & (class(b) != "numeric") || length(b) > 1 || b < 0) ... File ‘proportion/R/222.CoverageProb_CC_All_Graph.R’: if ((class(t1) != "integer") & (class(t1) != "numeric") || length(t1) > 1 || t1 < 0 || t1 > 1) ... File ‘proportion/R/222.CoverageProb_CC_All_Graph.R’: if ((class(t2) != "integer") & (class(t2) != "numeric") || length(t2) > 1 || t2 < 0 || t2 > 1) ... File ‘proportion/R/222.CoverageProb_CC_All_Graph.R’: if ((class(n) != "integer") & (class(n) != "numeric") || length(n) > 1 || n <= 0) ... File ‘proportion/R/222.CoverageProb_CC_All_Graph.R’: if ((class(c) != "integer") & (class(c) != "numeric") || length(c) > 1 || c < 0) ... File ‘proportion/R/222.CoverageProb_CC_All_Graph.R’: if ((class(a) != "integer") & (class(a) != "numeric") || length(a) > 1 || a < 0) ... File ‘proportion/R/222.CoverageProb_CC_All_Graph.R’: if ((class(b) != "integer") & (class(b) != "numeric") || length(b) > 1 || b < 0) ... File ‘proportion/R/222.CoverageProb_CC_All_Graph.R’: if ((class(t1) != "integer") & (class(t1) != "numeric") || length(t1) > 1 || t1 < 0 || t1 > 1) ... File ‘proportion/R/222.CoverageProb_CC_All_Graph.R’: if ((class(t2) != "integer") & (class(t2) != "numeric") || length(t2) > 1 || t2 < 0 || t2 > 1) ... File ‘proportion/R/222.CoverageProb_CC_All_Graph.R’: if ((class(n) != "integer") & (class(n) != "numeric") || length(n) > 1 || n <= 0) ... File ‘proportion/R/222.CoverageProb_CC_All_Graph.R’: if ((class(c) != "integer") & (class(c) != "numeric") || length(c) > 1 || c < 0) ... File ‘proportion/R/222.CoverageProb_CC_All_Graph.R’: if ((class(a) != "integer") & (class(a) != "numeric") || length(a) > 1 || a < 0) ... File ‘proportion/R/222.CoverageProb_CC_All_Graph.R’: if ((class(b) != "integer") & (class(b) != "numeric") || length(b) > 1 || b < 0) ... File ‘proportion/R/222.CoverageProb_CC_All_Graph.R’: if ((class(t1) != "integer") & (class(t1) != "numeric") || length(t1) > 1 || t1 < 0 || t1 > 1) ... File ‘proportion/R/222.CoverageProb_CC_All_Graph.R’: if ((class(t2) != "integer") & (class(t2) != "numeric") || length(t2) > 1 || t2 < 0 || t2 > 1) ... File ‘proportion/R/222.CoverageProb_CC_All_Graph.R’: if ((class(n) != "integer") & (class(n) != "numeric") || length(n) > 1 || n <= 0) ... File ‘proportion/R/222.CoverageProb_CC_All_Graph.R’: if ((class(c) != "integer") & (class(c) != "numeric") || length(c) > 1 || c < 0) ... File ‘proportion/R/222.CoverageProb_CC_All_Graph.R’: if ((class(a) != "integer") & (class(a) != "numeric") || length(a) > 1 || a < 0) ... File ‘proportion/R/222.CoverageProb_CC_All_Graph.R’: if ((class(b) != "integer") & (class(b) != "numeric") || length(b) > 1 || b < 0) ... File ‘proportion/R/222.CoverageProb_CC_All_Graph.R’: if ((class(t1) != "integer") & (class(t1) != "numeric") || length(t1) > 1 || t1 < 0 || t1 > 1) ... File ‘proportion/R/222.CoverageProb_CC_All_Graph.R’: if ((class(t2) != "integer") & (class(t2) != "numeric") || length(t2) > 1 || t2 < 0 || t2 > 1) ... File ‘proportion/R/222.CoverageProb_CC_All_Graph.R’: if ((class(n) != "integer") & (class(n) != "numeric") || length(n) > 1 || n <= 0) ... File ‘proportion/R/222.CoverageProb_CC_All_Graph.R’: if ((class(c) != "integer") & (class(c) != "numeric") || length(c) > 1 || c < 0) ... File ‘proportion/R/222.CoverageProb_CC_All_Graph.R’: if ((class(a) != "integer") & (class(a) != "numeric") || length(a) > 1 || a < 0) ... File ‘proportion/R/222.CoverageProb_CC_All_Graph.R’: if ((class(b) != "integer") & (class(b) != "numeric") || length(b) > 1 || b < 0) ... File ‘proportion/R/222.CoverageProb_CC_All_Graph.R’: if ((class(t1) != "integer") & (class(t1) != "numeric") || length(t1) > 1 || t1 < 0 || t1 > 1) ... File ‘proportion/R/222.CoverageProb_CC_All_Graph.R’: if ((class(t2) != "integer") & (class(t2) != "numeric") || length(t2) > 1 || t2 < 0 || t2 > 1) ... File ‘proportion/R/222.CoverageProb_CC_All_Graph.R’: if ((class(n) != "integer") & (class(n) != "numeric") || length(n) > 1 || n <= 0) ... File ‘proportion/R/222.CoverageProb_CC_All_Graph.R’: if ((class(c) != "integer") & (class(c) != "numeric") || length(c) > 1 || c < 0) ... File ‘proportion/R/222.CoverageProb_CC_All_Graph.R’: if ((class(a) != "integer") & (class(a) != "numeric") || length(a) > 1 || a < 0) ... File ‘proportion/R/222.CoverageProb_CC_All_Graph.R’: if ((class(b) != "integer") & (class(b) != "numeric") || length(b) > 1 || b < 0) ... File ‘proportion/R/222.CoverageProb_CC_All_Graph.R’: if ((class(t1) != "integer") & (class(t1) != "numeric") || length(t1) > 1 || t1 < 0 || t1 > 1) ... File ‘proportion/R/222.CoverageProb_CC_All_Graph.R’: if ((class(t2) != "integer") & (class(t2) != "numeric") || length(t2) > 1 || t2 < 0 || t2 > 1) ... File ‘proportion/R/224.CoverageProb_GENERAL_GIVEN_p.R’: if ((class(n) != "integer") & (class(n) != "numeric") || length(n) > 1 || n <= 0) ... File ‘proportion/R/224.CoverageProb_GENERAL_GIVEN_p.R’: if ((class(LL) != "integer") & (class(LL) != "numeric") || any(LL < 0)) ... File ‘proportion/R/224.CoverageProb_GENERAL_GIVEN_p.R’: if ((class(UL) != "integer") & (class(UL) != "numeric") || any(UL < 0)) ... File ‘proportion/R/224.CoverageProb_GENERAL_GIVEN_p.R’: if ((class(t1) != "integer") & (class(t1) != "numeric") || length(t1) > 1 || t1 < 0 || t1 > 1) ... File ‘proportion/R/224.CoverageProb_GENERAL_GIVEN_p.R’: if ((class(t2) != "integer") & (class(t2) != "numeric") || length(t2) > 1 || t2 < 0 || t2 > 1) ... File ‘proportion/R/224.CoverageProb_GENERAL_GIVEN_p.R’: if ((class(n) != "integer") & (class(n) != "numeric") || length(n) > 1 || n <= 0) ... File ‘proportion/R/224.CoverageProb_GENERAL_GIVEN_p.R’: if ((class(LL) != "integer") & (class(LL) != "numeric") || any(LL < 0)) ... File ‘proportion/R/224.CoverageProb_GENERAL_GIVEN_p.R’: if ((class(UL) != "integer") & (class(UL) != "numeric") || any(UL < 0)) ... File ‘proportion/R/224.CoverageProb_GENERAL_GIVEN_p.R’: if ((class(t1) != "integer") & (class(t1) != "numeric") || length(t1) > 1 || t1 < 0 || t1 > 1) ... File ‘proportion/R/224.CoverageProb_GENERAL_GIVEN_p.R’: if ((class(t2) != "integer") & (class(t2) != "numeric") || length(t2) > 1 || t2 < 0 || t2 > 1) ... File ‘proportion/R/225.CoverageProb_GENERAL_SIMULATEDp.R’: if ((class(n) != "integer") & (class(n) != "numeric") || length(n) > 1 || n <= 0) ... File ‘proportion/R/225.CoverageProb_GENERAL_SIMULATEDp.R’: if ((class(LL) != "integer") & (class(LL) != "numeric") || any(LL < 0)) ... File ‘proportion/R/225.CoverageProb_GENERAL_SIMULATEDp.R’: if ((class(UL) != "integer") & (class(UL) != "numeric") || any(UL < 0)) ... File ‘proportion/R/225.CoverageProb_GENERAL_SIMULATEDp.R’: if ((class(s) != "integer") & (class(s) != "numeric") || length(s) > 1 || s < 1) ... File ‘proportion/R/225.CoverageProb_GENERAL_SIMULATEDp.R’: if ((class(a) != "integer") & (class(a) != "numeric") || length(a) > 1 || a < 0) ... File ‘proportion/R/225.CoverageProb_GENERAL_SIMULATEDp.R’: if ((class(b) != "integer") & (class(b) != "numeric") || length(b) > 1 || b < 0) ... File ‘proportion/R/225.CoverageProb_GENERAL_SIMULATEDp.R’: if ((class(t1) != "integer") & (class(t1) != "numeric") || length(t1) > 1 || t1 < 0 || t1 > 1) ... File ‘proportion/R/225.CoverageProb_GENERAL_SIMULATEDp.R’: if ((class(t2) != "integer") & (class(t2) != "numeric") || length(t2) > 1 || t2 < 0 || t2 > 1) ... File ‘proportion/R/225.CoverageProb_GENERAL_SIMULATEDp.R’: if ((class(n) != "integer") & (class(n) != "numeric") || length(n) > 1 || n <= 0) ... File ‘proportion/R/225.CoverageProb_GENERAL_SIMULATEDp.R’: if ((class(LL) != "integer") & (class(LL) != "numeric") || any(LL < 0)) ... File ‘proportion/R/225.CoverageProb_GENERAL_SIMULATEDp.R’: if ((class(UL) != "integer") & (class(UL) != "numeric") || any(UL < 0)) ... File ‘proportion/R/225.CoverageProb_GENERAL_SIMULATEDp.R’: if ((class(s) != "integer") & (class(s) != "numeric") || length(s) > 1 || s < 1) ... File ‘proportion/R/225.CoverageProb_GENERAL_SIMULATEDp.R’: if ((class(a) != "integer") & (class(a) != "numeric") || length(a) > 1 || a < 0) ... File ‘proportion/R/225.CoverageProb_GENERAL_SIMULATEDp.R’: if ((class(b) != "integer") & (class(b) != "numeric") || length(b) > 1 || b < 0) ... File ‘proportion/R/225.CoverageProb_GENERAL_SIMULATEDp.R’: if ((class(t1) != "integer") & (class(t1) != "numeric") || length(t1) > 1 || t1 < 0 || t1 > 1) ... File ‘proportion/R/225.CoverageProb_GENERAL_SIMULATEDp.R’: if ((class(t2) != "integer") & (class(t2) != "numeric") || length(t2) > 1 || t2 < 0 || t2 > 1) ... File ‘proportion/R/301.Expec_Leng_BASE_All.R’: if ((class(n) != "integer") & (class(n) != "numeric") || length(n) > 1 || n <= 0) ... File ‘proportion/R/301.Expec_Leng_BASE_All.R’: if ((class(a) != "integer") & (class(a) != "numeric") || length(a) > 1 || a < 0) ... File ‘proportion/R/301.Expec_Leng_BASE_All.R’: if ((class(b) != "integer") & (class(b) != "numeric") || length(b) > 1 || b < 0) ... File ‘proportion/R/301.Expec_Leng_BASE_All.R’: if ((class(n) != "integer") & (class(n) != "numeric") || length(n) > 1 || n <= 0) ... File ‘proportion/R/301.Expec_Leng_BASE_All.R’: if ((class(a) != "integer") & (class(a) != "numeric") || length(a) > 1 || a < 0) ... File ‘proportion/R/301.Expec_Leng_BASE_All.R’: if ((class(b) != "integer") & (class(b) != "numeric") || length(b) > 1 || b < 0) ... File ‘proportion/R/301.Expec_Leng_BASE_All.R’: if ((class(n) != "integer") & (class(n) != "numeric") || length(n) > 1 || n <= 0) ... File ‘proportion/R/301.Expec_Leng_BASE_All.R’: if ((class(a) != "integer") & (class(a) != "numeric") || length(a) > 1 || a < 0) ... File ‘proportion/R/301.Expec_Leng_BASE_All.R’: if ((class(b) != "integer") & (class(b) != "numeric") || length(b) > 1 || b < 0) ... File ‘proportion/R/301.Expec_Leng_BASE_All.R’: if ((class(n) != "integer") & (class(n) != "numeric") || length(n) > 1 || n <= 0) ... File ‘proportion/R/301.Expec_Leng_BASE_All.R’: if ((class(a) != "integer") & (class(a) != "numeric") || length(a) > 1 || a < 0) ... File ‘proportion/R/301.Expec_Leng_BASE_All.R’: if ((class(b) != "integer") & (class(b) != "numeric") || length(b) > 1 || b < 0) ... File ‘proportion/R/301.Expec_Leng_BASE_All.R’: if ((class(n) != "integer") & (class(n) != "numeric") || length(n) > 1 || n <= 0) ... File ‘proportion/R/301.Expec_Leng_BASE_All.R’: if ((class(a) != "integer") & (class(a) != "numeric") || length(a) > 1 || a < 0) ... File ‘proportion/R/301.Expec_Leng_BASE_All.R’: if ((class(b) != "integer") & (class(b) != "numeric") || length(b) > 1 || b < 0) ... File ‘proportion/R/301.Expec_Leng_BASE_All.R’: if ((class(n) != "integer") & (class(n) != "numeric") || length(n) > 1 || n <= 0) ... File ‘proportion/R/301.Expec_Leng_BASE_All.R’: if ((class(a) != "integer") & (class(a) != "numeric") || length(a) > 1 || a < 0) ... File ‘proportion/R/301.Expec_Leng_BASE_All.R’: if ((class(b) != "integer") & (class(b) != "numeric") || length(b) > 1 || b < 0) ... File ‘proportion/R/301.Expec_Leng_BASE_All.R’: if ((class(n) != "integer") & (class(n) != "numeric") || length(n) > 1 || n <= 0) ... File ‘proportion/R/301.Expec_Leng_BASE_All.R’: if ((class(e) != "integer") & (class(e) != "numeric") || any(e > 1) || any(e < 0)) ... File ‘proportion/R/301.Expec_Leng_BASE_All.R’: if ((class(a) != "integer") & (class(a) != "numeric") || length(a) > 1 || a < 0) ... File ‘proportion/R/301.Expec_Leng_BASE_All.R’: if ((class(b) != "integer") & (class(b) != "numeric") || length(b) > 1 || b < 0) ... File ‘proportion/R/301.Expec_Leng_BASE_All.R’: if ((class(n) != "integer") & (class(n) != "numeric") || length(n) > 1 || n <= 0) ... File ‘proportion/R/301.Expec_Leng_BASE_All.R’: if ((class(a) != "integer") & (class(a) != "numeric") || length(a) > 1 || a < 0) ... File ‘proportion/R/301.Expec_Leng_BASE_All.R’: if ((class(b) != "integer") & (class(b) != "numeric") || length(b) > 1 || b < 0) ... File ‘proportion/R/301.Expec_Leng_BASE_All.R’: if ((class(a1) != "integer") & (class(a1) != "numeric") || length(a1) > 1 || a1 < 0) ... File ‘proportion/R/301.Expec_Leng_BASE_All.R’: if ((class(a2) != "integer") & (class(a2) != "numeric") || length(a2) > 1 || a2 < 0) ... File ‘proportion/R/301.Expec_Leng_BASE_All.R’: if ((class(n) != "integer") & (class(n) != "numeric") || length(n) > 1 || n <= 0) ... File ‘proportion/R/301.Expec_Leng_BASE_All.R’: if ((class(a) != "integer") & (class(a) != "numeric") || length(a) > 1 || a < 0) ... File ‘proportion/R/301.Expec_Leng_BASE_All.R’: if ((class(b) != "integer") & (class(b) != "numeric") || length(b) > 1 || b < 0) ... File ‘proportion/R/301.Expec_Leng_BASE_All.R’: if ((class(n) != "integer") & (class(n) != "numeric") || length(n) > 1 || n <= 0) ... File ‘proportion/R/301.Expec_Leng_BASE_All.R’: if ((class(a) != "integer") & (class(a) != "numeric") || length(a) > 1 || a < 0) ... File ‘proportion/R/301.Expec_Leng_BASE_All.R’: if ((class(b) != "integer") & (class(b) != "numeric") || length(b) > 1 || b < 0) ... File ‘proportion/R/302.Expec_Leng_BASE_All_Graph.R’: if ((class(n) != "integer") & (class(n) != "numeric") || length(n) > 1 || n <= 0) ... File ‘proportion/R/302.Expec_Leng_BASE_All_Graph.R’: if ((class(a) != "integer") & (class(a) != "numeric") || length(a) > 1 || a < 0) ... File ‘proportion/R/302.Expec_Leng_BASE_All_Graph.R’: if ((class(b) != "integer") & (class(b) != "numeric") || length(b) > 1 || b < 0) ... File ‘proportion/R/302.Expec_Leng_BASE_All_Graph.R’: if ((class(n) != "integer") & (class(n) != "numeric") || length(n) > 1 || n <= 0) ... File ‘proportion/R/302.Expec_Leng_BASE_All_Graph.R’: if ((class(a) != "integer") & (class(a) != "numeric") || length(a) > 1 || a < 0) ... File ‘proportion/R/302.Expec_Leng_BASE_All_Graph.R’: if ((class(b) != "integer") & (class(b) != "numeric") || length(b) > 1 || b < 0) ... File ‘proportion/R/302.Expec_Leng_BASE_All_Graph.R’: if ((class(a1) != "integer") & (class(a1) != "numeric") || length(a1) > 1 || a1 < 0) ... File ‘proportion/R/302.Expec_Leng_BASE_All_Graph.R’: if ((class(a2) != "integer") & (class(a2) != "numeric") || length(a2) > 1 || a2 < 0) ... File ‘proportion/R/302.Expec_Leng_BASE_All_Graph.R’: if ((class(n) != "integer") & (class(n) != "numeric") || length(n) > 1 || n <= 0) ... File ‘proportion/R/302.Expec_Leng_BASE_All_Graph.R’: if ((class(a) != "integer") & (class(a) != "numeric") || length(a) > 1 || a < 0) ... File ‘proportion/R/302.Expec_Leng_BASE_All_Graph.R’: if ((class(b) != "integer") & (class(b) != "numeric") || length(b) > 1 || b < 0) ... File ‘proportion/R/302.Expec_Leng_BASE_All_Graph.R’: if ((class(n) != "integer") & (class(n) != "numeric") || length(n) > 1 || n <= 0) ... File ‘proportion/R/302.Expec_Leng_BASE_All_Graph.R’: if ((class(a) != "integer") & (class(a) != "numeric") || length(a) > 1 || a < 0) ... File ‘proportion/R/302.Expec_Leng_BASE_All_Graph.R’: if ((class(b) != "integer") & (class(b) != "numeric") || length(b) > 1 || b < 0) ... File ‘proportion/R/302.Expec_Leng_BASE_All_Graph.R’: if ((class(n) != "integer") & (class(n) != "numeric") || length(n) > 1 || n <= 0) ... File ‘proportion/R/302.Expec_Leng_BASE_All_Graph.R’: if ((class(a) != "integer") & (class(a) != "numeric") || length(a) > 1 || a < 0) ... File ‘proportion/R/302.Expec_Leng_BASE_All_Graph.R’: if ((class(b) != "integer") & (class(b) != "numeric") || length(b) > 1 || b < 0) ... File ‘proportion/R/302.Expec_Leng_BASE_All_Graph.R’: if ((class(n) != "integer") & (class(n) != "numeric") || length(n) > 1 || n <= 0) ... File ‘proportion/R/302.Expec_Leng_BASE_All_Graph.R’: if ((class(a) != "integer") & (class(a) != "numeric") || length(a) > 1 || a < 0) ... File ‘proportion/R/302.Expec_Leng_BASE_All_Graph.R’: if ((class(b) != "integer") & (class(b) != "numeric") || length(b) > 1 || b < 0) ... File ‘proportion/R/302.Expec_Leng_BASE_All_Graph.R’: if ((class(n) != "integer") & (class(n) != "numeric") || length(n) > 1 || n <= 0) ... File ‘proportion/R/302.Expec_Leng_BASE_All_Graph.R’: if ((class(a) != "integer") & (class(a) != "numeric") || length(a) > 1 || a < 0) ... File ‘proportion/R/302.Expec_Leng_BASE_All_Graph.R’: if ((class(b) != "integer") & (class(b) != "numeric") || length(b) > 1 || b < 0) ... File ‘proportion/R/302.Expec_Leng_BASE_All_Graph.R’: if ((class(n) != "integer") & (class(n) != "numeric") || length(n) > 1 || n <= 0) ... File ‘proportion/R/302.Expec_Leng_BASE_All_Graph.R’: if ((class(a) != "integer") & (class(a) != "numeric") || length(a) > 1 || a < 0) ... File ‘proportion/R/302.Expec_Leng_BASE_All_Graph.R’: if ((class(b) != "integer") & (class(b) != "numeric") || length(b) > 1 || b < 0) ... File ‘proportion/R/302.Expec_Leng_BASE_All_Graph.R’: if ((class(n) != "integer") & (class(n) != "numeric") || length(n) > 1 || n <= 0) ... File ‘proportion/R/302.Expec_Leng_BASE_All_Graph.R’: if ((class(a) != "integer") & (class(a) != "numeric") || length(a) > 1 || a < 0) ... File ‘proportion/R/302.Expec_Leng_BASE_All_Graph.R’: if ((class(b) != "integer") & (class(b) != "numeric") || length(b) > 1 || b < 0) ... File ‘proportion/R/303.Sum_Leng_BASE_All_Graph.R’: if ((class(n) != "integer") & (class(n) != "numeric") || length(n) > 1 || n <= 0) ... File ‘proportion/R/303.Sum_Leng_BASE_All_Graph.R’: if ((class(a) != "integer") & (class(a) != "numeric") || length(a) > 1 || a < 0) ... File ‘proportion/R/303.Sum_Leng_BASE_All_Graph.R’: if ((class(b) != "integer") & (class(b) != "numeric") || length(b) > 1 || b < 0) ... File ‘proportion/R/303.Sum_Leng_BASE_All_Graph.R’: if ((class(n) != "integer") & (class(n) != "numeric") || length(n) > 1 || n <= 0) ... File ‘proportion/R/303.Sum_Leng_BASE_All_Graph.R’: if ((class(a) != "integer") & (class(a) != "numeric") || length(a) > 1 || a < 0) ... File ‘proportion/R/303.Sum_Leng_BASE_All_Graph.R’: if ((class(b) != "integer") & (class(b) != "numeric") || length(b) > 1 || b < 0) ... File ‘proportion/R/303.Sum_Leng_BASE_All_Graph.R’: if ((class(n) != "integer") & (class(n) != "numeric") || length(n) > 1 || n <= 0) ... File ‘proportion/R/303.Sum_Leng_BASE_All_Graph.R’: if ((class(a) != "integer") & (class(a) != "numeric") || length(a) > 1 || a < 0) ... File ‘proportion/R/303.Sum_Leng_BASE_All_Graph.R’: if ((class(b) != "integer") & (class(b) != "numeric") || length(b) > 1 || b < 0) ... File ‘proportion/R/303.Sum_Leng_BASE_All_Graph.R’: if ((class(a1) != "integer") & (class(a1) != "numeric") || length(a1) > 1 || a1 < 0) ... File ‘proportion/R/303.Sum_Leng_BASE_All_Graph.R’: if ((class(a2) != "integer") & (class(a2) != "numeric") || length(a2) > 1 || a2 < 0) ... File ‘proportion/R/303.Sum_Leng_BASE_All_Graph.R’: if ((class(n) != "integer") & (class(n) != "numeric") || length(n) > 1 || n <= 0) ... File ‘proportion/R/303.Sum_Leng_BASE_All_Graph.R’: if ((class(a) != "integer") & (class(a) != "numeric") || length(a) > 1 || a < 0) ... File ‘proportion/R/303.Sum_Leng_BASE_All_Graph.R’: if ((class(b) != "integer") & (class(b) != "numeric") || length(b) > 1 || b < 0) ... File ‘proportion/R/303.Sum_Leng_BASE_All_Graph.R’: if ((class(n) != "integer") & (class(n) != "numeric") || length(n) > 1 || n <= 0) ... File ‘proportion/R/303.Sum_Leng_BASE_All_Graph.R’: if ((class(a) != "integer") & (class(a) != "numeric") || length(a) > 1 || a < 0) ... File ‘proportion/R/303.Sum_Leng_BASE_All_Graph.R’: if ((class(b) != "integer") & (class(b) != "numeric") || length(b) > 1 || b < 0) ... File ‘proportion/R/303.Sum_Leng_BASE_All_Graph.R’: if ((class(n) != "integer") & (class(n) != "numeric") || length(n) > 1 || n <= 0) ... File ‘proportion/R/303.Sum_Leng_BASE_All_Graph.R’: if ((class(a) != "integer") & (class(a) != "numeric") || length(a) > 1 || a < 0) ... File ‘proportion/R/303.Sum_Leng_BASE_All_Graph.R’: if ((class(b) != "integer") & (class(b) != "numeric") || length(b) > 1 || b < 0) ... File ‘proportion/R/303.Sum_Leng_BASE_All_Graph.R’: if ((class(n) != "integer") & (class(n) != "numeric") || length(n) > 1 || n <= 0) ... File ‘proportion/R/303.Sum_Leng_BASE_All_Graph.R’: if ((class(a) != "integer") & (class(a) != "numeric") || length(a) > 1 || a < 0) ... File ‘proportion/R/303.Sum_Leng_BASE_All_Graph.R’: if ((class(b) != "integer") & (class(b) != "numeric") || length(b) > 1 || b < 0) ... File ‘proportion/R/303.Sum_Leng_BASE_All_Graph.R’: if ((class(n) != "integer") & (class(n) != "numeric") || length(n) > 1 || n <= 0) ... File ‘proportion/R/303.Sum_Leng_BASE_All_Graph.R’: if ((class(a) != "integer") & (class(a) != "numeric") || length(a) > 1 || a < 0) ... File ‘proportion/R/303.Sum_Leng_BASE_All_Graph.R’: if ((class(b) != "integer") & (class(b) != "numeric") || length(b) > 1 || b < 0) ... File ‘proportion/R/303.Sum_Leng_BASE_All_Graph.R’: if ((class(n) != "integer") & (class(n) != "numeric") || length(n) > 1 || n <= 0) ... File ‘proportion/R/303.Sum_Leng_BASE_All_Graph.R’: if ((class(a) != "integer") & (class(a) != "numeric") || length(a) > 1 || a < 0) ... File ‘proportion/R/303.Sum_Leng_BASE_All_Graph.R’: if ((class(b) != "integer") & (class(b) != "numeric") || length(b) > 1 || b < 0) ... File ‘proportion/R/311.Expec_Leng_ADJ_All.R’: if ((class(n) != "integer") & (class(n) != "numeric") || length(n) > 1 || n <= 0) ... File ‘proportion/R/311.Expec_Leng_ADJ_All.R’: if ((class(h) != "integer") & (class(h) != "numeric") || length(a) > 1 || h < 0) ... File ‘proportion/R/311.Expec_Leng_ADJ_All.R’: if ((class(a) != "integer") & (class(a) != "numeric") || length(a) > 1 || a < 0) ... File ‘proportion/R/311.Expec_Leng_ADJ_All.R’: if ((class(b) != "integer") & (class(b) != "numeric") || length(b) > 1 || b < 0) ... File ‘proportion/R/311.Expec_Leng_ADJ_All.R’: if ((class(n) != "integer") & (class(n) != "numeric") || length(n) > 1 || n <= 0) ... File ‘proportion/R/311.Expec_Leng_ADJ_All.R’: if ((class(h) != "integer") & (class(h) != "numeric") || length(a) > 1 || h < 0) ... File ‘proportion/R/311.Expec_Leng_ADJ_All.R’: if ((class(a) != "integer") & (class(a) != "numeric") || length(a) > 1 || a < 0) ... File ‘proportion/R/311.Expec_Leng_ADJ_All.R’: if ((class(b) != "integer") & (class(b) != "numeric") || length(b) > 1 || b < 0) ... File ‘proportion/R/311.Expec_Leng_ADJ_All.R’: if ((class(n) != "integer") & (class(n) != "numeric") || length(n) > 1 || n <= 0) ... File ‘proportion/R/311.Expec_Leng_ADJ_All.R’: if ((class(h) != "integer") & (class(h) != "numeric") || length(a) > 1 || h < 0) ... File ‘proportion/R/311.Expec_Leng_ADJ_All.R’: if ((class(a) != "integer") & (class(a) != "numeric") || length(a) > 1 || a < 0) ... File ‘proportion/R/311.Expec_Leng_ADJ_All.R’: if ((class(b) != "integer") & (class(b) != "numeric") || length(b) > 1 || b < 0) ... File ‘proportion/R/311.Expec_Leng_ADJ_All.R’: if ((class(n) != "integer") & (class(n) != "numeric") || length(n) > 1 || n <= 0) ... File ‘proportion/R/311.Expec_Leng_ADJ_All.R’: if ((class(h) != "integer") & (class(h) != "numeric") || length(a) > 1 || h < 0) ... File ‘proportion/R/311.Expec_Leng_ADJ_All.R’: if ((class(a) != "integer") & (class(a) != "numeric") || length(a) > 1 || a < 0) ... File ‘proportion/R/311.Expec_Leng_ADJ_All.R’: if ((class(b) != "integer") & (class(b) != "numeric") || length(b) > 1 || b < 0) ... File ‘proportion/R/311.Expec_Leng_ADJ_All.R’: if ((class(n) != "integer") & (class(n) != "numeric") || length(n) > 1 || n <= 0) ... File ‘proportion/R/311.Expec_Leng_ADJ_All.R’: if ((class(h) != "integer") & (class(h) != "numeric") || length(a) > 1 || h < 0) ... File ‘proportion/R/311.Expec_Leng_ADJ_All.R’: if ((class(a) != "integer") & (class(a) != "numeric") || length(a) > 1 || a < 0) ... File ‘proportion/R/311.Expec_Leng_ADJ_All.R’: if ((class(b) != "integer") & (class(b) != "numeric") || length(b) > 1 || b < 0) ... File ‘proportion/R/311.Expec_Leng_ADJ_All.R’: if ((class(n) != "integer") & (class(n) != "numeric") || length(n) > 1 || n <= 0) ... File ‘proportion/R/311.Expec_Leng_ADJ_All.R’: if ((class(h) != "integer") & (class(h) != "numeric") || length(h) > 1 || h < 0 || !(h%%1 == 0)) ... File ‘proportion/R/311.Expec_Leng_ADJ_All.R’: if ((class(a) != "integer") & (class(a) != "numeric") || length(a) > 1 || a < 0) ... File ‘proportion/R/311.Expec_Leng_ADJ_All.R’: if ((class(b) != "integer") & (class(b) != "numeric") || length(b) > 1 || b < 0) ... File ‘proportion/R/311.Expec_Leng_ADJ_All.R’: if ((class(n) != "integer") & (class(n) != "numeric") || length(n) > 1 || n <= 0) ... File ‘proportion/R/311.Expec_Leng_ADJ_All.R’: if ((class(h) != "integer") & (class(h) != "numeric") || length(h) > 1 || h < 0 || !(h%%1 == 0)) ... File ‘proportion/R/311.Expec_Leng_ADJ_All.R’: if ((class(a) != "integer") & (class(a) != "numeric") || length(a) > 1 || a < 0) ... File ‘proportion/R/311.Expec_Leng_ADJ_All.R’: if ((class(b) != "integer") & (class(b) != "numeric") || length(b) > 1 || b < 0) ... File ‘proportion/R/311.Expec_Leng_ADJ_All.R’: if ((class(n) != "integer") & (class(n) != "numeric") || length(n) > 1 || n <= 0) ... File ‘proportion/R/311.Expec_Leng_ADJ_All.R’: if ((class(h) != "integer") & (class(h) != "numeric") || length(a) > 1 || h < 0) ... File ‘proportion/R/311.Expec_Leng_ADJ_All.R’: if ((class(a) != "integer") & (class(a) != "numeric") || length(a) > 1 || a < 0) ... File ‘proportion/R/311.Expec_Leng_ADJ_All.R’: if ((class(b) != "integer") & (class(b) != "numeric") || length(b) > 1 || b < 0) ... File ‘proportion/R/312.Expec_Leng_ADJ_All_Graph.R’: if ((class(n) != "integer") & (class(n) != "numeric") || length(n) > 1 || n <= 0) ... File ‘proportion/R/312.Expec_Leng_ADJ_All_Graph.R’: if ((class(h) != "integer") & (class(h) != "numeric") || length(h) > 1 || h < 0 || !(h%%1 == 0)) ... File ‘proportion/R/312.Expec_Leng_ADJ_All_Graph.R’: if ((class(a) != "integer") & (class(a) != "numeric") || length(a) > 1 || a < 0) ... File ‘proportion/R/312.Expec_Leng_ADJ_All_Graph.R’: if ((class(b) != "integer") & (class(b) != "numeric") || length(b) > 1 || b < 0) ... File ‘proportion/R/312.Expec_Leng_ADJ_All_Graph.R’: if ((class(n) != "integer") & (class(n) != "numeric") || length(n) > 1 || n <= 0) ... File ‘proportion/R/312.Expec_Leng_ADJ_All_Graph.R’: if ((class(h) != "integer") & (class(h) != "numeric") || length(h) > 1 || h < 0) ... File ‘proportion/R/312.Expec_Leng_ADJ_All_Graph.R’: if ((class(a) != "integer") & (class(a) != "numeric") || length(a) > 1 || a < 0) ... File ‘proportion/R/312.Expec_Leng_ADJ_All_Graph.R’: if ((class(b) != "integer") & (class(b) != "numeric") || length(b) > 1 || b < 0) ... File ‘proportion/R/312.Expec_Leng_ADJ_All_Graph.R’: if ((class(n) != "integer") & (class(n) != "numeric") || length(n) > 1 || n <= 0) ... File ‘proportion/R/312.Expec_Leng_ADJ_All_Graph.R’: if ((class(h) != "integer") & (class(h) != "numeric") || length(h) > 1 || h < 0) ... File ‘proportion/R/312.Expec_Leng_ADJ_All_Graph.R’: if ((class(a) != "integer") & (class(a) != "numeric") || length(a) > 1 || a < 0) ... File ‘proportion/R/312.Expec_Leng_ADJ_All_Graph.R’: if ((class(b) != "integer") & (class(b) != "numeric") || length(b) > 1 || b < 0) ... File ‘proportion/R/312.Expec_Leng_ADJ_All_Graph.R’: if ((class(n) != "integer") & (class(n) != "numeric") || length(n) > 1 || n <= 0) ... File ‘proportion/R/312.Expec_Leng_ADJ_All_Graph.R’: if ((class(h) != "integer") & (class(h) != "numeric") || length(h) > 1 || h < 0) ... File ‘proportion/R/312.Expec_Leng_ADJ_All_Graph.R’: if ((class(a) != "integer") & (class(a) != "numeric") || length(a) > 1 || a < 0) ... File ‘proportion/R/312.Expec_Leng_ADJ_All_Graph.R’: if ((class(b) != "integer") & (class(b) != "numeric") || length(b) > 1 || b < 0) ... File ‘proportion/R/312.Expec_Leng_ADJ_All_Graph.R’: if ((class(n) != "integer") & (class(n) != "numeric") || length(n) > 1 || n <= 0) ... File ‘proportion/R/312.Expec_Leng_ADJ_All_Graph.R’: if ((class(h) != "integer") & (class(h) != "numeric") || length(h) > 1 || h < 0) ... File ‘proportion/R/312.Expec_Leng_ADJ_All_Graph.R’: if ((class(a) != "integer") & (class(a) != "numeric") || length(a) > 1 || a < 0) ... File ‘proportion/R/312.Expec_Leng_ADJ_All_Graph.R’: if ((class(b) != "integer") & (class(b) != "numeric") || length(b) > 1 || b < 0) ... File ‘proportion/R/312.Expec_Leng_ADJ_All_Graph.R’: if ((class(n) != "integer") & (class(n) != "numeric") || length(n) > 1 || n <= 0) ... File ‘proportion/R/312.Expec_Leng_ADJ_All_Graph.R’: if ((class(h) != "integer") & (class(h) != "numeric") || length(h) > 1 || h < 0) ... File ‘proportion/R/312.Expec_Leng_ADJ_All_Graph.R’: if ((class(a) != "integer") & (class(a) != "numeric") || length(a) > 1 || a < 0) ... File ‘proportion/R/312.Expec_Leng_ADJ_All_Graph.R’: if ((class(b) != "integer") & (class(b) != "numeric") || length(b) > 1 || b < 0) ... File ‘proportion/R/312.Expec_Leng_ADJ_All_Graph.R’: if ((class(n) != "integer") & (class(n) != "numeric") || length(n) > 1 || n <= 0) ... File ‘proportion/R/312.Expec_Leng_ADJ_All_Graph.R’: if ((class(h) != "integer") & (class(h) != "numeric") || length(h) > 1 || h < 0 || !(h%%1 == 0)) ... File ‘proportion/R/312.Expec_Leng_ADJ_All_Graph.R’: if ((class(a) != "integer") & (class(a) != "numeric") || length(a) > 1 || a < 0) ... File ‘proportion/R/312.Expec_Leng_ADJ_All_Graph.R’: if ((class(b) != "integer") & (class(b) != "numeric") || length(b) > 1 || b < 0) ... File ‘proportion/R/313.Sum_Leng_ADJ_All_Graph.R’: if ((class(n) != "integer") & (class(n) != "numeric") || length(n) > 1 || n <= 0) ... File ‘proportion/R/313.Sum_Leng_ADJ_All_Graph.R’: if ((class(h) != "integer") & (class(h) != "numeric") || length(h) > 1 || h < 0 || !(h%%1 == 0)) ... File ‘proportion/R/313.Sum_Leng_ADJ_All_Graph.R’: if ((class(a) != "integer") & (class(a) != "numeric") || length(a) > 1 || a < 0) ... File ‘proportion/R/313.Sum_Leng_ADJ_All_Graph.R’: if ((class(b) != "integer") & (class(b) != "numeric") || length(b) > 1 || b < 0) ... File ‘proportion/R/313.Sum_Leng_ADJ_All_Graph.R’: if ((class(n) != "integer") & (class(n) != "numeric") || length(n) > 1 || n <= 0) ... File ‘proportion/R/313.Sum_Leng_ADJ_All_Graph.R’: if ((class(h) != "integer") & (class(h) != "numeric") || length(h) > 1 || h < 0) ... File ‘proportion/R/313.Sum_Leng_ADJ_All_Graph.R’: if ((class(a) != "integer") & (class(a) != "numeric") || length(a) > 1 || a < 0) ... File ‘proportion/R/313.Sum_Leng_ADJ_All_Graph.R’: if ((class(b) != "integer") & (class(b) != "numeric") || length(b) > 1 || b < 0) ... File ‘proportion/R/313.Sum_Leng_ADJ_All_Graph.R’: if ((class(n) != "integer") & (class(n) != "numeric") || length(n) > 1 || n <= 0) ... File ‘proportion/R/313.Sum_Leng_ADJ_All_Graph.R’: if ((class(h) != "integer") & (class(h) != "numeric") || length(h) > 1 || h < 0) ... File ‘proportion/R/313.Sum_Leng_ADJ_All_Graph.R’: if ((class(a) != "integer") & (class(a) != "numeric") || length(a) > 1 || a < 0) ... File ‘proportion/R/313.Sum_Leng_ADJ_All_Graph.R’: if ((class(b) != "integer") & (class(b) != "numeric") || length(b) > 1 || b < 0) ... File ‘proportion/R/313.Sum_Leng_ADJ_All_Graph.R’: if ((class(n) != "integer") & (class(n) != "numeric") || length(n) > 1 || n <= 0) ... File ‘proportion/R/313.Sum_Leng_ADJ_All_Graph.R’: if ((class(h) != "integer") & (class(h) != "numeric") || length(h) > 1 || h < 0) ... File ‘proportion/R/313.Sum_Leng_ADJ_All_Graph.R’: if ((class(a) != "integer") & (class(a) != "numeric") || length(a) > 1 || a < 0) ... File ‘proportion/R/313.Sum_Leng_ADJ_All_Graph.R’: if ((class(b) != "integer") & (class(b) != "numeric") || length(b) > 1 || b < 0) ... File ‘proportion/R/313.Sum_Leng_ADJ_All_Graph.R’: if ((class(n) != "integer") & (class(n) != "numeric") || length(n) > 1 || n <= 0) ... File ‘proportion/R/313.Sum_Leng_ADJ_All_Graph.R’: if ((class(h) != "integer") & (class(h) != "numeric") || length(h) > 1 || h < 0) ... File ‘proportion/R/313.Sum_Leng_ADJ_All_Graph.R’: if ((class(a) != "integer") & (class(a) != "numeric") || length(a) > 1 || a < 0) ... File ‘proportion/R/313.Sum_Leng_ADJ_All_Graph.R’: if ((class(b) != "integer") & (class(b) != "numeric") || length(b) > 1 || b < 0) ... File ‘proportion/R/313.Sum_Leng_ADJ_All_Graph.R’: if ((class(n) != "integer") & (class(n) != "numeric") || length(n) > 1 || n <= 0) ... File ‘proportion/R/313.Sum_Leng_ADJ_All_Graph.R’: if ((class(h) != "integer") & (class(h) != "numeric") || length(h) > 1 || h < 0) ... File ‘proportion/R/313.Sum_Leng_ADJ_All_Graph.R’: if ((class(a) != "integer") & (class(a) != "numeric") || length(a) > 1 || a < 0) ... File ‘proportion/R/313.Sum_Leng_ADJ_All_Graph.R’: if ((class(b) != "integer") & (class(b) != "numeric") || length(b) > 1 || b < 0) ... File ‘proportion/R/313.Sum_Leng_ADJ_All_Graph.R’: if ((class(n) != "integer") & (class(n) != "numeric") || length(n) > 1 || n <= 0) ... File ‘proportion/R/313.Sum_Leng_ADJ_All_Graph.R’: if ((class(h) != "integer") & (class(h) != "numeric") || length(h) > 1 || h < 0 || !(h%%1 == 0)) ... File ‘proportion/R/313.Sum_Leng_ADJ_All_Graph.R’: if ((class(a) != "integer") & (class(a) != "numeric") || length(a) > 1 || a < 0) ... File ‘proportion/R/313.Sum_Leng_ADJ_All_Graph.R’: if ((class(b) != "integer") & (class(b) != "numeric") || length(b) > 1 || b < 0) ... File ‘proportion/R/321.Expec_Leng_CC_All.R’: if ((class(n) != "integer") & (class(n) != "numeric") || length(n) > 1 || n <= 0) ... File ‘proportion/R/321.Expec_Leng_CC_All.R’: if ((class(c) != "integer") & (class(c) != "numeric") || length(c) > 1 || c < 0) ... File ‘proportion/R/321.Expec_Leng_CC_All.R’: if ((class(a) != "integer") & (class(a) != "numeric") || length(a) > 1 || a < 0) ... File ‘proportion/R/321.Expec_Leng_CC_All.R’: if ((class(b) != "integer") & (class(b) != "numeric") || length(b) > 1 || b < 0) ... File ‘proportion/R/321.Expec_Leng_CC_All.R’: if ((class(n) != "integer") & (class(n) != "numeric") || length(n) > 1 || n <= 0) ... File ‘proportion/R/321.Expec_Leng_CC_All.R’: if ((class(c) != "integer") & (class(c) != "numeric") || length(c) > 1 || c < 0) ... File ‘proportion/R/321.Expec_Leng_CC_All.R’: if ((class(a) != "integer") & (class(a) != "numeric") || length(a) > 1 || a < 0) ... File ‘proportion/R/321.Expec_Leng_CC_All.R’: if ((class(b) != "integer") & (class(b) != "numeric") || length(b) > 1 || b < 0) ... File ‘proportion/R/321.Expec_Leng_CC_All.R’: if ((class(n) != "integer") & (class(n) != "numeric") || length(n) > 1 || n <= 0) ... File ‘proportion/R/321.Expec_Leng_CC_All.R’: if ((class(c) != "integer") & (class(c) != "numeric") || length(c) > 1 || c < 0) ... File ‘proportion/R/321.Expec_Leng_CC_All.R’: if ((class(a) != "integer") & (class(a) != "numeric") || length(a) > 1 || a < 0) ... File ‘proportion/R/321.Expec_Leng_CC_All.R’: if ((class(b) != "integer") & (class(b) != "numeric") || length(b) > 1 || b < 0) ... File ‘proportion/R/321.Expec_Leng_CC_All.R’: if ((class(n) != "integer") & (class(n) != "numeric") || length(n) > 1 || n <= 0) ... File ‘proportion/R/321.Expec_Leng_CC_All.R’: if ((class(c) != "integer") & (class(c) != "numeric") || length(c) > 1 || c < 0) ... File ‘proportion/R/321.Expec_Leng_CC_All.R’: if ((class(a) != "integer") & (class(a) != "numeric") || length(a) > 1 || a < 0) ... File ‘proportion/R/321.Expec_Leng_CC_All.R’: if ((class(b) != "integer") & (class(b) != "numeric") || length(b) > 1 || b < 0) ... File ‘proportion/R/321.Expec_Leng_CC_All.R’: if ((class(n) != "integer") & (class(n) != "numeric") || length(n) > 1 || n <= 0) ... File ‘proportion/R/321.Expec_Leng_CC_All.R’: if ((class(c) != "integer") & (class(c) != "numeric") || length(c) > 1 || c < 0) ... File ‘proportion/R/321.Expec_Leng_CC_All.R’: if ((class(a) != "integer") & (class(a) != "numeric") || length(a) > 1 || a < 0) ... File ‘proportion/R/321.Expec_Leng_CC_All.R’: if ((class(b) != "integer") & (class(b) != "numeric") || length(b) > 1 || b < 0) ... File ‘proportion/R/321.Expec_Leng_CC_All.R’: if ((class(n) != "integer") & (class(n) != "numeric") || length(n) > 1 || n <= 0) ... File ‘proportion/R/321.Expec_Leng_CC_All.R’: if ((class(a) != "integer") & (class(a) != "numeric") || length(a) > 1 || a < 0) ... File ‘proportion/R/321.Expec_Leng_CC_All.R’: if ((class(b) != "integer") & (class(b) != "numeric") || length(b) > 1 || b < 0) ... File ‘proportion/R/321.Expec_Leng_CC_All.R’: if ((class(n) != "integer") & (class(n) != "numeric") || length(n) > 1 || n <= 0) ... File ‘proportion/R/321.Expec_Leng_CC_All.R’: if ((class(a) != "integer") & (class(a) != "numeric") || length(a) > 1 || a < 0) ... File ‘proportion/R/321.Expec_Leng_CC_All.R’: if ((class(b) != "integer") & (class(b) != "numeric") || length(b) > 1 || b < 0) ... File ‘proportion/R/322.Expec_Leng_CC_All_Graph.R’: if ((class(n) != "integer") & (class(n) != "numeric") || length(n) > 1 || n <= 0) ... File ‘proportion/R/322.Expec_Leng_CC_All_Graph.R’: if ((class(c) != "integer") & (class(c) != "numeric") || length(c) > 1 || c < 0) ... File ‘proportion/R/322.Expec_Leng_CC_All_Graph.R’: if ((class(a) != "integer") & (class(a) != "numeric") || length(a) > 1 || a < 0) ... File ‘proportion/R/322.Expec_Leng_CC_All_Graph.R’: if ((class(b) != "integer") & (class(b) != "numeric") || length(b) > 1 || b < 0) ... File ‘proportion/R/322.Expec_Leng_CC_All_Graph.R’: if ((class(n) != "integer") & (class(n) != "numeric") || length(n) > 1 || n <= 0) ... File ‘proportion/R/322.Expec_Leng_CC_All_Graph.R’: if ((class(c) != "integer") & (class(c) != "numeric") || length(c) > 1 || c < 0) ... File ‘proportion/R/322.Expec_Leng_CC_All_Graph.R’: if ((class(a) != "integer") & (class(a) != "numeric") || length(a) > 1 || a < 0) ... File ‘proportion/R/322.Expec_Leng_CC_All_Graph.R’: if ((class(b) != "integer") & (class(b) != "numeric") || length(b) > 1 || b < 0) ... File ‘proportion/R/322.Expec_Leng_CC_All_Graph.R’: if ((class(n) != "integer") & (class(n) != "numeric") || length(n) > 1 || n <= 0) ... File ‘proportion/R/322.Expec_Leng_CC_All_Graph.R’: if ((class(a) != "integer") & (class(a) != "numeric") || length(a) > 1 || a < 0) ... File ‘proportion/R/322.Expec_Leng_CC_All_Graph.R’: if ((class(b) != "integer") & (class(b) != "numeric") || length(b) > 1 || b < 0) ... File ‘proportion/R/322.Expec_Leng_CC_All_Graph.R’: if ((class(n) != "integer") & (class(n) != "numeric") || length(n) > 1 || n <= 0) ... File ‘proportion/R/322.Expec_Leng_CC_All_Graph.R’: if ((class(c) != "integer") & (class(c) != "numeric") || length(c) > 1 || c < 0) ... File ‘proportion/R/322.Expec_Leng_CC_All_Graph.R’: if ((class(a) != "integer") & (class(a) != "numeric") || length(a) > 1 || a < 0) ... File ‘proportion/R/322.Expec_Leng_CC_All_Graph.R’: if ((class(b) != "integer") & (class(b) != "numeric") || length(b) > 1 || b < 0) ... File ‘proportion/R/322.Expec_Leng_CC_All_Graph.R’: if ((class(n) != "integer") & (class(n) != "numeric") || length(n) > 1 || n <= 0) ... File ‘proportion/R/322.Expec_Leng_CC_All_Graph.R’: if ((class(c) != "integer") & (class(c) != "numeric") || length(c) > 1 || c < 0) ... File ‘proportion/R/322.Expec_Leng_CC_All_Graph.R’: if ((class(a) != "integer") & (class(a) != "numeric") || length(a) > 1 || a < 0) ... File ‘proportion/R/322.Expec_Leng_CC_All_Graph.R’: if ((class(b) != "integer") & (class(b) != "numeric") || length(b) > 1 || b < 0) ... File ‘proportion/R/322.Expec_Leng_CC_All_Graph.R’: if ((class(n) != "integer") & (class(n) != "numeric") || length(n) > 1 || n <= 0) ... File ‘proportion/R/322.Expec_Leng_CC_All_Graph.R’: if ((class(c) != "integer") & (class(c) != "numeric") || length(c) > 1 || c < 0) ... File ‘proportion/R/322.Expec_Leng_CC_All_Graph.R’: if ((class(a) != "integer") & (class(a) != "numeric") || length(a) > 1 || a < 0) ... File ‘proportion/R/322.Expec_Leng_CC_All_Graph.R’: if ((class(b) != "integer") & (class(b) != "numeric") || length(b) > 1 || b < 0) ... File ‘proportion/R/323.Sum_Leng_CC_All_Graph.R’: if ((class(n) != "integer") & (class(n) != "numeric") || length(n) > 1 || n <= 0) ... File ‘proportion/R/323.Sum_Leng_CC_All_Graph.R’: if ((class(a) != "integer") & (class(a) != "numeric") || length(a) > 1 || a < 0) ... File ‘proportion/R/323.Sum_Leng_CC_All_Graph.R’: if ((class(b) != "integer") & (class(b) != "numeric") || length(b) > 1 || b < 0) ... File ‘proportion/R/323.Sum_Leng_CC_All_Graph.R’: if ((class(n) != "integer") & (class(n) != "numeric") || length(n) > 1 || n <= 0) ... File ‘proportion/R/323.Sum_Leng_CC_All_Graph.R’: if ((class(c) != "integer") & (class(c) != "numeric") || length(c) > 1 || c < 0) ... File ‘proportion/R/323.Sum_Leng_CC_All_Graph.R’: if ((class(a) != "integer") & (class(a) != "numeric") || length(a) > 1 || a < 0) ... File ‘proportion/R/323.Sum_Leng_CC_All_Graph.R’: if ((class(b) != "integer") & (class(b) != "numeric") || length(b) > 1 || b < 0) ... File ‘proportion/R/323.Sum_Leng_CC_All_Graph.R’: if ((class(n) != "integer") & (class(n) != "numeric") || length(n) > 1 || n <= 0) ... File ‘proportion/R/323.Sum_Leng_CC_All_Graph.R’: if ((class(a) != "integer") & (class(a) != "numeric") || length(a) > 1 || a < 0) ... File ‘proportion/R/323.Sum_Leng_CC_All_Graph.R’: if ((class(b) != "integer") & (class(b) != "numeric") || length(b) > 1 || b < 0) ... File ‘proportion/R/323.Sum_Leng_CC_All_Graph.R’: if ((class(n) != "integer") & (class(n) != "numeric") || length(n) > 1 || n <= 0) ... File ‘proportion/R/323.Sum_Leng_CC_All_Graph.R’: if ((class(c) != "integer") & (class(c) != "numeric") || length(c) > 1 || c < 0) ... File ‘proportion/R/323.Sum_Leng_CC_All_Graph.R’: if ((class(a) != "integer") & (class(a) != "numeric") || length(a) > 1 || a < 0) ... File ‘proportion/R/323.Sum_Leng_CC_All_Graph.R’: if ((class(b) != "integer") & (class(b) != "numeric") || length(b) > 1 || b < 0) ... File ‘proportion/R/323.Sum_Leng_CC_All_Graph.R’: if ((class(n) != "integer") & (class(n) != "numeric") || length(n) > 1 || n <= 0) ... File ‘proportion/R/323.Sum_Leng_CC_All_Graph.R’: if ((class(c) != "integer") & (class(c) != "numeric") || length(c) > 1 || c < 0) ... File ‘proportion/R/323.Sum_Leng_CC_All_Graph.R’: if ((class(a) != "integer") & (class(a) != "numeric") || length(a) > 1 || a < 0) ... File ‘proportion/R/323.Sum_Leng_CC_All_Graph.R’: if ((class(b) != "integer") & (class(b) != "numeric") || length(b) > 1 || b < 0) ... File ‘proportion/R/323.Sum_Leng_CC_All_Graph.R’: if ((class(n) != "integer") & (class(n) != "numeric") || length(n) > 1 || n <= 0) ... File ‘proportion/R/323.Sum_Leng_CC_All_Graph.R’: if ((class(c) != "integer") & (class(c) != "numeric") || length(c) > 1 || c < 0) ... File ‘proportion/R/323.Sum_Leng_CC_All_Graph.R’: if ((class(a) != "integer") & (class(a) != "numeric") || length(a) > 1 || a < 0) ... File ‘proportion/R/323.Sum_Leng_CC_All_Graph.R’: if ((class(b) != "integer") & (class(b) != "numeric") || length(b) > 1 || b < 0) ... File ‘proportion/R/326.Expec_Leng_GENERAL_SIMULATEDp.R’: if ((class(n) != "integer") & (class(n) != "numeric") || length(n) > 1 || n <= 0) ... File ‘proportion/R/326.Expec_Leng_GENERAL_SIMULATEDp.R’: if ((class(LL) != "integer") & (class(LL) != "numeric") || any(LL < 0)) ... File ‘proportion/R/326.Expec_Leng_GENERAL_SIMULATEDp.R’: if ((class(UL) != "integer") & (class(UL) != "numeric") || any(UL < 0)) ... File ‘proportion/R/326.Expec_Leng_GENERAL_SIMULATEDp.R’: if ((class(s) != "integer") & (class(s) != "numeric") || length(s) > 1 || s < 1) ... File ‘proportion/R/326.Expec_Leng_GENERAL_SIMULATEDp.R’: if ((class(a) != "integer") & (class(a) != "numeric") || length(a) > 1 || a < 0) ... File ‘proportion/R/326.Expec_Leng_GENERAL_SIMULATEDp.R’: if ((class(b) != "integer") & (class(b) != "numeric") || length(b) > 1 || b < 0) ... File ‘proportion/R/327.Expec_Leng_GENERAL_GIVENp.R’: if ((class(n) != "integer") & (class(n) != "numeric") || length(n) > 1 || n <= 0) ... File ‘proportion/R/327.Expec_Leng_GENERAL_GIVENp.R’: if ((class(LL) != "integer") & (class(LL) != "numeric") || any(LL < 0)) ... File ‘proportion/R/327.Expec_Leng_GENERAL_GIVENp.R’: if ((class(UL) != "integer") & (class(UL) != "numeric") || any(UL < 0)) ... File ‘proportion/R/328.Sum_Leng_GENERAL_SIM.R’: if ((class(n) != "integer") & (class(n) != "numeric") || length(n) > 1 || n <= 0) ... File ‘proportion/R/328.Sum_Leng_GENERAL_SIM.R’: if ((class(LL) != "integer") & (class(LL) != "numeric") || any(LL < 0)) ... File ‘proportion/R/328.Sum_Leng_GENERAL_SIM.R’: if ((class(UL) != "integer") & (class(UL) != "numeric") || any(UL < 0)) ... File ‘proportion/R/328.Sum_Leng_GENERAL_SIM.R’: if ((class(n) != "integer") & (class(n) != "numeric") || length(n) > 1 || n <= 0) ... File ‘proportion/R/328.Sum_Leng_GENERAL_SIM.R’: if ((class(LL) != "integer") & (class(LL) != "numeric") || any(LL < 0)) ... File ‘proportion/R/328.Sum_Leng_GENERAL_SIM.R’: if ((class(UL) != "integer") & (class(UL) != "numeric") || any(UL < 0)) ... File ‘proportion/R/328.Sum_Leng_GENERAL_SIM.R’: if ((class(n) != "integer") & (class(n) != "numeric") || length(n) > 1 || n <= 0) ... File ‘proportion/R/328.Sum_Leng_GENERAL_SIM.R’: if ((class(LL) != "integer") & (class(LL) != "numeric") || any(LL < 0)) ... File ‘proportion/R/328.Sum_Leng_GENERAL_SIM.R’: if ((class(UL) != "integer") & (class(UL) != "numeric") || any(UL < 0)) ... File ‘proportion/R/328.Sum_Leng_GENERAL_SIM.R’: if ((class(s) != "integer") & (class(s) != "numeric") || length(s) > 1 || s < 1) ... File ‘proportion/R/328.Sum_Leng_GENERAL_SIM.R’: if ((class(a) != "integer") & (class(a) != "numeric") || length(a) > 1 || a < 0) ... File ‘proportion/R/328.Sum_Leng_GENERAL_SIM.R’: if ((class(b) != "integer") & (class(b) != "numeric") || length(b) > 1 || b < 0) ... File ‘proportion/R/328.Sum_Leng_GENERAL_SIM.R’: if ((class(n) != "integer") & (class(n) != "numeric") || length(n) > 1 || n <= 0) ... File ‘proportion/R/328.Sum_Leng_GENERAL_SIM.R’: if ((class(LL) != "integer") & (class(LL) != "numeric") || any(LL < 0)) ... File ‘proportion/R/328.Sum_Leng_GENERAL_SIM.R’: if ((class(UL) != "integer") & (class(UL) != "numeric") || any(UL < 0)) ... File ‘proportion/R/328.Sum_Leng_GENERAL_SIM.R’: if ((class(s) != "integer") & (class(s) != "numeric") || length(s) > 1 || s < 1) ... File ‘proportion/R/328.Sum_Leng_GENERAL_SIM.R’: if ((class(a) != "integer") & (class(a) != "numeric") || length(a) > 1 || a < 0) ... File ‘proportion/R/328.Sum_Leng_GENERAL_SIM.R’: if ((class(b) != "integer") & (class(b) != "numeric") || length(b) > 1 || b < 0) ... File ‘proportion/R/401.p-Confidence_p-Bias_BASE_All.R’: if ((class(n) != "integer") & (class(n) != "numeric") || length(n) > 1 || n <= 0) ... File ‘proportion/R/401.p-Confidence_p-Bias_BASE_All.R’: if ((class(n) != "integer") & (class(n) != "numeric") || length(n) > 1 || n <= 0) ... File ‘proportion/R/401.p-Confidence_p-Bias_BASE_All.R’: if ((class(n) != "integer") & (class(n) != "numeric") || length(n) > 1 || n <= 0) ... File ‘proportion/R/401.p-Confidence_p-Bias_BASE_All.R’: if ((class(n) != "integer") & (class(n) != "numeric") || length(n) > 1 || n <= 0) ... File ‘proportion/R/401.p-Confidence_p-Bias_BASE_All.R’: if ((class(n) != "integer") & (class(n) != "numeric") || length(n) > 1 || n <= 0) ... File ‘proportion/R/401.p-Confidence_p-Bias_BASE_All.R’: if ((class(n) != "integer") & (class(n) != "numeric") || length(n) > 1 || n <= 0) ... File ‘proportion/R/401.p-Confidence_p-Bias_BASE_All.R’: if ((class(n) != "integer") & (class(n) != "numeric") || length(n) > 1 || n <= 0) ... File ‘proportion/R/401.p-Confidence_p-Bias_BASE_All.R’: if ((class(e) != "integer") & (class(e) != "numeric") || any(e > 1) || any(e < 0)) ... File ‘proportion/R/401.p-Confidence_p-Bias_BASE_All.R’: if ((class(n) != "integer") & (class(n) != "numeric") || length(n) > 1 || n <= 0) ... File ‘proportion/R/401.p-Confidence_p-Bias_BASE_All.R’: if ((class(a1) != "integer") & (class(a1) != "numeric") || length(a1) > 1 || a1 < 0) ... File ‘proportion/R/401.p-Confidence_p-Bias_BASE_All.R’: if ((class(a2) != "integer") & (class(a2) != "numeric") || length(a2) > 1 || a2 < 0) ... File ‘proportion/R/401.p-Confidence_p-Bias_BASE_All.R’: if ((class(n) != "integer") & (class(n) != "numeric") || length(n) > 1 || n <= 0) ... File ‘proportion/R/402.p-Confidence_p-Bias_BASE_All_Graph.R’: if ((class(n) != "integer") & (class(n) != "numeric") || length(n) > 1 || n <= 0) ... File ‘proportion/R/402.p-Confidence_p-Bias_BASE_All_Graph.R’: if ((class(e) != "integer") & (class(e) != "numeric") || any(e > 1) || any(e < 0)) ... File ‘proportion/R/402.p-Confidence_p-Bias_BASE_All_Graph.R’: if ((class(n) != "integer") & (class(n) != "numeric") || length(n) > 1 || n <= 0) ... File ‘proportion/R/402.p-Confidence_p-Bias_BASE_All_Graph.R’: if ((class(a1) != "integer") & (class(a1) != "numeric") || length(a1) > 1 || a1 < 0) ... File ‘proportion/R/402.p-Confidence_p-Bias_BASE_All_Graph.R’: if ((class(a2) != "integer") & (class(a2) != "numeric") || length(a2) > 1 || a2 < 0) ... File ‘proportion/R/402.p-Confidence_p-Bias_BASE_All_Graph.R’: if ((class(n) != "integer") & (class(n) != "numeric") || length(n) > 1 || n <= 0) ... File ‘proportion/R/402.p-Confidence_p-Bias_BASE_All_Graph.R’: if ((class(n) != "integer") & (class(n) != "numeric") || length(n) > 1 || n <= 0) ... File ‘proportion/R/402.p-Confidence_p-Bias_BASE_All_Graph.R’: if ((class(n) != "integer") & (class(n) != "numeric") || length(n) > 1 || n <= 0) ... File ‘proportion/R/402.p-Confidence_p-Bias_BASE_All_Graph.R’: if ((class(n) != "integer") & (class(n) != "numeric") || length(n) > 1 || n <= 0) ... File ‘proportion/R/402.p-Confidence_p-Bias_BASE_All_Graph.R’: if ((class(n) != "integer") & (class(n) != "numeric") || length(n) > 1 || n <= 0) ... File ‘proportion/R/402.p-Confidence_p-Bias_BASE_All_Graph.R’: if ((class(n) != "integer") & (class(n) != "numeric") || length(n) > 1 || n <= 0) ... File ‘proportion/R/402.p-Confidence_p-Bias_BASE_All_Graph.R’: if ((class(n) != "integer") & (class(n) != "numeric") || length(n) > 1 || n <= 0) ... File ‘proportion/R/411.p-Confidence_p-Bias_ADJ_All.R’: if ((class(n) != "integer") & (class(n) != "numeric") || n <= 0) ... File ‘proportion/R/411.p-Confidence_p-Bias_ADJ_All.R’: if ((class(h) != "integer") & (class(h) != "numeric") || h < 0) ... File ‘proportion/R/411.p-Confidence_p-Bias_ADJ_All.R’: if ((class(n) != "integer") & (class(n) != "numeric") || n <= 0) ... File ‘proportion/R/411.p-Confidence_p-Bias_ADJ_All.R’: if ((class(h) != "integer") & (class(h) != "numeric") || h < 0) ... File ‘proportion/R/411.p-Confidence_p-Bias_ADJ_All.R’: if ((class(n) != "integer") & (class(n) != "numeric") || n <= 0) ... File ‘proportion/R/411.p-Confidence_p-Bias_ADJ_All.R’: if ((class(h) != "integer") & (class(h) != "numeric") || h < 0) ... File ‘proportion/R/411.p-Confidence_p-Bias_ADJ_All.R’: if ((class(n) != "integer") & (class(n) != "numeric") || n <= 0) ... File ‘proportion/R/411.p-Confidence_p-Bias_ADJ_All.R’: if ((class(h) != "integer") & (class(h) != "numeric") || h < 0) ... File ‘proportion/R/411.p-Confidence_p-Bias_ADJ_All.R’: if ((class(n) != "integer") & (class(n) != "numeric") || n <= 0) ... File ‘proportion/R/411.p-Confidence_p-Bias_ADJ_All.R’: if ((class(h) != "integer") & (class(h) != "numeric") || h < 0) ... File ‘proportion/R/411.p-Confidence_p-Bias_ADJ_All.R’: if ((class(n) != "integer") & (class(n) != "numeric") || n <= 0) ... File ‘proportion/R/411.p-Confidence_p-Bias_ADJ_All.R’: if ((class(h) != "integer") & (class(h) != "numeric") || length(h) > 1 || h < 0 || !(h%%1 == 0)) ... File ‘proportion/R/411.p-Confidence_p-Bias_ADJ_All.R’: if ((class(n) != "integer") & (class(n) != "numeric") || n <= 0) ... File ‘proportion/R/411.p-Confidence_p-Bias_ADJ_All.R’: if ((class(h) != "integer") & (class(h) != "numeric") || length(h) > 1 || h < 0 || !(h%%1 == 0)) ... File ‘proportion/R/412.p-Confidence_p-Bias_ADJ_All_Graph.R’: if ((class(n) != "integer") & (class(n) != "numeric") || n <= 0) ... File ‘proportion/R/412.p-Confidence_p-Bias_ADJ_All_Graph.R’: if ((class(h) != "integer") & (class(h) != "numeric") || length(h) > 1 || h < 0 || !(h%%1 == 0)) ... File ‘proportion/R/412.p-Confidence_p-Bias_ADJ_All_Graph.R’: if ((class(n) != "integer") & (class(n) != "numeric") || length(n) > 1 || n <= 0) ... File ‘proportion/R/412.p-Confidence_p-Bias_ADJ_All_Graph.R’: if ((class(h) != "integer") & (class(h) != "numeric") || length(h) > 1 || h < 0) ... File ‘proportion/R/412.p-Confidence_p-Bias_ADJ_All_Graph.R’: if ((class(n) != "integer") & (class(n) != "numeric") || length(n) > 1 || n <= 0) ... File ‘proportion/R/412.p-Confidence_p-Bias_ADJ_All_Graph.R’: if ((class(h) != "integer") & (class(h) != "numeric") || length(h) > 1 || h < 0 || !(h%%1 == 0)) ... File ‘proportion/R/412.p-Confidence_p-Bias_ADJ_All_Graph.R’: if ((class(n) != "integer") & (class(n) != "numeric") || length(n) > 1 || n <= 0) ... File ‘proportion/R/412.p-Confidence_p-Bias_ADJ_All_Graph.R’: if ((class(h) != "integer") & (class(h) != "numeric") || length(h) > 1 || h < 0) ... File ‘proportion/R/412.p-Confidence_p-Bias_ADJ_All_Graph.R’: if ((class(n) != "integer") & (class(n) != "numeric") || length(n) > 1 || n <= 0) ... File ‘proportion/R/412.p-Confidence_p-Bias_ADJ_All_Graph.R’: if ((class(h) != "integer") & (class(h) != "numeric") || length(h) > 1 || h < 0) ... File ‘proportion/R/412.p-Confidence_p-Bias_ADJ_All_Graph.R’: if ((class(n) != "integer") & (class(n) != "numeric") || length(n) > 1 || n <= 0) ... File ‘proportion/R/412.p-Confidence_p-Bias_ADJ_All_Graph.R’: if ((class(h) != "integer") & (class(h) != "numeric") || length(h) > 1 || h < 0) ... File ‘proportion/R/412.p-Confidence_p-Bias_ADJ_All_Graph.R’: if ((class(n) != "integer") & (class(n) != "numeric") || length(n) > 1 || n <= 0) ... File ‘proportion/R/412.p-Confidence_p-Bias_ADJ_All_Graph.R’: if ((class(h) != "integer") & (class(h) != "numeric") || length(h) > 1 || h < 0) ... File ‘proportion/R/421.p-Confidence_p-Bias_CC_All.R’: if ((class(n) != "integer") & (class(n) != "numeric") || length(n) > 1 || n <= 0) ... File ‘proportion/R/421.p-Confidence_p-Bias_CC_All.R’: if ((class(c) != "integer") & (class(c) != "numeric") || length(c) > 1 || c < 0) ... File ‘proportion/R/421.p-Confidence_p-Bias_CC_All.R’: if ((class(n) != "integer") & (class(n) != "numeric") || length(n) > 1 || n <= 0) ... File ‘proportion/R/421.p-Confidence_p-Bias_CC_All.R’: if ((class(n) != "integer") & (class(n) != "numeric") || length(n) > 1 || n <= 0) ... File ‘proportion/R/421.p-Confidence_p-Bias_CC_All.R’: if ((class(c) != "integer") & (class(c) != "numeric") || length(c) > 1 || c < 0) ... File ‘proportion/R/421.p-Confidence_p-Bias_CC_All.R’: if ((class(n) != "integer") & (class(n) != "numeric") || length(n) > 1 || n <= 0) ... File ‘proportion/R/421.p-Confidence_p-Bias_CC_All.R’: if ((class(c) != "integer") & (class(c) != "numeric") || length(c) > 1 || c < 0) ... File ‘proportion/R/421.p-Confidence_p-Bias_CC_All.R’: if ((class(n) != "integer") & (class(n) != "numeric") || length(n) > 1 || n <= 0) ... File ‘proportion/R/421.p-Confidence_p-Bias_CC_All.R’: if ((class(c) != "integer") & (class(c) != "numeric") || length(c) > 1 || c < 0) ... File ‘proportion/R/421.p-Confidence_p-Bias_CC_All.R’: if ((class(n) != "integer") & (class(n) != "numeric") || length(n) > 1 || n <= 0) ... File ‘proportion/R/422.p-Confidence_p-Bias_CC_All_Graph.R’: if ((class(n) != "integer") & (class(n) != "numeric") || length(n) > 1 || n <= 0) ... File ‘proportion/R/422.p-Confidence_p-Bias_CC_All_Graph.R’: if ((class(n) != "integer") & (class(n) != "numeric") || length(n) > 1 || n <= 0) ... File ‘proportion/R/422.p-Confidence_p-Bias_CC_All_Graph.R’: if ((class(c) != "integer") & (class(c) != "numeric") || length(c) > 1 || c < 0) ... File ‘proportion/R/422.p-Confidence_p-Bias_CC_All_Graph.R’: if ((class(n) != "integer") & (class(n) != "numeric") || length(n) > 1 || n <= 0) ... File ‘proportion/R/422.p-Confidence_p-Bias_CC_All_Graph.R’: if ((class(c) != "integer") & (class(c) != "numeric") || length(c) > 1 || c < 0) ... File ‘proportion/R/422.p-Confidence_p-Bias_CC_All_Graph.R’: if ((class(n) != "integer") & (class(n) != "numeric") || length(n) > 1 || n <= 0) ... File ‘proportion/R/422.p-Confidence_p-Bias_CC_All_Graph.R’: if ((class(c) != "integer") & (class(c) != "numeric") || length(c) > 1 || c < 0) ... File ‘proportion/R/422.p-Confidence_p-Bias_CC_All_Graph.R’: if ((class(n) != "integer") & (class(n) != "numeric") || length(n) > 1 || n <= 0) ... File ‘proportion/R/422.p-Confidence_p-Bias_CC_All_Graph.R’: if ((class(c) != "integer") & (class(c) != "numeric") || length(c) > 1 || c < 0) ... File ‘proportion/R/422.p-Confidence_p-Bias_CC_All_Graph.R’: if ((class(n) != "integer") & (class(n) != "numeric") || length(n) > 1 || n <= 0) ... File ‘proportion/R/423.p-Confidence_p-Bias_GENERAL.R’: if ((class(n) != "integer") & (class(n) != "numeric") || n <= 0) ... File ‘proportion/R/423.p-Confidence_p-Bias_GENERAL.R’: if ((class(LL) != "integer") & (class(LL) != "numeric") || any(LL < 0)) ... File ‘proportion/R/423.p-Confidence_p-Bias_GENERAL.R’: if ((class(UL) != "integer") & (class(UL) != "numeric") || any(UL < 0)) ... File ‘proportion/R/423.p-Confidence_p-Bias_GENERAL.R’: if ((class(n) != "integer") & (class(n) != "numeric") || n <= 0) ... File ‘proportion/R/423.p-Confidence_p-Bias_GENERAL.R’: if ((class(LL) != "integer") & (class(LL) != "numeric") || any(LL < 0)) ... File ‘proportion/R/423.p-Confidence_p-Bias_GENERAL.R’: if ((class(UL) != "integer") & (class(UL) != "numeric") || any(UL < 0)) ... File ‘proportion/R/501.Error-Failure_LimitBased_BASE_All.R’: if ((class(n) != "integer") & (class(n) != "numeric") || n <= 0) ... File ‘proportion/R/501.Error-Failure_LimitBased_BASE_All.R’: if ((class(f) != "integer") & (class(f) != "numeric") || length(f) > 1) ... File ‘proportion/R/501.Error-Failure_LimitBased_BASE_All.R’: if ((class(n) != "integer") & (class(n) != "numeric") || n <= 0) ... File ‘proportion/R/501.Error-Failure_LimitBased_BASE_All.R’: if ((class(f) != "integer") & (class(f) != "numeric") || length(f) > 1) ... File ‘proportion/R/501.Error-Failure_LimitBased_BASE_All.R’: if ((class(n) != "integer") & (class(n) != "numeric") || n <= 0) ... File ‘proportion/R/501.Error-Failure_LimitBased_BASE_All.R’: if ((class(f) != "integer") & (class(f) != "numeric") || length(f) > 1) ... File ‘proportion/R/501.Error-Failure_LimitBased_BASE_All.R’: if ((class(n) != "integer") & (class(n) != "numeric") || n <= 0) ... File ‘proportion/R/501.Error-Failure_LimitBased_BASE_All.R’: if ((class(f) != "integer") & (class(f) != "numeric") || length(f) > 1) ... File ‘proportion/R/501.Error-Failure_LimitBased_BASE_All.R’: if ((class(n) != "integer") & (class(n) != "numeric") || n <= 0) ... File ‘proportion/R/501.Error-Failure_LimitBased_BASE_All.R’: if ((class(f) != "integer") & (class(f) != "numeric") || length(f) > 1) ... File ‘proportion/R/501.Error-Failure_LimitBased_BASE_All.R’: if ((class(n) != "integer") & (class(n) != "numeric") || n <= 0) ... File ‘proportion/R/501.Error-Failure_LimitBased_BASE_All.R’: if ((class(f) != "integer") & (class(f) != "numeric") || length(f) > 1) ... File ‘proportion/R/501.Error-Failure_LimitBased_BASE_All.R’: if ((class(n) != "integer") & (class(n) != "numeric") || n <= 0) ... File ‘proportion/R/501.Error-Failure_LimitBased_BASE_All.R’: if ((class(f) != "integer") & (class(f) != "numeric") || length(f) > 1) ... File ‘proportion/R/501.Error-Failure_LimitBased_BASE_All.R’: if ((class(e) != "integer") & (class(e) != "numeric") || any(e > 1) || any(e < 0)) ... File ‘proportion/R/501.Error-Failure_LimitBased_BASE_All.R’: if ((class(n) != "integer") & (class(n) != "numeric") || n <= 0) ... File ‘proportion/R/501.Error-Failure_LimitBased_BASE_All.R’: if ((class(f) != "integer") & (class(f) != "numeric") || length(f) > 1) ... File ‘proportion/R/501.Error-Failure_LimitBased_BASE_All.R’: if ((class(a) != "integer") & (class(a) != "numeric") || a < 0) ... File ‘proportion/R/501.Error-Failure_LimitBased_BASE_All.R’: if ((class(b) != "integer") & (class(b) != "numeric") || b < 0) ... File ‘proportion/R/501.Error-Failure_LimitBased_BASE_All.R’: if ((class(n) != "integer") & (class(n) != "numeric") || n <= 0) ... File ‘proportion/R/501.Error-Failure_LimitBased_BASE_All.R’: if ((class(f) != "integer") & (class(f) != "numeric") || length(f) > 1) ... File ‘proportion/R/502.Error-Failure_LimitBased_BASE_All_Graph.R’: if ((class(n) != "integer") & (class(n) != "numeric") || n <= 0) ... File ‘proportion/R/502.Error-Failure_LimitBased_BASE_All_Graph.R’: if ((class(f) != "integer") & (class(f) != "numeric") || length(f) > 1) ... File ‘proportion/R/502.Error-Failure_LimitBased_BASE_All_Graph.R’: if ((class(n) != "integer") & (class(n) != "numeric") || n <= 0) ... File ‘proportion/R/502.Error-Failure_LimitBased_BASE_All_Graph.R’: if ((class(f) != "integer") & (class(f) != "numeric") || length(f) > 1) ... File ‘proportion/R/502.Error-Failure_LimitBased_BASE_All_Graph.R’: if ((class(n) != "integer") & (class(n) != "numeric") || n <= 0) ... File ‘proportion/R/502.Error-Failure_LimitBased_BASE_All_Graph.R’: if ((class(f) != "integer") & (class(f) != "numeric") || length(f) > 1) ... File ‘proportion/R/502.Error-Failure_LimitBased_BASE_All_Graph.R’: if ((class(n) != "integer") & (class(n) != "numeric") || n <= 0) ... File ‘proportion/R/502.Error-Failure_LimitBased_BASE_All_Graph.R’: if ((class(f) != "integer") & (class(f) != "numeric") || length(f) > 1) ... File ‘proportion/R/502.Error-Failure_LimitBased_BASE_All_Graph.R’: if ((class(n) != "integer") & (class(n) != "numeric") || n <= 0) ... File ‘proportion/R/502.Error-Failure_LimitBased_BASE_All_Graph.R’: if ((class(f) != "integer") & (class(f) != "numeric") || length(f) > 1) ... File ‘proportion/R/502.Error-Failure_LimitBased_BASE_All_Graph.R’: if ((class(n) != "integer") & (class(n) != "numeric") || n <= 0) ... File ‘proportion/R/502.Error-Failure_LimitBased_BASE_All_Graph.R’: if ((class(f) != "integer") & (class(f) != "numeric") || length(f) > 1) ... File ‘proportion/R/502.Error-Failure_LimitBased_BASE_All_Graph.R’: if ((class(n) != "integer") & (class(n) != "numeric") || n <= 0) ... File ‘proportion/R/502.Error-Failure_LimitBased_BASE_All_Graph.R’: if ((class(f) != "integer") & (class(f) != "numeric") || length(f) > 1) ... File ‘proportion/R/502.Error-Failure_LimitBased_BASE_All_Graph.R’: if ((class(n) != "integer") & (class(n) != "numeric") || n <= 0) ... File ‘proportion/R/502.Error-Failure_LimitBased_BASE_All_Graph.R’: if ((class(f) != "integer") & (class(f) != "numeric") || length(f) > 1) ... File ‘proportion/R/502.Error-Failure_LimitBased_BASE_All_Graph.R’: if ((class(a) != "integer") & (class(a) != "numeric") || a < 0) ... File ‘proportion/R/502.Error-Failure_LimitBased_BASE_All_Graph.R’: if ((class(b) != "integer") & (class(b) != "numeric") || b < 0) ... File ‘proportion/R/502.Error-Failure_LimitBased_BASE_All_Graph.R’: if ((class(n) != "integer") & (class(n) != "numeric") || n <= 0) ... File ‘proportion/R/502.Error-Failure_LimitBased_BASE_All_Graph.R’: if ((class(f) != "integer") & (class(f) != "numeric") || length(f) > 1) ... File ‘proportion/R/502.Error-Failure_LimitBased_BASE_All_Graph.R’: if ((class(e) != "integer") & (class(e) != "numeric") || any(e > 1) || any(e < 0)) ... File ‘proportion/R/511.Error-Failure_LimitBased_ADJ_All.R’: if ((class(n) != "integer") & (class(n) != "numeric") || n <= 0) ... File ‘proportion/R/511.Error-Failure_LimitBased_ADJ_All.R’: if ((class(h) != "integer") & (class(h) != "numeric") || h < 0) ... File ‘proportion/R/511.Error-Failure_LimitBased_ADJ_All.R’: if ((class(f) != "integer") & (class(f) != "numeric")) ... File ‘proportion/R/511.Error-Failure_LimitBased_ADJ_All.R’: if ((class(n) != "integer") & (class(n) != "numeric") || n <= 0) ... File ‘proportion/R/511.Error-Failure_LimitBased_ADJ_All.R’: if ((class(h) != "integer") & (class(h) != "numeric") || h < 0) ... File ‘proportion/R/511.Error-Failure_LimitBased_ADJ_All.R’: if ((class(f) != "integer") & (class(f) != "numeric")) ... File ‘proportion/R/511.Error-Failure_LimitBased_ADJ_All.R’: if ((class(n) != "integer") & (class(n) != "numeric") || n <= 0) ... File ‘proportion/R/511.Error-Failure_LimitBased_ADJ_All.R’: if ((class(h) != "integer") & (class(h) != "numeric") || h < 0) ... File ‘proportion/R/511.Error-Failure_LimitBased_ADJ_All.R’: if ((class(f) != "integer") & (class(f) != "numeric")) ... File ‘proportion/R/511.Error-Failure_LimitBased_ADJ_All.R’: if ((class(n) != "integer") & (class(n) != "numeric") || n <= 0) ... File ‘proportion/R/511.Error-Failure_LimitBased_ADJ_All.R’: if ((class(h) != "integer") & (class(h) != "numeric") || length(h) > 1 || h < 0 || !(h%%1 == 0)) ... File ‘proportion/R/511.Error-Failure_LimitBased_ADJ_All.R’: if ((class(f) != "integer") & (class(f) != "numeric")) ... File ‘proportion/R/511.Error-Failure_LimitBased_ADJ_All.R’: if ((class(n) != "integer") & (class(n) != "numeric") || n <= 0) ... File ‘proportion/R/511.Error-Failure_LimitBased_ADJ_All.R’: if ((class(h) != "integer") & (class(h) != "numeric") || h < 0) ... File ‘proportion/R/511.Error-Failure_LimitBased_ADJ_All.R’: if ((class(f) != "integer") & (class(f) != "numeric")) ... File ‘proportion/R/511.Error-Failure_LimitBased_ADJ_All.R’: if ((class(n) != "integer") & (class(n) != "numeric") || n <= 0) ... File ‘proportion/R/511.Error-Failure_LimitBased_ADJ_All.R’: if ((class(h) != "integer") & (class(h) != "numeric") || h < 0) ... File ‘proportion/R/511.Error-Failure_LimitBased_ADJ_All.R’: if ((class(f) != "integer") & (class(f) != "numeric")) ... File ‘proportion/R/511.Error-Failure_LimitBased_ADJ_All.R’: if ((class(n) != "integer") & (class(n) != "numeric") || n <= 0) ... File ‘proportion/R/511.Error-Failure_LimitBased_ADJ_All.R’: if ((class(h) != "integer") & (class(h) != "numeric") || length(h) > 1 || h < 0 || !(h%%1 == 0)) ... File ‘proportion/R/511.Error-Failure_LimitBased_ADJ_All.R’: if ((class(f) != "integer") & (class(f) != "numeric")) ... File ‘proportion/R/512.Error-Failure_LimitBased_ADJ_All_Graph.R’: if ((class(n) != "integer") & (class(n) != "numeric") || n <= 0) ... File ‘proportion/R/512.Error-Failure_LimitBased_ADJ_All_Graph.R’: if ((class(h) != "integer") & (class(h) != "numeric") || h < 0) ... File ‘proportion/R/512.Error-Failure_LimitBased_ADJ_All_Graph.R’: if ((class(f) != "integer") & (class(f) != "numeric")) ... File ‘proportion/R/512.Error-Failure_LimitBased_ADJ_All_Graph.R’: if ((class(n) != "integer") & (class(n) != "numeric") || n <= 0) ... File ‘proportion/R/512.Error-Failure_LimitBased_ADJ_All_Graph.R’: if ((class(h) != "integer") & (class(h) != "numeric") || h < 0) ... File ‘proportion/R/512.Error-Failure_LimitBased_ADJ_All_Graph.R’: if ((class(f) != "integer") & (class(f) != "numeric")) ... File ‘proportion/R/512.Error-Failure_LimitBased_ADJ_All_Graph.R’: if ((class(n) != "integer") & (class(n) != "numeric") || n <= 0) ... File ‘proportion/R/512.Error-Failure_LimitBased_ADJ_All_Graph.R’: if ((class(h) != "integer") & (class(h) != "numeric") || h < 0) ... File ‘proportion/R/512.Error-Failure_LimitBased_ADJ_All_Graph.R’: if ((class(f) != "integer") & (class(f) != "numeric")) ... File ‘proportion/R/512.Error-Failure_LimitBased_ADJ_All_Graph.R’: if ((class(n) != "integer") & (class(n) != "numeric") || n <= 0) ... File ‘proportion/R/512.Error-Failure_LimitBased_ADJ_All_Graph.R’: if ((class(h) != "integer") & (class(h) != "numeric") || h < 0) ... File ‘proportion/R/512.Error-Failure_LimitBased_ADJ_All_Graph.R’: if ((class(f) != "integer") & (class(f) != "numeric")) ... File ‘proportion/R/512.Error-Failure_LimitBased_ADJ_All_Graph.R’: if ((class(n) != "integer") & (class(n) != "numeric") || n <= 0) ... File ‘proportion/R/512.Error-Failure_LimitBased_ADJ_All_Graph.R’: if ((class(h) != "integer") & (class(h) != "numeric") || h < 0) ... File ‘proportion/R/512.Error-Failure_LimitBased_ADJ_All_Graph.R’: if ((class(f) != "integer") & (class(f) != "numeric")) ... File ‘proportion/R/512.Error-Failure_LimitBased_ADJ_All_Graph.R’: if ((class(n) != "integer") & (class(n) != "numeric") || n <= 0) ... File ‘proportion/R/512.Error-Failure_LimitBased_ADJ_All_Graph.R’: if ((class(h) != "integer") & (class(h) != "numeric") || length(h) > 1 || h < 0 || !(h%%1 == 0)) ... File ‘proportion/R/512.Error-Failure_LimitBased_ADJ_All_Graph.R’: if ((class(f) != "integer") & (class(f) != "numeric")) ... File ‘proportion/R/512.Error-Failure_LimitBased_ADJ_All_Graph.R’: if ((class(n) != "integer") & (class(n) != "numeric") || n <= 0) ... File ‘proportion/R/512.Error-Failure_LimitBased_ADJ_All_Graph.R’: if ((class(h) != "integer") & (class(h) != "numeric") || length(h) > 1 || h < 0 || !(h%%1 == 0)) ... File ‘proportion/R/512.Error-Failure_LimitBased_ADJ_All_Graph.R’: if ((class(f) != "integer") & (class(f) != "numeric")) ... File ‘proportion/R/521.Error-Failure_Limitbased_CC_All.R’: if ((class(n) != "integer") & (class(n) != "numeric") || n <= 0) ... File ‘proportion/R/521.Error-Failure_Limitbased_CC_All.R’: if ((class(c) != "integer") & (class(c) != "numeric") || length(c) > 1 || c < 0) ... File ‘proportion/R/521.Error-Failure_Limitbased_CC_All.R’: if ((class(f) != "integer") & (class(f) != "numeric")) ... File ‘proportion/R/521.Error-Failure_Limitbased_CC_All.R’: if ((class(n) != "integer") & (class(n) != "numeric") || n <= 0) ... File ‘proportion/R/521.Error-Failure_Limitbased_CC_All.R’: if ((class(f) != "integer") & (class(f) != "numeric")) ... File ‘proportion/R/521.Error-Failure_Limitbased_CC_All.R’: if ((class(n) != "integer") & (class(n) != "numeric") || n <= 0) ... File ‘proportion/R/521.Error-Failure_Limitbased_CC_All.R’: if ((class(c) != "integer") & (class(c) != "numeric") || length(c) > 1 || c < 0) ... File ‘proportion/R/521.Error-Failure_Limitbased_CC_All.R’: if ((class(f) != "integer") & (class(f) != "numeric")) ... File ‘proportion/R/521.Error-Failure_Limitbased_CC_All.R’: if ((class(n) != "integer") & (class(n) != "numeric") || n <= 0) ... File ‘proportion/R/521.Error-Failure_Limitbased_CC_All.R’: if ((class(c) != "integer") & (class(c) != "numeric") || length(c) > 1 || c < 0) ... File ‘proportion/R/521.Error-Failure_Limitbased_CC_All.R’: if ((class(f) != "integer") & (class(f) != "numeric")) ... File ‘proportion/R/521.Error-Failure_Limitbased_CC_All.R’: if ((class(n) != "integer") & (class(n) != "numeric") || n <= 0) ... File ‘proportion/R/521.Error-Failure_Limitbased_CC_All.R’: if ((class(c) != "integer") & (class(c) != "numeric") || length(c) > 1 || c < 0) ... File ‘proportion/R/521.Error-Failure_Limitbased_CC_All.R’: if ((class(f) != "integer") & (class(f) != "numeric")) ... File ‘proportion/R/521.Error-Failure_Limitbased_CC_All.R’: if ((class(n) != "integer") & (class(n) != "numeric") || n <= 0) ... File ‘proportion/R/521.Error-Failure_Limitbased_CC_All.R’: if ((class(f) != "integer") & (class(f) != "numeric")) ... File ‘proportion/R/522.Error-Failure_Limitbased_CC_All_Graph.R’: if ((class(n) != "integer") & (class(n) != "numeric") || n <= 0) ... File ‘proportion/R/522.Error-Failure_Limitbased_CC_All_Graph.R’: if ((class(f) != "integer") & (class(f) != "numeric")) ... File ‘proportion/R/522.Error-Failure_Limitbased_CC_All_Graph.R’: if ((class(n) != "integer") & (class(n) != "numeric") || n <= 0) ... File ‘proportion/R/522.Error-Failure_Limitbased_CC_All_Graph.R’: if ((class(f) != "integer") & (class(f) != "numeric")) ... File ‘proportion/R/522.Error-Failure_Limitbased_CC_All_Graph.R’: if ((class(n) != "integer") & (class(n) != "numeric") || n <= 0) ... File ‘proportion/R/522.Error-Failure_Limitbased_CC_All_Graph.R’: if ((class(f) != "integer") & (class(f) != "numeric")) ... File ‘proportion/R/522.Error-Failure_Limitbased_CC_All_Graph.R’: if ((class(n) != "integer") & (class(n) != "numeric") || n <= 0) ... File ‘proportion/R/522.Error-Failure_Limitbased_CC_All_Graph.R’: if ((class(f) != "integer") & (class(f) != "numeric")) ... File ‘proportion/R/522.Error-Failure_Limitbased_CC_All_Graph.R’: if ((class(n) != "integer") & (class(n) != "numeric") || n <= 0) ... File ‘proportion/R/522.Error-Failure_Limitbased_CC_All_Graph.R’: if ((class(f) != "integer") & (class(f) != "numeric")) ... File ‘proportion/R/522.Error-Failure_Limitbased_CC_All_Graph.R’: if ((class(n) != "integer") & (class(n) != "numeric") || n <= 0) ... File ‘proportion/R/522.Error-Failure_Limitbased_CC_All_Graph.R’: if ((class(f) != "integer") & (class(f) != "numeric")) ... File ‘proportion/R/523.Error-Failure_LimitBased_GENERAL.R’: if ((class(n) != "integer") & (class(n) != "numeric") || n <= 0) ... File ‘proportion/R/523.Error-Failure_LimitBased_GENERAL.R’: if ((class(f) != "integer") & (class(f) != "numeric")) ... File ‘proportion/R/523.Error-Failure_LimitBased_GENERAL.R’: if ((class(LL) != "integer") & (class(LL) != "numeric") || any(LL < 0)) ... File ‘proportion/R/523.Error-Failure_LimitBased_GENERAL.R’: if ((class(UL) != "integer") & (class(UL) != "numeric") || any(UL < 0)) ... File ‘proportion/R/611.Empirical.R’: if ((class(n) != "integer") & (class(n) != "numeric") || length(n) > 1 || n < 0) ... File ‘proportion/R/611.Empirical.R’: if ((class(sL) != "integer") & (class(sL) != "numeric") || length(sL) > 1 || sL <= 0) ... File ‘proportion/R/611.Empirical.R’: if ((class(sU) != "integer") & (class(sU) != "numeric") || length(sU) > 1 || sU <= sL) ... File ‘proportion/R/612.Empirical_x.R’: if ((class(x) != "integer") & (class(x) != "numeric") || length(x) > 1 || x > n || x < 0) ... File ‘proportion/R/612.Empirical_x.R’: if ((class(n) != "integer") & (class(n) != "numeric") || length(n) > 1 || n < 0) ... File ‘proportion/R/612.Empirical_x.R’: if ((class(sL) != "integer") & (class(sL) != "numeric") || length(sL) > 1 || sL <= 0) ... File ‘proportion/R/612.Empirical_x.R’: if ((class(sU) != "integer") & (class(sU) != "numeric") || length(sU) > 1 || sU <= sL) ... File ‘proportion/R/621.Poster_Predictive.R’: if ((class(n) != "integer") & (class(n) != "numeric") || length(n) > 1 || n < 0) ... File ‘proportion/R/621.Poster_Predictive.R’: if ((class(m) != "integer") & (class(m) != "numeric") || length(m) > 1 || m < 0) ... File ‘proportion/R/621.Poster_Predictive.R’: if ((class(a1) != "integer") & (class(a2) != "numeric") || length(a1) > 1 || a1 <= 0) ... File ‘proportion/R/621.Poster_Predictive.R’: if ((class(a2) != "integer") & (class(a2) != "numeric") || length(a2) > 1 || a2 <= 0) ... File ‘proportion/R/622.Poster_Predictive_x.R’: if ((class(x) != "integer") & (class(x) != "numeric") || length(x) > 1 || x < 0 || x > n) ... File ‘proportion/R/622.Poster_Predictive_x.R’: if ((class(n) != "integer") & (class(n) != "numeric") || length(n) > 1 || n < 0) ... File ‘proportion/R/622.Poster_Predictive_x.R’: if ((class(xnew) != "integer") & (class(xnew) != "numeric") || length(xnew) > 1 || xnew > m) ... File ‘proportion/R/622.Poster_Predictive_x.R’: if ((class(m) != "integer") & (class(m) != "numeric") || length(m) > 1 || m < 0) ... File ‘proportion/R/622.Poster_Predictive_x.R’: if ((class(a1) != "integer") & (class(a2) != "numeric") || length(a1) > 1 || a1 < 0) ... File ‘proportion/R/622.Poster_Predictive_x.R’: if ((class(a2) != "integer") & (class(a2) != "numeric") || length(a2) > 1 || a2 < 0) ... File ‘proportion/R/631.BayesFactors.R’: if ((class(n) != "integer") & (class(n) != "numeric") || length(n) > 1 || n < 0) ... File ‘proportion/R/631.BayesFactors.R’: if ((class(th0) != "integer") & (class(th0) != "numeric") || length(th0) > 1 || th0 > 1 || th0 <= 0) ... File ‘proportion/R/631.BayesFactors.R’: if ((class(a1) != "integer") & (class(a1) != "numeric") || length(a1) > 1 || a1 <= 0) ... File ‘proportion/R/631.BayesFactors.R’: if ((class(b1) != "integer") & (class(b1) != "numeric") || length(b1) > 1 || b1 <= 0) ... File ‘proportion/R/631.BayesFactors.R’: if ((class(n) != "integer") & (class(n) != "numeric") || length(n) > 1 || n < 0) ... File ‘proportion/R/631.BayesFactors.R’: if ((class(th0) != "integer") & (class(th0) != "numeric") || length(th0) > 1 || th0 > 1 || th0 <= 0) ... File ‘proportion/R/631.BayesFactors.R’: if ((class(a1) != "integer") & (class(a1) != "numeric") || length(a1) > 1 || a1 <= 0) ... File ‘proportion/R/631.BayesFactors.R’: if ((class(b1) != "integer") & (class(b1) != "numeric") || length(b1) > 1 || b1 <= 0) ... File ‘proportion/R/631.BayesFactors.R’: if ((class(n) != "integer") & (class(n) != "numeric") || length(n) > 1 || n < 0) ... File ‘proportion/R/631.BayesFactors.R’: if ((class(th0) != "integer") & (class(th0) != "numeric") || length(th0) > 1 || th0 > 1 || th0 <= 0) ... File ‘proportion/R/631.BayesFactors.R’: if ((class(a1) != "integer") & (class(a1) != "numeric") || length(a1) > 1 || a1 <= 0) ... File ‘proportion/R/631.BayesFactors.R’: if ((class(b1) != "integer") & (class(b1) != "numeric") || length(b1) > 1 || b1 <= 0) ... File ‘proportion/R/631.BayesFactors.R’: if ((class(n) != "integer") & (class(n) != "numeric") || length(n) > 1 || n < 0) ... File ‘proportion/R/631.BayesFactors.R’: if ((class(th0) != "integer") & (class(th0) != "numeric") || length(th0) > 1 || th0 > 1 || th0 <= 0) ... File ‘proportion/R/631.BayesFactors.R’: if ((class(a0) != "integer") & (class(a0) != "numeric") || length(a0) > 1 || a0 <= 0) ... File ‘proportion/R/631.BayesFactors.R’: if ((class(b0) != "integer") & (class(b0) != "numeric") || length(b0) > 1 || b0 <= 0) ... File ‘proportion/R/631.BayesFactors.R’: if ((class(a1) != "integer") & (class(a1) != "numeric") || length(a1) > 1 || a1 <= 0) ... File ‘proportion/R/631.BayesFactors.R’: if ((class(b1) != "integer") & (class(b1) != "numeric") || length(b1) > 1 || b1 <= 0) ... File ‘proportion/R/631.BayesFactors.R’: if ((class(n) != "integer") & (class(n) != "numeric") || length(n) > 1 || n < 0) ... File ‘proportion/R/631.BayesFactors.R’: if ((class(th0) != "integer") & (class(th0) != "numeric") || length(th0) > 1 || th0 > 1 || th0 <= 0) ... File ‘proportion/R/631.BayesFactors.R’: if ((class(a0) != "integer") & (class(a0) != "numeric") || length(a0) > 1 || a0 <= 0) ... File ‘proportion/R/631.BayesFactors.R’: if ((class(b0) != "integer") & (class(b0) != "numeric") || length(b0) > 1 || b0 <= 0) ... File ‘proportion/R/631.BayesFactors.R’: if ((class(a1) != "integer") & (class(a1) != "numeric") || length(a1) > 1 || a1 <= 0) ... File ‘proportion/R/631.BayesFactors.R’: if ((class(b1) != "integer") & (class(b1) != "numeric") || length(b1) > 1 || b1 <= 0) ... File ‘proportion/R/631.BayesFactors.R’: if ((class(n) != "integer") & (class(n) != "numeric") || length(n) > 1 || n < 0) ... File ‘proportion/R/631.BayesFactors.R’: if ((class(th1) != "integer") & (class(th1) != "numeric") || length(th1) > 1 || th1 < 0) ... File ‘proportion/R/631.BayesFactors.R’: if ((class(a1) != "integer") & (class(a1) != "numeric") || length(a1) > 1 || a1 <= 0) ... File ‘proportion/R/631.BayesFactors.R’: if ((class(b1) != "integer") & (class(b1) != "numeric") || length(b1) > 1 || b1 <= 0) ... File ‘proportion/R/631.BayesFactors.R’: if ((class(th2) != "integer") & (class(th2) != "numeric") || length(th2) > 1 || th2 < 0) ... File ‘proportion/R/631.BayesFactors.R’: if ((class(a2) != "integer") & (class(a2) != "numeric") || length(a2) > 1 || a2 <= 0) ... File ‘proportion/R/631.BayesFactors.R’: if ((class(b2) != "integer") & (class(b2) != "numeric") || length(b2) > 1 || b2 <= 0) ... File ‘proportion/R/632.BayesFactors_x.R’: if ((class(x) != "integer") & (class(x) != "numeric") || length(x) > 1 || x > n || x < 0) ... File ‘proportion/R/632.BayesFactors_x.R’: if ((class(n) != "integer") & (class(n) != "numeric") || length(n) > 1 || n < 0) ... File ‘proportion/R/632.BayesFactors_x.R’: if ((class(th0) != "integer") & (class(th0) != "numeric") || length(th0) > 1 || th0 > 1 || th0 <= 0) ... File ‘proportion/R/632.BayesFactors_x.R’: if ((class(a1) != "integer") & (class(a1) != "numeric") || length(a1) > 1 || a1 <= 0) ... File ‘proportion/R/632.BayesFactors_x.R’: if ((class(b1) != "integer") & (class(b1) != "numeric") || length(b1) > 1 || b1 <= 0) ... File ‘proportion/R/632.BayesFactors_x.R’: if ((class(x) != "integer") & (class(x) != "numeric") || length(x) > 1 || x > n || x < 0) ... File ‘proportion/R/632.BayesFactors_x.R’: if ((class(n) != "integer") & (class(n) != "numeric") || length(n) > 1 || n < 0) ... File ‘proportion/R/632.BayesFactors_x.R’: if ((class(th0) != "integer") & (class(th0) != "numeric") || length(th0) > 1 || th0 > 1 || th0 <= 0) ... File ‘proportion/R/632.BayesFactors_x.R’: if ((class(a1) != "integer") & (class(a1) != "numeric") || length(a1) > 1 || a1 <= 0) ... File ‘proportion/R/632.BayesFactors_x.R’: if ((class(b1) != "integer") & (class(b1) != "numeric") || length(b1) > 1 || b1 <= 0) ... File ‘proportion/R/632.BayesFactors_x.R’: if ((class(x) != "integer") & (class(x) != "numeric") || length(x) > 1 || x > n || x < 0) ... File ‘proportion/R/632.BayesFactors_x.R’: if ((class(n) != "integer") & (class(n) != "numeric") || length(n) > 1 || n < 0) ... File ‘proportion/R/632.BayesFactors_x.R’: if ((class(th0) != "integer") & (class(th0) != "numeric") || length(th0) > 1 || th0 > 1 || th0 <= 0) ... File ‘proportion/R/632.BayesFactors_x.R’: if ((class(a1) != "integer") & (class(a1) != "numeric") || length(a1) > 1 || a1 <= 0) ... File ‘proportion/R/632.BayesFactors_x.R’: if ((class(b1) != "integer") & (class(b1) != "numeric") || length(b1) > 1 || b1 <= 0) ... File ‘proportion/R/632.BayesFactors_x.R’: if ((class(x) != "integer") & (class(x) != "numeric") || length(x) > 1 || x > n || x < 0) ... File ‘proportion/R/632.BayesFactors_x.R’: if ((class(n) != "integer") & (class(n) != "numeric") || length(n) > 1 || n < 0) ... File ‘proportion/R/632.BayesFactors_x.R’: if ((class(th0) != "integer") & (class(th0) != "numeric") || length(th0) > 1 || th0 > 1 || th0 <= 0) ... File ‘proportion/R/632.BayesFactors_x.R’: if ((class(a0) != "integer") & (class(a0) != "numeric") || length(a0) > 1 || a0 <= 0) ... File ‘proportion/R/632.BayesFactors_x.R’: if ((class(b0) != "integer") & (class(b0) != "numeric") || length(b0) > 1 || b0 <= 0) ... File ‘proportion/R/632.BayesFactors_x.R’: if ((class(a1) != "integer") & (class(a1) != "numeric") || length(a1) > 1 || a1 <= 0) ... File ‘proportion/R/632.BayesFactors_x.R’: if ((class(b1) != "integer") & (class(b1) != "numeric") || length(b1) > 1 || b1 <= 0) ... File ‘proportion/R/632.BayesFactors_x.R’: if ((class(x) != "integer") & (class(x) != "numeric") || length(x) > 1 || x > n || x < 0) ... File ‘proportion/R/632.BayesFactors_x.R’: if ((class(n) != "integer") & (class(n) != "numeric") || length(n) > 1 || n < 0) ... File ‘proportion/R/632.BayesFactors_x.R’: if ((class(th0) != "integer") & (class(th0) != "numeric") || length(th0) > 1 || th0 > 1 || th0 <= 0) ... File ‘proportion/R/632.BayesFactors_x.R’: if ((class(a0) != "integer") & (class(a0) != "numeric") || length(a0) > 1 || a0 <= 0) ... File ‘proportion/R/632.BayesFactors_x.R’: if ((class(b0) != "integer") & (class(b0) != "numeric") || length(b0) > 1 || b0 <= 0) ... File ‘proportion/R/632.BayesFactors_x.R’: if ((class(a1) != "integer") & (class(a1) != "numeric") || length(a1) > 1 || a1 <= 0) ... File ‘proportion/R/632.BayesFactors_x.R’: if ((class(b1) != "integer") & (class(b1) != "numeric") || length(b1) > 1 || b1 <= 0) ... File ‘proportion/R/632.BayesFactors_x.R’: if ((class(x) != "integer") & (class(x) != "numeric") || length(x) > 1 || x > n || x < 0) ... File ‘proportion/R/632.BayesFactors_x.R’: if ((class(n) != "integer") & (class(n) != "numeric") || length(n) > 1 || n < 0) ... File ‘proportion/R/632.BayesFactors_x.R’: if ((class(th1) != "integer") & (class(th1) != "numeric") || length(th1) > 1 || th1 < 0) ... File ‘proportion/R/632.BayesFactors_x.R’: if ((class(a1) != "integer") & (class(a1) != "numeric") || length(a1) > 1 || a1 <= 0) ... File ‘proportion/R/632.BayesFactors_x.R’: if ((class(b1) != "integer") & (class(b1) != "numeric") || length(b1) > 1 || b1 <= 0) ... File ‘proportion/R/632.BayesFactors_x.R’: if ((class(th2) != "integer") & (class(th2) != "numeric") || length(th2) > 1 || th2 < 0) ... File ‘proportion/R/632.BayesFactors_x.R’: if ((class(a2) != "integer") & (class(a2) != "numeric") || length(a2) > 1 || a2 <= 0) ... File ‘proportion/R/632.BayesFactors_x.R’: if ((class(b2) != "integer") & (class(b2) != "numeric") || length(b2) > 1 || b2 <= 0) ... File ‘proportion/R/641.PosteriorProbs.R’: if ((class(n) != "integer") & (class(n) != "numeric") || length(n) > 1 || n < 0) ... File ‘proportion/R/641.PosteriorProbs.R’: if ((class(a) != "integer") & (class(a) != "numeric") || length(a) > 1 || a <= 0) ... File ‘proportion/R/641.PosteriorProbs.R’: if ((class(b) != "integer") & (class(b) != "numeric") || length(b) > 1 || b <= 0) ... File ‘proportion/R/641.PosteriorProbs.R’: if ((class(th) != "integer") & (class(th) != "numeric") || length(th) > 1 || th < 0) ... File ‘proportion/R/642.PosteriorProbs_x.R’: if ((class(x) != "integer") & (class(x) != "numeric") || length(x) > 1 || x > n || x < 0) ... File ‘proportion/R/642.PosteriorProbs_x.R’: if ((class(n) != "integer") & (class(n) != "numeric") || length(n) > 1 || n < 0) ... File ‘proportion/R/642.PosteriorProbs_x.R’: if ((class(a) != "integer") & (class(a) != "numeric") || length(a) > 1 || a <= 0) ... File ‘proportion/R/642.PosteriorProbs_x.R’: if ((class(b) != "integer") & (class(b) != "numeric") || length(b) > 1 || b <= 0) ... File ‘proportion/R/642.PosteriorProbs_x.R’: if ((class(th) != "integer") & (class(th) != "numeric") || length(th) > 1 || th < 0) ... Use inherits() (or maybe is()) instead. * checking Rd files ... [1s/1s] NOTE checkRd: (-1) PlotciEX.Rd:14: Lost braces; missing escapes or markup? 14 | \item{e}{- Exact method indicator in [0, 1] {1: Clopper Pearson, 0.5: Mid P}, | ^ checkRd: (-1) PlotciEXx.Rd:16: Lost braces; missing escapes or markup? 16 | \item{e}{- Exact method indicator in [0, 1] {1: Clopper Pearson, 0.5: Mid P}} | ^ checkRd: (-1) PloterrEX.Rd:18: Lost braces; missing escapes or markup? 18 | \item{e}{- Exact method indicator in [0, 1] {1: Clopper Pearson, 0.5: Mid P} | ^ checkRd: (-1) PlotexplEX.Rd:14: Lost braces; missing escapes or markup? 14 | \item{e}{- Exact method indicator in [0, 1] {1: Clopper Pearson, 0.5: Mid P} | ^ checkRd: (-1) PlotlengthEX.Rd:14: Lost braces; missing escapes or markup? 14 | \item{e}{- Exact method indicator in [0, 1] {1: Clopper Pearson, 0.5: Mid P} | ^ checkRd: (-1) PlotpCOpBIEX.Rd:14: Lost braces; missing escapes or markup? 14 | \item{e}{- Exact method indicator in [0, 1] {1: Clopper Pearson, 0.5: Mid P} | ^ checkRd: (-1) ciALR.Rd:30: Lost braces 30 | instead of the given code{x} and \code{n}, where \code{h} is a positive integer | ^ checkRd: (-1) ciALTx.Rd:32: Lost braces 32 | of the parameter p for the modified data eqn{x + h} and \eqn{n + (2*h)} , | ^ checkRd: (-1) ciEX.Rd:14: Lost braces; missing escapes or markup? 14 | \item{e}{- Exact method indicator in [0, 1] {1: Clopper Pearson, 0.5: Mid P}, | ^ checkRd: (-1) ciEXx.Rd:16: Lost braces; missing escapes or markup? 16 | \item{e}{- Exact method indicator in [0, 1] {1: Clopper Pearson, 0.5: Mid P}} | ^ checkRd: (-1) errEX.Rd:18: Lost braces; missing escapes or markup? 18 | \item{e}{- Exact method indicator in [0, 1] {1: Clopper Pearson, 0.5: Mid P} | ^ checkRd: (-1) lengthEX.Rd:14: Lost braces; missing escapes or markup? 14 | \item{e}{- Exact method indicator in [0, 1] {1: Clopper Pearson, 0.5: Mid P} | ^ checkRd: (-1) pCOpBIEX.Rd:14: Lost braces; missing escapes or markup? 14 | \item{e}{- Exact method indicator in [0, 1] {1: Clopper Pearson, 0.5: Mid P}. | ^ * checking Rd metadata ... NOTE Invalid package aliases in Rd file 'A-package-for-binomial-proportion.Rd': ‘A package for binomial proportion-package’ * checking Rd line widths ... OK * checking Rd cross-references ... OK * checking for missing documentation entries ... OK * checking for code/documentation mismatches ... OK * checking Rd \usage sections ... OK * checking Rd contents ... OK * checking for unstated dependencies in examples ... OK * checking examples ... [7s/7s] ERROR Running examples in ‘proportion-Ex.R’ failed The error most likely occurred in: > base::assign(".ptime", proc.time(), pos = "CheckExEnv") > ### Name: PlotciEXx > ### Title: Plots the CI estimation of the exact method > ### Aliases: PlotciEXx > > ### ** Examples > > x=5; n=5; alp=0.05;e=0.5 > PlotciEXx(x,n,alp,e) #Mid-p > x=5; n=5; alp=0.05;e=1 #Clopper Pearson > PlotciEXx(x,n,alp,e) > x=5; n=5; alp=0.05;e=c(0.1,0.5,0.95,1) #Range including Mid-p and Clopper-Pearson > PlotciEXx(x,n,alp,e) Error in e > 1 || e < 0 : 'length = 4' in coercion to 'logical(1)' Calls: PlotciEXx Execution halted * checking PDF version of manual ... [17s/17s] OK * checking HTML version of manual ... [7s/7s] OK * checking for non-standard things in the check directory ... OK * checking for detritus in the temp directory ... OK * DONE Status: 1 ERROR, 4 NOTEs