* using log directory 'd:/RCompile/CRANincoming/R-devel/plumber2mcp.Rcheck' * using R Under development (unstable) (2025-11-14 r89021 ucrt) * using platform: x86_64-w64-mingw32 * R was compiled by gcc.exe (GCC) 14.3.0 GNU Fortran (GCC) 14.3.0 * running under: Windows Server 2022 x64 (build 20348) * using session charset: UTF-8 * checking for file 'plumber2mcp/DESCRIPTION' ... OK * this is package 'plumber2mcp' version '0.4.0' * package encoding: UTF-8 * checking CRAN incoming feasibility ... NOTE Maintainer: 'Bulent Arman Aksoy ' New submission Possibly misspelled words in DESCRIPTION: MCP (7:64, 11:23) * checking package namespace information ... OK * checking package dependencies ... OK * checking if this is a source package ... OK * checking if there is a namespace ... OK * checking for hidden files and directories ... OK * checking for portable file names ... OK * checking serialization versions ... OK * checking whether package 'plumber2mcp' can be installed ... OK * checking installed package size ... OK * checking package directory ... OK * checking for future file timestamps ... OK * checking 'build' directory ... OK * checking DESCRIPTION meta-information ... OK * checking top-level files ... OK * checking for left-over files ... OK * checking index information ... OK * checking package subdirectories ... OK * checking code files for non-ASCII characters ... OK * checking R files for syntax errors ... OK * checking whether the package can be loaded ... OK * checking whether the package can be loaded with stated dependencies ... OK * checking whether the package can be unloaded cleanly ... OK * checking whether the namespace can be loaded with stated dependencies ... OK * checking whether the namespace can be unloaded cleanly ... OK * checking loading without being on the library search path ... OK * checking use of S3 registration ... OK * checking dependencies in R code ... OK * checking S3 generic/method consistency ... OK * checking replacement functions ... OK * checking foreign function calls ... OK * checking R code for possible problems ... OK * checking Rd files ... OK * checking Rd metadata ... OK * checking Rd line widths ... OK * checking Rd cross-references ... OK * checking for missing documentation entries ... OK * checking for code/documentation mismatches ... OK * checking Rd \usage sections ... OK * checking Rd contents ... OK * checking for unstated dependencies in examples ... OK * checking installed files from 'inst/doc' ... OK * checking files in 'vignettes' ... OK * checking examples ... OK * checking for unstated dependencies in 'tests' ... OK * checking tests ... ERROR Running 'testthat.R' Running the tests in 'tests/testthat.R' failed. Complete output: > # This file is part of the standard setup for testthat. > # It is recommended that you do not modify it. > # > # Where should you do additional test configuration? > # Learn more about the roles of various files in: > # * https://r-pkgs.org/testing-design.html#sec-tests-files-overview > # * https://testthat.r-lib.org/articles/special-files.html > > library(testthat) > library(plumber2mcp) > > test_check("plumber2mcp") Saving _problems/test-pr_mcp_resources-272.R [ FAIL 1 | WARN 5 | SKIP 1 | PASS 437 ] ══ Skipped tests (1) ═══════════════════════════════════════════════════════════ • empty test (1): 'test-default_values.R:139:1' ══ Failed tests ════════════════════════════════════════════════════════════════ ── Failure ('test-pr_mcp_resources.R:272:3'): session info resource works ────── Expected `any(grepl("R version", content))` to be TRUE. Differences: `actual`: FALSE `expected`: TRUE [ FAIL 1 | WARN 5 | SKIP 1 | PASS 437 ] Error: ! Test failures. Execution halted * checking for unstated dependencies in vignettes ... OK * checking package vignettes ... OK * checking re-building of vignette outputs ... OK * checking PDF version of manual ... [11s] OK * checking HTML version of manual ... OK * DONE Status: 1 ERROR, 1 NOTE