* using log directory ‘/srv/hornik/tmp/CRAN_pretest/params.Rcheck’ * using R Under development (unstable) (2025-01-29 r87668) * using platform: x86_64-pc-linux-gnu * R was compiled by Debian clang version 19.1.6 (1+b1) Debian flang-new version 19.1.6 (1+b1) * running under: Debian GNU/Linux trixie/sid * using session charset: UTF-8 * checking for file ‘params/DESCRIPTION’ ... OK * checking extension type ... Package * this is package ‘params’ version ‘0.7.5’ * package encoding: UTF-8 * checking CRAN incoming feasibility ... [3s/5s] NOTE Maintainer: ‘Sahil Seth ’ New submission Package was archived on CRAN CRAN repository db overrides: X-CRAN-Comment: Archived on 2024-11-07 as issues were not corrected despite reminders. * checking package namespace information ... OK * checking package dependencies ... OK * checking if this is a source package ... OK * checking if there is a namespace ... OK * checking for executable files ... OK * checking for hidden files and directories ... OK * checking for portable file names ... OK * checking for sufficient/correct file permissions ... OK * checking serialization versions ... OK * checking whether package ‘params’ can be installed ... [2s/2s] ERROR Installation failed. See ‘/srv/hornik/tmp/CRAN_pretest/params.Rcheck/00install.out’ for details. * DONE Status: 1 ERROR, 1 NOTE