* using log directory 'd:/RCompile/CRANincoming/R-devel/nlmixr2autoinit.Rcheck' * using R Under development (unstable) (2025-10-21 r88963 ucrt) * using platform: x86_64-w64-mingw32 * R was compiled by gcc.exe (GCC) 14.2.0 GNU Fortran (GCC) 14.2.0 * running under: Windows Server 2022 x64 (build 20348) * using session charset: UTF-8 * checking for file 'nlmixr2autoinit/DESCRIPTION' ... OK * checking extension type ... Package * this is package 'nlmixr2autoinit' version '1.0.0' * package encoding: UTF-8 * checking CRAN incoming feasibility ... NOTE Maintainer: 'Zhonghui Huang ' New submission Possibly misspelled words in DESCRIPTION: Pharmacokinetic (4:9) nlmixr (16:35) noncompartmental (12:47) pharmacokinetic (11:19, 13:21) * checking package namespace information ... OK * checking package dependencies ... OK * checking if this is a source package ... OK * checking if there is a namespace ... OK * checking for hidden files and directories ... OK * checking for portable file names ... OK * checking whether package 'nlmixr2autoinit' can be installed ... ERROR Installation failed. See 'd:/RCompile/CRANincoming/R-devel/nlmixr2autoinit.Rcheck/00install.out' for details. * DONE Status: 1 ERROR, 1 NOTE