* using log directory ‘/srv/hornik/tmp/CRAN_pretest/nlmixr2autoinit.Rcheck’ * using R Under development (unstable) (2025-10-21 r88957) * using platform: x86_64-pc-linux-gnu * R was compiled by Debian clang version 19.1.7 (7) Debian flang-new version 19.1.7 (7) * running under: Debian GNU/Linux forky/sid * using session charset: UTF-8 * checking for file ‘nlmixr2autoinit/DESCRIPTION’ ... OK * checking extension type ... Package * this is package ‘nlmixr2autoinit’ version ‘1.0.0’ * package encoding: UTF-8 * checking CRAN incoming feasibility ... [3s/4s] NOTE Maintainer: ‘Zhonghui Huang ’ New submission Possibly misspelled words in DESCRIPTION: IIV (15:35) NCA (12:72) Pharmacokinetic (4:9) RUV (13:92) al (16:61) et (16:58) nlmixr (16:8) pharmacokinetic (11:19, 13:21) The Description field contains . Please write DOIs as . * checking package namespace information ... OK * checking package dependencies ... OK * checking if this is a source package ... OK * checking if there is a namespace ... OK * checking for executable files ... OK * checking for hidden files and directories ... OK * checking for portable file names ... OK * checking for sufficient/correct file permissions ... OK * checking whether package ‘nlmixr2autoinit’ can be installed ... [2s/2s] ERROR Installation failed. See ‘/srv/hornik/tmp/CRAN_pretest/nlmixr2autoinit.Rcheck/00install.out’ for details. * DONE Status: 1 ERROR, 1 NOTE