* using log directory 'd:/RCompile/CRANincoming/R-devel/myownrobs.Rcheck' * using R Under development (unstable) (2025-09-21 r88861 ucrt) * using platform: x86_64-w64-mingw32 * R was compiled by gcc.exe (GCC) 14.2.0 GNU Fortran (GCC) 14.2.0 * running under: Windows Server 2022 x64 (build 20348) * using session charset: UTF-8 * checking for file 'myownrobs/DESCRIPTION' ... OK * checking extension type ... Package * this is package 'myownrobs' version '0.1.0' * package encoding: UTF-8 * checking CRAN incoming feasibility ... NOTE Maintainer: 'Juan Cruz Rodriguez ' New submission * checking package namespace information ... OK * checking package dependencies ... OK * checking if this is a source package ... OK * checking if there is a namespace ... OK * checking for hidden files and directories ... OK * checking for portable file names ... OK * checking serialization versions ... OK * checking whether package 'myownrobs' can be installed ... OK * checking installed package size ... OK * checking package directory ... OK * checking for future file timestamps ... OK * checking DESCRIPTION meta-information ... OK * checking top-level files ... OK * checking for left-over files ... OK * checking index information ... OK * checking package subdirectories ... OK * checking code files for non-ASCII characters ... OK * checking R files for syntax errors ... OK * checking whether the package can be loaded ... OK * checking whether the package can be loaded with stated dependencies ... OK * checking whether the package can be unloaded cleanly ... OK * checking whether the namespace can be loaded with stated dependencies ... OK * checking whether the namespace can be unloaded cleanly ... OK * checking loading without being on the library search path ... OK * checking use of S3 registration ... OK * checking dependencies in R code ... OK * checking S3 generic/method consistency ... OK * checking replacement functions ... OK * checking foreign function calls ... OK * checking R code for possible problems ... OK * checking Rd files ... OK * checking Rd metadata ... OK * checking Rd line widths ... OK * checking Rd cross-references ... OK * checking for missing documentation entries ... OK * checking for code/documentation mismatches ... OK * checking Rd \usage sections ... OK * checking Rd contents ... OK * checking for unstated dependencies in examples ... OK * checking examples ... OK * checking for unstated dependencies in 'tests' ... OK * checking tests ... ERROR Running 'testthat.R' Running the tests in 'tests/testthat.R' failed. Complete output: > # This file is part of the standard setup for testthat. > # It is recommended that you do not modify it. > # > # Where should you do additional test configuration? > # Learn more about the roles of various files in: > # * https://r-pkgs.org/testing-design.html#sec-tests-files-overview > # * https://testthat.r-lib.org/articles/special-files.html > > library(testthat) > library(myownrobs) > > test_check("myownrobs") [ FAIL 1 | WARN 1 | SKIP 2 | PASS 69 ] ══ Skipped tests (2) ═══════════════════════════════════════════════════════════ • On CRAN (2): 'test-ai_tool_fetch_url_content.R:12:3', 'test-ai_tool_search_web.R:6:3' ══ Failed tests ════════════════════════════════════════════════════════════════ ── Error ('test-ai_tool_grep_search.R:12:3'): grep_search - found file ───────── Error in `grepl(paste0(mock_file, "\n1:FILE_CONTENT"), grep_search(list(query = "CONTENT"))$output)`: invalid regular expression 'D:\temp\2025_09_22_23_30_17_15462\RtmpEdEqIS\file2637020eb432e.R 1:FILE_CONTENT', reason 'Invalid back reference' Backtrace: ▆ 1. ├─testthat::expect_true(...) at test-ai_tool_grep_search.R:12:3 2. │ └─testthat::quasi_label(enquo(object), label, arg = "object") 3. │ └─rlang::eval_bare(expr, quo_get_env(quo)) 4. └─base::grepl(paste0(mock_file, "\n1:FILE_CONTENT"), grep_search(list(query = "CONTENT"))$output) [ FAIL 1 | WARN 1 | SKIP 2 | PASS 69 ] Error: Test failures Execution halted * checking PDF version of manual ... [27s] OK * checking HTML version of manual ... OK * DONE Status: 1 ERROR, 1 NOTE