* using log directory ‘/srv/hornik/tmp/CRAN_pretest/myTAI.Rcheck’ * using R Under development (unstable) (2025-09-30 r88885) * using platform: x86_64-pc-linux-gnu * R was compiled by Debian clang version 19.1.7 (3+b1) Debian flang-new version 19.1.7 (3+b1) * running under: Debian GNU/Linux forky/sid * using session charset: UTF-8 * checking for file ‘myTAI/DESCRIPTION’ ... OK * checking extension type ... Package * this is package ‘myTAI’ version ‘2.3.0’ * package encoding: UTF-8 * checking CRAN incoming feasibility ... [6s/16s] NOTE Maintainer: ‘Hajk-Georg Drost ’ New submission Package was archived on CRAN Possibly misspelled words in DESCRIPTION: Drost (35:120) Transcriptomics (3:21) al (35:129) et (35:126) transcriptome (35:209, 35:312) transcriptomes (35:104) CRAN repository db overrides: X-CRAN-Comment: Archived on 2024-10-01 as issues were not corrected in time. Suggests or Enhances not in mainstream repositories: gataiR * checking package namespace information ... OK * checking package dependencies ... INFO Package suggested but not available for checking: ‘gataiR’ * checking if this is a source package ... OK * checking if there is a namespace ... OK * checking for executable files ... OK * checking for hidden files and directories ... OK * checking for portable file names ... OK * checking for sufficient/correct file permissions ... OK * checking whether package ‘myTAI’ can be installed ... [27s/27s] ERROR Installation failed. See ‘/srv/hornik/tmp/CRAN_pretest/myTAI.Rcheck/00install.out’ for details. * DONE Status: 1 ERROR, 1 NOTE