* using log directory ‘/srv/hornik/tmp/CRAN_pretest/mktdata.Rcheck’ * using R Under development (unstable) (2025-01-13 r87564) * using platform: x86_64-pc-linux-gnu * R was compiled by Debian clang version 19.1.6 (1+b1) Debian flang-new version 19.1.6 (1+b1) * running under: Debian GNU/Linux trixie/sid * using session charset: UTF-8 * checking for file ‘mktdata/DESCRIPTION’ ... OK * this is package ‘mktdata’ version ‘0.1.0’ * package encoding: UTF-8 * checking CRAN incoming feasibility ... [3s/3s] NOTE Maintainer: ‘Rodrigo Ribeiro ’ New submission Reading Rd files failed with message: invalid UTF-8 in file ‘/srv/hornik/tmp/CRAN_pretest/mktdata.Rcheck/00_pkg_src/mktdata/man/elaborar_4_linhas.Rd’ Checking DOIs failed with message: invalid UTF-8 in file ‘/srv/hornik/tmp/CRAN_pretest/mktdata.Rcheck/00_pkg_src/mktdata/man/elaborar_4_linhas.Rd’ The Date field is over a month old. * checking package namespace information ... OK * checking package dependencies ... OK * checking if this is a source package ... OK * checking if there is a namespace ... OK * checking for executable files ... OK * checking for hidden files and directories ... OK * checking for portable file names ... OK * checking for sufficient/correct file permissions ... OK * checking serialization versions ... OK * checking whether package ‘mktdata’ can be installed ... [1s/1s] ERROR Installation failed. See ‘/srv/hornik/tmp/CRAN_pretest/mktdata.Rcheck/00install.out’ for details. * DONE Status: 1 ERROR, 1 NOTE