* using log directory ‘/srv/hornik/tmp/CRAN_pretest/minorparties.Rcheck’ * using R Under development (unstable) (2025-10-18 r88943) * using platform: x86_64-pc-linux-gnu * R was compiled by Debian clang version 19.1.7 (7) Debian flang-new version 19.1.7 (7) * running under: Debian GNU/Linux forky/sid * using session charset: UTF-8 * checking for file ‘minorparties/DESCRIPTION’ ... OK * checking extension type ... Package * this is package ‘minorparties’ version ‘1.0.0’ * package encoding: UTF-8 * checking CRAN incoming feasibility ... [3s/4s] NOTE Maintainer: ‘Theodore Gercken ’ New submission Unknown, possibly misspelled, fields in DESCRIPTION: ‘Remotes’ Suggests or Enhances not in mainstream repositories: huggingfaceR Size of tarball: 31985256 bytes * checking package namespace information ... OK * checking package dependencies ... INFO Package suggested but not available for checking: ‘huggingfaceR’ * checking if this is a source package ... OK * checking if there is a namespace ... OK * checking for executable files ... OK * checking for hidden files and directories ... OK * checking for portable file names ... OK * checking for sufficient/correct file permissions ... OK * checking whether package ‘minorparties’ can be installed ... [62s/62s] OK * checking package directory ... OK * checking for future file timestamps ... OK * checking DESCRIPTION meta-information ... NOTE Missing dependency on R >= 4.1.0 because package code uses the pipe |> or function shorthand \(...) syntax added in R 4.1.0. File(s) using such syntax: ‘calculate_iscores.R’ ‘i_score_sum.R’ ‘process_platform_emphasis.R’ ‘process_platform_position.R’ ‘validation.R’ * checking top-level files ... OK * checking for left-over files ... OK * checking index information ... OK * checking package subdirectories ... OK * checking code files for non-ASCII characters ... OK * checking R files for syntax errors ... OK * checking whether the package can be loaded ... [0s/0s] OK * checking whether the package can be loaded with stated dependencies ... [0s/0s] OK * checking whether the package can be unloaded cleanly ... [0s/0s] OK * checking whether the namespace can be loaded with stated dependencies ... [0s/0s] OK * checking whether the namespace can be unloaded cleanly ... [0s/0s] OK * checking loading without being on the library search path ... [0s/0s] OK * checking use of S3 registration ... OK * checking dependencies in R code ... OK * checking S3 generic/method consistency ... OK * checking replacement functions ... OK * checking foreign function calls ... OK * checking R code for possible problems ... [11s/11s] OK * checking Rd files ... [0s/0s] NOTE checkRd: (-1) calculate_iscores.Rd:21: Lost braces in \itemize; meant \describe ? checkRd: (-1) calculate_iscores.Rd:22: Lost braces in \itemize; meant \describe ? checkRd: (-1) calculate_iscores.Rd:24: Lost braces in \itemize; meant \describe ? checkRd: (-1) calculate_iscores.Rd:25: Lost braces in \itemize; meant \describe ? checkRd: (-1) calculate_iscores.Rd:27: Lost braces in \itemize; meant \describe ? checkRd: (-1) calculate_iscores.Rd:28: Lost braces in \itemize; meant \describe ? checkRd: (-1) calculate_iscores.Rd:31: Lost braces in \itemize; meant \describe ? checkRd: (-1) calculate_iscores.Rd:33: Lost braces in \itemize; meant \describe ? checkRd: (-1) calculate_iscores.Rd:34: Lost braces in \itemize; meant \describe ? checkRd: (-1) calculate_iscores.Rd:36: Lost braces in \itemize; meant \describe ? checkRd: (-1) calculate_iscores.Rd:38: Lost braces in \itemize; meant \describe ? checkRd: (-1) calculate_iscores.Rd:39: Lost braces in \itemize; meant \describe ? checkRd: (-1) calculate_iscores.Rd:40: Lost braces in \itemize; meant \describe ? checkRd: (-1) calculate_iscores.Rd:41: Lost braces in \itemize; meant \describe ? checkRd: (-1) calculate_iscores.Rd:43: Lost braces in \itemize; meant \describe ? checkRd: (-1) calculate_iscores.Rd:44: Lost braces in \itemize; meant \describe ? checkRd: (-1) calculate_iscores.Rd:46: Lost braces in \itemize; meant \describe ? checkRd: (-1) calculate_iscores.Rd:47: Lost braces in \itemize; meant \describe ? checkRd: (-1) calculate_iscores.Rd:48: Lost braces in \itemize; meant \describe ? checkRd: (-1) calculate_iscores.Rd:69: Lost braces in \itemize; \value handles \item{}{} directly checkRd: (-1) calculate_iscores.Rd:70: Lost braces in \itemize; \value handles \item{}{} directly checkRd: (-1) calculate_iscores.Rd:72: Lost braces in \itemize; \value handles \item{}{} directly checkRd: (-1) calculate_iscores.Rd:73: Lost braces in \itemize; \value handles \item{}{} directly checkRd: (-1) calculate_iscores.Rd:74: Lost braces in \itemize; \value handles \item{}{} directly checkRd: (-1) calculate_iscores.Rd:76: Lost braces in \itemize; \value handles \item{}{} directly checkRd: (-1) calculate_iscores.Rd:78: Lost braces in \itemize; \value handles \item{}{} directly checkRd: (-1) calculate_iscores.Rd:79: Lost braces in \itemize; \value handles \item{}{} directly checkRd: (-1) calculate_iscores.Rd:81: Lost braces in \itemize; \value handles \item{}{} directly checkRd: (-1) calculate_iscores.Rd:83: Lost braces in \itemize; \value handles \item{}{} directly checkRd: (-1) calculate_iscores.Rd:84: Lost braces in \itemize; \value handles \item{}{} directly checkRd: (-1) calculate_iscores.Rd:85: Lost braces in \itemize; \value handles \item{}{} directly checkRd: (-1) calculate_iscores.Rd:86: Lost braces in \itemize; \value handles \item{}{} directly checkRd: (-1) process_platform_emphasis.Rd:12: Lost braces in \itemize; meant \describe ? checkRd: (-1) process_platform_emphasis.Rd:20: Lost braces in \itemize; \value handles \item{}{} directly checkRd: (-1) process_platform_emphasis.Rd:22: Lost braces in \itemize; \value handles \item{}{} directly checkRd: (-1) process_platform_emphasis.Rd:23: Lost braces in \itemize; \value handles \item{}{} directly checkRd: (-1) process_platform_emphasis.Rd:25: Lost braces in \itemize; \value handles \item{}{} directly checkRd: (-1) process_platform_emphasis.Rd:26: Lost braces in \itemize; \value handles \item{}{} directly checkRd: (-1) process_platform_emphasis.Rd:28: Lost braces in \itemize; \value handles \item{}{} directly checkRd: (-1) process_platform_emphasis.Rd:30: Lost braces in \itemize; \value handles \item{}{} directly checkRd: (-1) process_platform_emphasis.Rd:31: Lost braces in \itemize; \value handles \item{}{} directly checkRd: (-1) process_platform_position.Rd:12: Lost braces in \itemize; meant \describe ? checkRd: (-1) process_platform_position.Rd:13: Lost braces in \itemize; meant \describe ? checkRd: (-1) process_platform_position.Rd:15: Lost braces in \itemize; meant \describe ? checkRd: (-1) process_platform_position.Rd:16: Lost braces in \itemize; meant \describe ? checkRd: (-1) process_platform_position.Rd:18: Lost braces in \itemize; meant \describe ? checkRd: (-1) process_platform_position.Rd:19: Lost braces in \itemize; meant \describe ? checkRd: (-1) process_platform_position.Rd:29: Lost braces in \itemize; \value handles \item{}{} directly checkRd: (-1) process_platform_position.Rd:31: Lost braces in \itemize; \value handles \item{}{} directly checkRd: (-1) process_platform_position.Rd:32: Lost braces in \itemize; \value handles \item{}{} directly checkRd: (-1) process_platform_position.Rd:33: Lost braces in \itemize; \value handles \item{}{} directly checkRd: (-1) process_platform_position.Rd:34: Lost braces in \itemize; \value handles \item{}{} directly * checking Rd metadata ... OK * checking Rd line widths ... OK * checking Rd cross-references ... OK * checking for missing documentation entries ... OK * checking for code/documentation mismatches ... OK * checking Rd \usage sections ... NOTE Documented arguments not in \usage in Rd file 'weighted_party_scores.Rd': ‘ie_score_tibble/ip_score_tibble’ ‘party_row’ ‘top_issues’ Functions with \usage entries need to have the appropriate \alias entries, and all their arguments documented. The \usage entries must correspond to syntactically valid R code. See chapter ‘Writing R documentation files’ in the ‘Writing R Extensions’ manual. * checking Rd contents ... OK * checking for unstated dependencies in examples ... OK * checking R/sysdata.rda ... OK * checking examples ... NONE * checking for unstated dependencies in ‘tests’ ... OK * checking tests ... [412s/409s] ERROR Running ‘testthat.R’ [412s/409s] Running the tests in ‘tests/testthat.R’ failed. Complete output: > # This file is part of the standard setup for testthat. > # It is recommended that you do not modify it. > # > # Where should you do additional test configuration? > # Learn more about the roles of various files in: > # * https://r-pkgs.org/testing-design.html#sec-tests-files-overview > # * https://testthat.r-lib.org/articles/special-files.html > > library(testthat) > library(minorparties) > > test_check("minorparties") Splitting each platform into scored sentences =>-----------------------------... Splitting each platform into scored sentences ==>----------------------------... Splitting each platform into scored sentences ==>----------------------------... Splitting each platform into scored sentences ===>---------------------------... Splitting each platform into scored sentences ===>---------------------------... Splitting each platform into scored sentences ====>--------------------------... Splitting each platform into scored sentences =====>-------------------------... Splitting each platform into scored sentences =====>-------------------------... Splitting each platform into scored sentences ======>------------------------... Splitting each platform into scored sentences ======>------------------------... Splitting each platform into scored sentences =======>-----------------------... Splitting each platform into scored sentences ========>----------------------... Splitting each platform into scored sentences ========>----------------------... Splitting each platform into scored sentences =========>---------------------... Splitting each platform into scored sentences ==========>--------------------... Splitting each platform into scored sentences ==========>--------------------... Splitting each platform into scored sentences ===========>-------------------... Splitting each platform into scored sentences ===========>-------------------... Splitting each platform into scored sentences ============>------------------... Splitting each platform into scored sentences =============>-----------------... Splitting each platform into scored sentences ==============>----------------... Splitting each platform into scored sentences ===============>---------------... Splitting each platform into scored sentences ===============>---------------... Splitting each platform into scored sentences ================>--------------... Splitting each platform into scored sentences ================>--------------... Splitting each platform into scored sentences =================>-------------... Splitting each platform into scored sentences ==================>------------... Splitting each platform into scored sentences ==================>------------... Splitting each platform into scored sentences ===================>-----------... Splitting each platform into scored sentences ===================>-----------... Splitting each platform into scored sentences ====================>----------... Splitting each platform into scored sentences ====================>----------... Splitting each platform into scored sentences =====================>---------... Splitting each platform into scored sentences ======================>--------... Splitting each platform into scored sentences ======================>--------... Splitting each platform into scored sentences =======================>-------... Splitting each platform into scored sentences =======================>-------... Splitting each platform into scored sentences ========================>------... Splitting each platform into scored sentences ========================>------... Splitting each platform into scored sentences =========================>-----... Splitting each platform into scored sentences =========================>-----... Splitting each platform into scored sentences ==========================>----... Splitting each platform into scored sentences ============================>--... Splitting each platform into scored sentences ============================>--... Splitting each platform into scored sentences =============================>-... Calculating the position scores for each issue-area ===============>---------... Constructing calculation tibbles for each minor party ==>--------------------... Constructing calculation tibbles for each minor party =====>-----------------... Constructing calculation tibbles for each minor party =======>---------------... Constructing calculation tibbles for each minor party =========>-------------... Constructing calculation tibbles for each minor party ============>----------... Constructing calculation tibbles for each minor party ==============>--------... Constructing calculation tibbles for each minor party ================>------... Constructing calculation tibbles for each minor party ==================>----... Constructing calculation tibbles for each minor party =====================>-... Constructing calculation tibbles for each minor party =======================... Constructing calculation tibbles for each minor party =======================... Constructing calculation tibbles for each minor party =======================... [ FAIL 3 | WARN 0 | SKIP 0 | PASS 6 ] ══ Failed tests ════════════════════════════════════════════════════════════════ ── Error ('test-configure_python.R:34:3'): configure_python correctly steps through setup process ── Error in `loadNamespace(name)`: there is no package called 'huggingfaceR' Backtrace: ▆ 1. └─minorparties (local) setup_test() at test-configure_python.R:34:3 2. └─testthat::local_mocked_bindings(...) at test-configure_python.R:23:3 3. └─rlang::ns_env(.package) 4. └─base::asNamespace(x) 5. └─base::getNamespace(ns) 6. ├─.Internal(getRegisteredNamespace(name)) %||% ... 7. └─base::loadNamespace(name) 8. └─base::withRestarts(stop(cond), retry_loadNamespace = function() NULL) 9. └─base (local) withOneRestart(expr, restarts[[1L]]) 10. └─base (local) doWithOneRestart(return(expr), restart) ── Error ('test-configure_python.R:43:3'): configure_python correctly errors if Python is already bound to another environment ── Error in `loadNamespace(name)`: there is no package called 'huggingfaceR' Backtrace: ▆ 1. └─minorparties (local) setup_test() at test-configure_python.R:43:3 2. └─testthat::local_mocked_bindings(...) at test-configure_python.R:23:3 3. └─rlang::ns_env(.package) 4. └─base::asNamespace(x) 5. └─base::getNamespace(ns) 6. ├─.Internal(getRegisteredNamespace(name)) %||% ... 7. └─base::loadNamespace(name) 8. └─base::withRestarts(stop(cond), retry_loadNamespace = function() NULL) 9. └─base (local) withOneRestart(expr, restarts[[1L]]) 10. └─base (local) doWithOneRestart(return(expr), restart) ── Error ('test-configure_python.R:54:3'): configure_python correctly errors if ManifestoBERTA model cannot be loaded ── Error in `loadNamespace(name)`: there is no package called 'huggingfaceR' Backtrace: ▆ 1. └─minorparties (local) setup_test() at test-configure_python.R:54:3 2. └─testthat::local_mocked_bindings(...) at test-configure_python.R:23:3 3. └─rlang::ns_env(.package) 4. └─base::asNamespace(x) 5. └─base::getNamespace(ns) 6. ├─.Internal(getRegisteredNamespace(name)) %||% ... 7. └─base::loadNamespace(name) 8. └─base::withRestarts(stop(cond), retry_loadNamespace = function() NULL) 9. └─base (local) withOneRestart(expr, restarts[[1L]]) 10. └─base (local) doWithOneRestart(return(expr), restart) [ FAIL 3 | WARN 0 | SKIP 0 | PASS 6 ] Error: Test failures Execution halted * checking PDF version of manual ... [3s/3s] OK * checking HTML version of manual ... [0s/0s] OK * checking for non-standard things in the check directory ... OK * checking for detritus in the temp directory ... OK * DONE Status: 1 ERROR, 4 NOTEs