* using log directory 'd:/RCompile/CRANincoming/R-devel/metacor.Rcheck' * using R Under development (unstable) (2025-07-06 r88390 ucrt) * using platform: x86_64-w64-mingw32 * R was compiled by gcc.exe (GCC) 14.2.0 GNU Fortran (GCC) 14.2.0 * running under: Windows Server 2022 x64 (build 20348) * using session charset: UTF-8 * checking for file 'metacor/DESCRIPTION' ... OK * checking extension type ... Package * this is package 'metacor' version '0.1.0' * package encoding: UTF-8 * checking CRAN incoming feasibility ... WARNING Maintainer: 'Iker J. Bautista ' New submission Package was archived on CRAN Insufficient package version (submitted: 0.1.0, existing: 1.0.2.1) Possibly misspelled words in DESCRIPTION: SDs (8:56) CRAN repository db overrides: X-CRAN-Comment: Archived on 2023-11-05 as issues were not corrected despite reminders. Has latin1 package encoding with non-ASCII content in DESCRIPTION. No Authors@R field in DESCRIPTION. Please add one, modifying Authors@R: c(person(given = "Iker", family = "Bautista", role = "aut"), person(given = c("Iker", "J."), family = "Bautista", role = "cre", email = "ikerugr@gmail.com")) as necessary. Found the following (possibly) invalid URLs: URL: https://ikerugr.github.io/metacor/ From: DESCRIPTION Status: 404 Message: Not Found * checking package namespace information ... OK * checking package dependencies ... OK * checking if this is a source package ... OK * checking if there is a namespace ... OK * checking for hidden files and directories ... OK * checking for portable file names ... OK * checking whether package 'metacor' can be installed ... ERROR Installation failed. See 'd:/RCompile/CRANincoming/R-devel/metacor.Rcheck/00install.out' for details. * DONE Status: 1 ERROR, 1 WARNING