* using log directory ‘/srv/hornik/tmp/CRAN_pretest/metacor.Rcheck’ * using R Under development (unstable) (2025-07-05 r88387) * using platform: x86_64-pc-linux-gnu * R was compiled by Debian clang version 19.1.7 (3) Debian flang-new version 19.1.7 (3) * running under: Debian GNU/Linux 13 (trixie) * using session charset: UTF-8 * checking for file ‘metacor/DESCRIPTION’ ... OK * checking extension type ... Package * this is package ‘metacor’ version ‘0.1.0’ * package encoding: UTF-8 * checking CRAN incoming feasibility ... [3s/3s] WARNING Maintainer: ‘Iker J. Bautista ’ New submission Package was archived on CRAN Insufficient package version (submitted: 0.1.0, existing: 1.0.2.1) Possibly misspelled words in DESCRIPTION: SDs (8:56) CRAN repository db overrides: X-CRAN-Comment: Archived on 2023-11-05 as issues were not corrected despite reminders. Has latin1 package encoding with non-ASCII content in DESCRIPTION. No Authors@R field in DESCRIPTION. Please add one, modifying Authors@R: c(person(given = "Iker", family = "Bautista", role = "aut"), person(given = c("Iker", "J."), family = "Bautista", role = "cre", email = "ikerugr@gmail.com")) as necessary. Found the following (possibly) invalid URLs: URL: https://ikerugr.github.io/metacor/ From: DESCRIPTION Status: 404 Message: Not Found * checking package namespace information ... OK * checking package dependencies ... OK * checking if this is a source package ... OK * checking if there is a namespace ... OK * checking for executable files ... OK * checking for hidden files and directories ... OK * checking for portable file names ... OK * checking for sufficient/correct file permissions ... OK * checking whether package ‘metacor’ can be installed ... [0s/0s] ERROR Installation failed. See ‘/srv/hornik/tmp/CRAN_pretest/metacor.Rcheck/00install.out’ for details. * DONE Status: 1 ERROR, 1 WARNING