* using log directory 'd:/RCompile/CRANincoming/R-devel/mcglm.Rcheck' * using R Under development (unstable) (2025-11-27 r89071 ucrt) * using platform: x86_64-w64-mingw32 * R was compiled by gcc.exe (GCC) 14.3.0 GNU Fortran (GCC) 14.3.0 * running under: Windows Server 2022 x64 (build 20348) * using session charset: UTF-8 * checking for file 'mcglm/DESCRIPTION' ... OK * checking extension type ... Package * this is package 'mcglm' version '0.9.0' * package encoding: UTF-8 * checking CRAN incoming feasibility ... NOTE Maintainer: 'Wagner Hugo Bonat ' New submission Package was archived on CRAN Possibly misspelled words in DESCRIPTION: Bonat (27:10) McGLM (11:32) McGLMs (11:14, 25:63) spatio (24:45) CRAN repository db overrides: X-CRAN-Comment: Archived on 2023-08-25 as check issues were not corrected despite reminders. Found the following (possibly) invalid file URI: URI: ./CONTRIBUTING.md From: README.md * checking package namespace information ... OK * checking package dependencies ... OK * checking if this is a source package ... OK * checking if there is a namespace ... OK * checking for hidden files and directories ... OK * checking for portable file names ... OK * checking whether package 'mcglm' can be installed ... ERROR Installation failed. See 'd:/RCompile/CRANincoming/R-devel/mcglm.Rcheck/00install.out' for details. * DONE Status: 1 ERROR, 1 NOTE