* using log directory ‘/srv/hornik/tmp/CRAN_pretest/mazealls.Rcheck’ * using R Under development (unstable) (2025-11-19 r89037) * using platform: x86_64-pc-linux-gnu * R was compiled by Debian clang version 21.1.5 (1) Debian flang version 21.1.5 (1) * running under: Debian GNU/Linux forky/sid * using session charset: UTF-8 * checking for file ‘mazealls/DESCRIPTION’ ... OK * this is package ‘mazealls’ version ‘0.2.1’ * checking CRAN incoming feasibility ... [5s/126s] NOTE Maintainer: ‘Steven E. Pav ’ Found the following (possibly) invalid URLs: URL: http://codecov.io/github/shabbychef/mazealls?branch=master (moved to https://app.codecov.io/github/shabbychef/mazealls?branch=master) From: README.md Status: 301 Message: Moved Permanently URL: http://www.r-pkg.org/pkg/mazealls (moved to https://www.r-pkg.org:443/pkg/mazealls) From: README.md Status: 301 Message: Moved Permanently URL: https://www.gnu.org/licenses/lgpl-3.0 From: README.md Status: Error Message: Timeout was reached [www.gnu.org]: Connection timed out after 60002 milliseconds For content that is 'Moved Permanently', please change http to https, add trailing slashes, or replace the old by the new URL. * checking package namespace information ... OK * checking package dependencies ... OK * checking if this is a source package ... OK * checking if there is a namespace ... OK * checking for executable files ... OK * checking for hidden files and directories ... OK * checking for portable file names ... OK * checking for sufficient/correct file permissions ... OK * checking serialization versions ... OK * checking whether package ‘mazealls’ can be installed ... [2s/2s] OK * checking package directory ... OK * checking for future file timestamps ... OK * checking DESCRIPTION meta-information ... OK * checking top-level files ... NOTE Non-standard files/directories found at top level: ‘%’ ‘PRINT.Rmd’ ‘PRINT.md’ ‘Rplots.pdf’ ‘planeall.Rmd’ ‘planeall.html’ ‘planeall.md’ * checking for left-over files ... OK * checking index information ... OK * checking package subdirectories ... OK * checking code files for non-ASCII characters ... OK * checking R files for syntax errors ... OK * checking whether the package can be loaded ... [0s/0s] OK * checking whether the package can be loaded with stated dependencies ... [0s/0s] OK * checking whether the package can be unloaded cleanly ... [0s/0s] OK * checking whether the namespace can be loaded with stated dependencies ... [0s/0s] OK * checking whether the namespace can be unloaded cleanly ... [0s/0s] OK * checking loading without being on the library search path ... [0s/0s] OK * checking use of S3 registration ... OK * checking dependencies in R code ... OK * checking S3 generic/method consistency ... OK * checking replacement functions ... OK * checking foreign function calls ... OK * checking R code for possible problems ... [4s/4s] OK * checking Rd files ... [0s/0s] OK * checking Rd metadata ... OK * checking Rd line widths ... NOTE Rd file 'sierpinski_hexagon_maze.Rd': \examples lines wider than 100 characters: draw_boundary=TRUE,boundary_hol ... [TRUNCATED] start_from='corner', color1='black',color2='green', style='sierpinski') These lines will be truncated in the PDF manual. * checking Rd cross-references ... OK * checking for missing documentation entries ... OK * checking for code/documentation mismatches ... OK * checking Rd \usage sections ... WARNING Undocumented arguments in Rd file 'parallelogram_maze.Rd' ‘hilbert_balance’ Functions with \usage entries need to have the appropriate \alias entries, and all their arguments documented. The \usage entries must correspond to syntactically valid R code. See chapter ‘Writing R documentation files’ in the ‘Writing R Extensions’ manual. * checking Rd contents ... OK * checking for unstated dependencies in examples ... OK * checking examples ... [9s/9s] OK * checking for unstated dependencies in ‘tests’ ... OK * checking tests ... [18s/18s] OK Running ‘testthat.R’ [17s/17s] * checking PDF version of manual ... [12s/12s] OK * checking HTML version of manual ... [2s/2s] OK * checking for non-standard things in the check directory ... OK * checking for detritus in the temp directory ... OK * DONE Status: 1 WARNING, 3 NOTEs