* using log directory 'd:/RCompile/CRANincoming/R-devel/loon.shiny.Rcheck' * using R Under development (unstable) (2025-11-10 r88994 ucrt) * using platform: x86_64-w64-mingw32 * R was compiled by gcc.exe (GCC) 14.3.0 GNU Fortran (GCC) 14.3.0 * running under: Windows Server 2022 x64 (build 20348) * using session charset: UTF-8 * checking for file 'loon.shiny/DESCRIPTION' ... OK * checking extension type ... Package * this is package 'loon.shiny' version '1.0.4' * package encoding: UTF-8 * checking CRAN incoming feasibility ... NOTE Maintainer: 'Zehao Xu ' New maintainer: Zehao Xu Old maintainer(s): Zehao Xu Found the following (possibly) invalid URLs: URL: https://shiny.rstudio.com/ (moved to https://shiny.posit.co/) From: inst/doc/introduction.html Status: 301 Message: Moved Permanently For content that is 'Moved Permanently', please change http to https, add trailing slashes, or replace the old by the new URL. * checking package namespace information ... OK * checking package dependencies ... OK * checking if this is a source package ... OK * checking if there is a namespace ... OK * checking for hidden files and directories ... OK * checking for portable file names ... OK * checking serialization versions ... OK * checking whether package 'loon.shiny' can be installed ... WARNING Found the following significant warnings: Note: possible error in 'update_linkingInfo(loon.grob, ': unused arguments (linkingKey = loonWidgetsInfo$linkingKey, size = loonWidgetsInfo$size, pch = loonWidgetsInfo$pch) Note: possible error in 'update_linkingInfo(loon.grob, ': unused argument (linkingKey = loonWidgetsInfo$linkingKey) Note: possible error in 'update_linkingInfo(loon.grob, ': unused arguments (linkingKey = loonWidgetsInfo$linkingKey, size = loonWidgetsInfo$size) See 'd:/RCompile/CRANincoming/R-devel/loon.shiny.Rcheck/00install.out' for details. Information on the location(s) of code generating the 'Note's can be obtained by re-running with environment variable R_KEEP_PKG_SOURCE set to 'yes'. * checking installed package size ... OK * checking package directory ... OK * checking for future file timestamps ... OK * checking 'build' directory ... OK * checking DESCRIPTION meta-information ... OK * checking top-level files ... OK * checking for left-over files ... OK * checking index information ... OK * checking package subdirectories ... OK * checking code files for non-ASCII characters ... OK * checking R files for syntax errors ... OK * checking whether the package can be loaded ... OK * checking whether the package can be loaded with stated dependencies ... OK * checking whether the package can be unloaded cleanly ... OK * checking whether the namespace can be loaded with stated dependencies ... OK * checking whether the namespace can be unloaded cleanly ... OK * checking loading without being on the library search path ... OK * checking use of S3 registration ... OK * checking dependencies in R code ... OK * checking S3 generic/method consistency ... NOTE Mismatches for apparent methods not registered: update_limitSliderInput: function(loon.grob, loonWidgetsInfo, input, session, buttons, tabPanelName, brushId) update_limitSliderInput.l_hist: function(loon.grob, loonWidgetsInfo, input, session, buttons, tabPanelName) update_linkingInfo: function(loon.grob, tabPanelName, linkingInfo, linkingGroup, selected, color, active, selectByColor, linkedStates) update_linkingInfo.l_graph: function(loon.grob, tabPanelName, linkingInfo, linkingGroup, linkingKey, selected, color, size, pch, active, selectByColor, linkedStates) update_linkingInfo: function(loon.grob, tabPanelName, linkingInfo, linkingGroup, selected, color, active, selectByColor, linkedStates) update_linkingInfo.l_plot: function(loon.grob, tabPanelName, linkingInfo, linkingGroup, linkingKey, selected, color, size, pch, active, selectByColor, linkedStates) update_linkingInfo: function(loon.grob, tabPanelName, linkingInfo, linkingGroup, selected, color, active, selectByColor, linkedStates) update_linkingInfo.l_hist: function(loon.grob, tabPanelName, linkingInfo, linkingGroup, linkingKey, selected, color, active, selectByColor, linkedStates) update_linkingInfo: function(loon.grob, tabPanelName, linkingInfo, linkingGroup, selected, color, active, selectByColor, linkedStates) update_linkingInfo.l_serialaxes: function(loon.grob, tabPanelName, linkingInfo, linkingGroup, linkingKey, selected, color, active, size, selectByColor, linkedStates) See section 'Registering S3 methods' in the 'Writing R Extensions' manual. * checking replacement functions ... OK * checking foreign function calls ... OK * checking R code for possible problems ... [30s] NOTE loon_reactive.l_graph: possible error in update_linkingInfo(loon.grob, tabPanelName = tabPanelName, linkingInfo = linkingInfo, linkingGroup = linkingGroup, linkingKey = loonWidgetsInfo$linkingKey, selected = loonWidgetsInfo$selected, color = loonWidgetsInfo$color, size = loonWidgetsInfo$size, pch = loonWidgetsInfo$pch, active = loonWidgetsInfo$active, selectByColor = selectByColor, linkedStates = input[[paste0(tabPanelName, "linkedStates")]]): unused arguments (linkingKey = loonWidgetsInfo$linkingKey, size = loonWidgetsInfo$size, pch = loonWidgetsInfo$pch) loon_reactive.l_hist: possible error in update_linkingInfo(loon.grob, tabPanelName = tabPanelName, linkingInfo = linkingInfo, linkingGroup = linkingGroup, linkingKey = loonWidgetsInfo$linkingKey, selected = loonWidgetsInfo$selected, color = loonWidgetsInfo$color, active = loonWidgetsInfo$active, selectByColor = selectByColor, linkedStates = input[[paste0(tabPanelName, "linkedStates")]]): unused argument (linkingKey = loonWidgetsInfo$linkingKey) loon_reactive.l_plot: possible error in update_linkingInfo(loon.grob, tabPanelName = tabPanelName, linkingInfo = linkingInfo, linkingGroup = linkingGroup, linkingKey = loonWidgetsInfo$linkingKey, selected = loonWidgetsInfo$selected, color = loonWidgetsInfo$color, size = loonWidgetsInfo$size, pch = loonWidgetsInfo$pch, active = loonWidgetsInfo$active, selectByColor = selectByColor, linkedStates = input[[paste0(tabPanelName, "linkedStates")]]): unused arguments (linkingKey = loonWidgetsInfo$linkingKey, size = loonWidgetsInfo$size, pch = loonWidgetsInfo$pch) loon_reactive.l_serialaxes: possible error in update_linkingInfo(loon.grob, tabPanelName = tabPanelName, linkingInfo = linkingInfo, linkingGroup = linkingGroup, linkingKey = loonWidgetsInfo$linkingKey, selected = loonWidgetsInfo$selected, color = loonWidgetsInfo$color, active = loonWidgetsInfo$active, size = loonWidgetsInfo$size, selectByColor = selectByColor, linkedStates = input[[paste0(tabPanelName, "linkedStates")]]): unused arguments (linkingKey = loonWidgetsInfo$linkingKey, size = loonWidgetsInfo$size) * checking Rd files ... OK * checking Rd metadata ... OK * checking Rd line widths ... OK * checking Rd cross-references ... OK * checking for missing documentation entries ... OK * checking for code/documentation mismatches ... OK * checking Rd \usage sections ... OK * checking Rd contents ... OK * checking for unstated dependencies in examples ... OK * checking installed files from 'inst/doc' ... OK * checking files in 'vignettes' ... OK * checking examples ... OK * checking for unstated dependencies in 'tests' ... OK * checking tests ... [26s] OK Running 'testthat.R' [26s] * checking for unstated dependencies in vignettes ... OK * checking package vignettes ... OK * checking re-building of vignette outputs ... OK * checking PDF version of manual ... [11s] OK * checking HTML version of manual ... OK * DONE Status: 1 WARNING, 3 NOTEs