* using log directory ‘/srv/hornik/tmp/CRAN_pretest/lmreg.Rcheck’ * using R Under development (unstable) (2025-10-10 r88914) * using platform: x86_64-pc-linux-gnu * R was compiled by Debian clang version 19.1.7 (7) Debian flang-new version 19.1.7 (7) * running under: Debian GNU/Linux forky/sid * using session charset: UTF-8 * checking for file ‘lmreg/DESCRIPTION’ ... OK * checking extension type ... Package * this is package ‘lmreg’ version ‘1.3’ * checking CRAN incoming feasibility ... [3s/3s] NOTE Maintainer: ‘Kaushik Jana ’ New submission Package was archived on CRAN Possibly misspelled words in DESCRIPTION: Debasis (25:17) Jammalamadaka (25:52) Rao (25:48) Sengupta (25:25) Sreenivas (25:38) CRAN repository db overrides: X-CRAN-Comment: Archived on 2025-06-17 as issues were not corrected despite reminders. * checking package namespace information ... OK * checking package dependencies ... OK * checking if this is a source package ... OK * checking if there is a namespace ... OK * checking for executable files ... OK * checking for hidden files and directories ... OK * checking for portable file names ... OK * checking for sufficient/correct file permissions ... OK * checking serialization versions ... OK * checking whether package ‘lmreg’ can be installed ... [1s/1s] OK * checking package directory ... OK * checking for future file timestamps ... OK * checking DESCRIPTION meta-information ... OK * checking top-level files ... OK * checking for left-over files ... OK * checking index information ... OK * checking package subdirectories ... OK * checking code files for non-ASCII characters ... OK * checking R files for syntax errors ... OK * checking whether the package can be loaded ... [0s/0s] OK * checking whether the package can be loaded with stated dependencies ... [0s/0s] OK * checking whether the package can be unloaded cleanly ... [0s/0s] OK * checking whether the namespace can be loaded with stated dependencies ... [0s/0s] OK * checking whether the namespace can be unloaded cleanly ... [0s/0s] OK * checking loading without being on the library search path ... [0s/0s] OK * checking use of S3 registration ... OK * checking dependencies in R code ... OK * checking S3 generic/method consistency ... OK * checking replacement functions ... OK * checking foreign function calls ... OK * checking R code for possible problems ... [2s/2s] OK * checking Rd files ... [0s/0s] OK * checking Rd metadata ... OK * checking Rd line widths ... OK * checking Rd cross-references ... OK * checking for missing documentation entries ... OK * checking for code/documentation mismatches ... OK * checking Rd \usage sections ... OK * checking Rd contents ... OK * checking for unstated dependencies in examples ... OK * checking contents of ‘data’ directory ... OK * checking data for non-ASCII characters ... [0s/0s] OK * checking data for ASCII and uncompressed saves ... OK * checking examples ... [1s/1s] ERROR Running examples in ‘lmreg-Ex.R’ failed The error most likely occurred in: > base::assign(".ptime", proc.time(), pos = "CheckExEnv") > ### Name: hanova > ### Title: ANOVA table for adequacy of a subset in a linear model) > ### Aliases: hanova > ### Keywords: htest model design regression > > ### ** Examples > > data(birthwt) Warning in data(birthwt) : data set ‘birthwt’ not found > lmbw <- lm(bwt ~ smoke+factor(race), data = birthwt) Error in eval(mf, parent.frame()) : object 'birthwt' not found Calls: lm ... -> model.frame.default -> is.data.frame Execution halted * checking PDF version of manual ... [4s/4s] OK * checking HTML version of manual ... [1s/1s] OK * checking for non-standard things in the check directory ... OK * checking for detritus in the temp directory ... OK * DONE Status: 1 ERROR, 1 NOTE