* using log directory 'd:/RCompile/CRANincoming/R-devel/lingglosses.Rcheck' * using R Under development (unstable) (2025-11-17 r89032 ucrt) * using platform: x86_64-w64-mingw32 * R was compiled by gcc.exe (GCC) 14.3.0 GNU Fortran (GCC) 14.3.0 * running under: Windows Server 2022 x64 (build 20348) * using session charset: UTF-8 * checking for file 'lingglosses/DESCRIPTION' ... OK * checking extension type ... Package * this is package 'lingglosses' version '0.0.12' * package encoding: UTF-8 * checking CRAN incoming feasibility ... OK * checking package namespace information ... OK * checking package dependencies ... OK * checking if this is a source package ... OK * checking if there is a namespace ... OK * checking for hidden files and directories ... OK * checking for portable file names ... OK * checking whether package 'lingglosses' can be installed ... OK * checking installed package size ... OK * checking package directory ... OK * checking for future file timestamps ... OK * checking DESCRIPTION meta-information ... OK * checking top-level files ... OK * checking for left-over files ... OK * checking index information ... OK * checking package subdirectories ... OK * checking code files for non-ASCII characters ... OK * checking R files for syntax errors ... OK * checking whether the package can be loaded ... OK * checking whether the package can be loaded with stated dependencies ... OK * checking whether the package can be unloaded cleanly ... OK * checking whether the namespace can be loaded with stated dependencies ... OK * checking whether the namespace can be unloaded cleanly ... OK * checking loading without being on the library search path ... OK * checking whether startup messages can be suppressed ... OK * checking use of S3 registration ... OK * checking dependencies in R code ... OK * checking S3 generic/method consistency ... OK * checking replacement functions ... OK * checking foreign function calls ... OK * checking R code for possible problems ... OK * checking Rd files ... OK * checking Rd metadata ... OK * checking Rd line widths ... OK * checking Rd cross-references ... OK * checking for missing documentation entries ... OK * checking for code/documentation mismatches ... OK * checking Rd \usage sections ... OK * checking Rd contents ... OK * checking for unstated dependencies in examples ... OK * checking contents of 'data' directory ... OK * checking data for non-ASCII characters ... OK * checking LazyData ... OK * checking data for ASCII and uncompressed saves ... OK * checking examples ... ERROR Running examples in 'lingglosses-Ex.R' failed The error most likely occurred in: > base::assign(".ptime", proc.time(), pos = "CheckExEnv") > ### Name: gloss_example > ### Title: Gloss an example > ### Aliases: gloss_example > > ### ** Examples > > gloss_example("bur-e-**ri** c'in-ne-s:u", + "fly-NPST-**INF** know-HAB-NEG", + "I cannot fly. (Zilo Andi, East Caucasian)", + grammaticality = "*", + comment = "(lit. do not know how to)") Error in gsub(as.character(pattern), as.character(replacement), x, ignore.case, : NA in coercion to boolean Calls: gloss_example -> lapply -> strsplit -> gsub Execution halted * checking for unstated dependencies in 'tests' ... OK * checking tests ... ERROR Running 'testthat.R' Running the tests in 'tests/testthat.R' failed. Complete output: > library(testthat) > library(lingglosses) > > test_check("lingglosses") Quitting from skeleton.Rmd:42-46 [unnamed-chunk-1] ~~~~~~~~~~~~~~~~~~~~~~~~~~~~~~~~~~~~~~~~~~~~~~~~~~~~~~~~~~~~~~~~~~~~~~~~~~~~~~~~ Error in `gsub()`: ! NA in coercion to boolean --- Backtrace: x 1. \-lingglosses::gloss_example(...) 2. +-base::lapply(...) 3. +-base::strsplit(...) 4. \-base::gsub(...) ~~~~~~~~~~~~~~~~~~~~~~~~~~~~~~~~~~~~~~~~~~~~~~~~~~~~~~~~~~~~~~~~~~~~~~~~~~~~~~~~ [ FAIL 1 | WARN 0 | SKIP 2 | PASS 0 ] ══ Skipped tests (2) ═══════════════════════════════════════════════════════════ • On CRAN (2): 'test-color_annotate.R:1:1', 'test-small_caps.R:1:1' ══ Failed tests ════════════════════════════════════════════════════════════════ ── Error ('test-add_gloss_gloss_example_make_gloss_list.R:7:3'): add_gloss(), gloss_example(), make_gloss_list() test ── Error in `gsub(as.character(pattern), as.character(replacement), x, ignore.case, perl, fixed, useBytes)`: NA in coercion to boolean Backtrace: ▆ 1. └─lingglosses::gloss_example(...) 2. ├─base::lapply(...) 3. ├─base::strsplit(...) 4. └─base::gsub(...) [ FAIL 1 | WARN 0 | SKIP 2 | PASS 0 ] Error: ! Test failures. Execution halted * checking PDF version of manual ... [12s] OK * checking HTML version of manual ... OK * DONE Status: 2 ERRORs