* using log directory 'd:/RCompile/CRANincoming/R-devel/jollofR.Rcheck' * using R Under development (unstable) (2025-11-13 r89017 ucrt) * using platform: x86_64-w64-mingw32 * R was compiled by gcc.exe (GCC) 14.3.0 GNU Fortran (GCC) 14.3.0 * running under: Windows Server 2022 x64 (build 20348) * using session charset: UTF-8 * checking for file 'jollofR/DESCRIPTION' ... OK * checking extension type ... Package * this is package 'jollofR' version '0.5.0' * package encoding: UTF-8 * checking CRAN incoming feasibility ... NOTE Maintainer: 'Chibuzor Christopher Nnanatu ' New submission Possibly misspelled words in DESCRIPTION: Disaggregating (3:56) disaggregation (20:24) Suggests or Enhances not in mainstream repositories: INLA Availability using Additional_repositories specification: INLA yes https://inla.r-inla-download.org/R/stable/ * checking package namespace information ... OK * checking package dependencies ... OK * checking if this is a source package ... OK * checking if there is a namespace ... OK * checking for hidden files and directories ... OK * checking for portable file names ... OK * checking whether package 'jollofR' can be installed ... OK * checking installed package size ... OK * checking package directory ... OK * checking for future file timestamps ... OK * checking 'build' directory ... OK * checking DESCRIPTION meta-information ... OK * checking top-level files ... OK * checking for left-over files ... OK * checking index information ... OK * checking package subdirectories ... OK * checking code files for non-ASCII characters ... OK * checking R files for syntax errors ... OK * checking whether the package can be loaded ... OK * checking whether the package can be loaded with stated dependencies ... OK * checking whether the package can be unloaded cleanly ... OK * checking whether the namespace can be loaded with stated dependencies ... OK * checking whether the namespace can be unloaded cleanly ... OK * checking loading without being on the library search path ... OK * checking use of S3 registration ... OK * checking dependencies in R code ... OK * checking S3 generic/method consistency ... OK * checking replacement functions ... OK * checking foreign function calls ... OK * checking R code for possible problems ... [27s] OK * checking Rd files ... OK * checking Rd metadata ... OK * checking Rd line widths ... OK * checking Rd cross-references ... OK * checking for missing documentation entries ... OK * checking for code/documentation mismatches ... OK * checking Rd \usage sections ... OK * checking Rd contents ... OK * checking for unstated dependencies in examples ... OK * checking contents of 'data' directory ... OK * checking data for non-ASCII characters ... OK * checking LazyData ... OK * checking data for ASCII and uncompressed saves ... OK * checking installed files from 'inst/doc' ... OK * checking files in 'vignettes' ... OK * checking examples ... [11s] ERROR Running examples in 'jollofR-Ex.R' failed The error most likely occurred in: > base::assign(".ptime", proc.time(), pos = "CheckExEnv") > ### Name: slices > ### Title: slices: Disaggregating population counts for a single level of > ### demographics (e.g., age groups only or sex group only) - without > ### covariates Please use 'spices' if you want covariates included. > ### Aliases: slices > > ### ** Examples > > data(toydata) > library(dplyr) Attaching package: 'dplyr' The following objects are masked from 'package:stats': filter, lag The following objects are masked from 'package:base': intersect, setdiff, setequal, union > classes <- names(toydata$admin %>% dplyr::select(starts_with("age_"))) > result2 <- slices(df = toydata$admin, output_dir = tempdir(), class = classes) Directory D:\temp\2025_11_14_23_35_16_6959\RtmpEt6Oqp already exists. [1] "(1) age_1 model is running" Error in slices(df = toydata$admin, output_dir = tempdir(), class = classes) : The 'INLA' package is required but not installed. Please install it from https://www.r-inla.org. Execution halted * checking for unstated dependencies in 'tests' ... OK * checking tests ... OK Running 'testthat.R' * checking for unstated dependencies in vignettes ... OK * checking package vignettes ... OK * checking re-building of vignette outputs ... OK * checking PDF version of manual ... [12s] OK * checking HTML version of manual ... OK * DONE Status: 1 ERROR, 1 NOTE