* using log directory 'd:/RCompile/CRANincoming/R-devel/jollofR.Rcheck' * using R Under development (unstable) (2025-06-27 r88363 ucrt) * using platform: x86_64-w64-mingw32 * R was compiled by gcc.exe (GCC) 14.2.0 GNU Fortran (GCC) 14.2.0 * running under: Windows Server 2022 x64 (build 20348) * using session charset: UTF-8 * checking for file 'jollofR/DESCRIPTION' ... OK * checking extension type ... Package * this is package 'jollofR' version '0.3.0' * package encoding: UTF-8 * checking CRAN incoming feasibility ... [11s] NOTE Maintainer: 'Chibuzor Christopher Nnanatu ' New submission Possibly misspelled words in DESCRIPTION: Disaggregating (3:56) disaggregation (18:24) Suggests or Enhances not in mainstream repositories: INLA Availability using Additional_repositories specification: INLA yes https://inla.r-inla-download.org/R/stable/ * checking package namespace information ... OK * checking package dependencies ... OK * checking if this is a source package ... OK * checking if there is a namespace ... OK * checking for hidden files and directories ... OK * checking for portable file names ... OK * checking whether package 'jollofR' can be installed ... ERROR Installation failed. See 'd:/RCompile/CRANincoming/R-devel/jollofR.Rcheck/00install.out' for details. * DONE Status: 1 ERROR, 1 NOTE