* using log directory ‘/srv/hornik/tmp/CRAN_pretest/jollofR.Rcheck’ * using R Under development (unstable) (2025-06-27 r88363) * using platform: x86_64-pc-linux-gnu * R was compiled by Debian clang version 19.1.7 (3) Debian flang-new version 19.1.7 (3) * running under: Debian GNU/Linux 13 (trixie) * using session charset: UTF-8 * checking for file ‘jollofR/DESCRIPTION’ ... OK * checking extension type ... Package * this is package ‘jollofR’ version ‘0.3.0’ * package encoding: UTF-8 * checking CRAN incoming feasibility ... [3s/6s] NOTE Maintainer: ‘Chibuzor Christopher Nnanatu ’ New submission Possibly misspelled words in DESCRIPTION: Disaggregating (3:56) disaggregation (18:24) Suggests or Enhances not in mainstream repositories: INLA Availability using Additional_repositories specification: INLA yes https://inla.r-inla-download.org/R/stable/ * checking package namespace information ... OK * checking package dependencies ... INFO Package suggested but not available for checking: ‘INLA’ * checking if this is a source package ... OK * checking if there is a namespace ... OK * checking for executable files ... OK * checking for hidden files and directories ... OK * checking for portable file names ... OK * checking for sufficient/correct file permissions ... OK * checking whether package ‘jollofR’ can be installed ... [2s/2s] ERROR Installation failed. See ‘/srv/hornik/tmp/CRAN_pretest/jollofR.Rcheck/00install.out’ for details. * DONE Status: 1 ERROR, 1 NOTE