* using log directory 'd:/RCompile/CRANincoming/R-devel/insight.Rcheck' * using R Under development (unstable) (2025-11-11 r89006 ucrt) * using platform: x86_64-w64-mingw32 * R was compiled by gcc.exe (GCC) 14.3.0 GNU Fortran (GCC) 14.3.0 * running under: Windows Server 2022 x64 (build 20348) * using session charset: UTF-8 * checking for file 'insight/DESCRIPTION' ... OK * checking extension type ... Package * this is package 'insight' version '1.4.3' * package encoding: UTF-8 * checking CRAN incoming feasibility ... [14s] OK * checking package namespace information ... OK * checking package dependencies ... OK * checking if this is a source package ... OK * checking if there is a namespace ... OK * checking for hidden files and directories ... OK * checking for portable file names ... OK * checking whether package 'insight' can be installed ... OK * checking installed package size ... OK * checking package directory ... OK * checking for future file timestamps ... OK * checking 'build' directory ... OK * checking DESCRIPTION meta-information ... OK * checking top-level files ... OK * checking for left-over files ... OK * checking index information ... OK * checking package subdirectories ... OK * checking code files for non-ASCII characters ... OK * checking R files for syntax errors ... OK * checking whether the package can be loaded ... OK * checking whether the package can be loaded with stated dependencies ... OK * checking whether the package can be unloaded cleanly ... OK * checking whether the namespace can be loaded with stated dependencies ... OK * checking whether the namespace can be unloaded cleanly ... OK * checking loading without being on the library search path ... OK * checking use of S3 registration ... OK * checking dependencies in R code ... OK * checking S3 generic/method consistency ... OK * checking replacement functions ... OK * checking foreign function calls ... OK * checking R code for possible problems ... [51s] OK * checking Rd files ... OK * checking Rd metadata ... OK * checking Rd line widths ... OK * checking Rd cross-references ... OK * checking for missing documentation entries ... OK * checking for code/documentation mismatches ... OK * checking Rd \usage sections ... OK * checking Rd contents ... OK * checking for unstated dependencies in examples ... OK * checking contents of 'data' directory ... OK * checking data for non-ASCII characters ... OK * checking data for ASCII and uncompressed saves ... OK * checking installed files from 'inst/doc' ... OK * checking files in 'vignettes' ... OK * checking examples ... [45s] OK * checking for unstated dependencies in 'tests' ... OK * checking tests ... [45s] ERROR Running 'testthat.R' [45s] Running the tests in 'tests/testthat.R' failed. Complete output: > library(testthat) > library(insight) > test_check("insight") Starting 2 test processes. > test-find_transformation.R: boundary (singular) fit: see help('isSingular') > test-gamlss.R: GAMLSS-RS iteration 1: Global Deviance = 365.2328 > test-gamlss.R: GAMLSS-RS iteration 2: Global Deviance = 365.1292 > test-gamlss.R: GAMLSS-RS iteration 3: Global Deviance = 365.1269 > test-gamlss.R: GAMLSS-RS iteration 4: Global Deviance = 365.1268 > test-gamlss.R: GAMLSS-RS iteration 1: Global Deviance = 5779.746 > test-gamlss.R: GAMLSS-RS iteration 2: Global Deviance = 5779.746 > test-gamlss.R: GAMLSS-RS iteration 1: Global Deviance = 703.1164 > test-gamlss.R: GAMLSS-RS iteration 2: Global Deviance = 703.1164 > test-get_model.R: Loading required namespace: GPArotation > test-get_random.R: boundary (singular) fit: see help('isSingular') > test-glmmPQL.R: iteration 1 > test-lcmm.R: Error: ! testthat subprocess exited in file 'test-lcmm.R'. Caused by error: ! R session crashed with exit code -1073741819 Backtrace: ▆ 1. └─testthat::test_check("insight") 2. └─testthat::test_dir(...) 3. └─testthat:::test_files(...) 4. └─testthat:::test_files_parallel(...) 5. ├─withr::with_dir(...) 6. │ └─base::force(code) 7. ├─testthat::with_reporter(...) 8. │ └─base::tryCatch(...) 9. │ └─base (local) tryCatchList(expr, classes, parentenv, handlers) 10. │ └─base (local) tryCatchOne(expr, names, parentenv, handlers[[1L]]) 11. │ └─base (local) doTryCatch(return(expr), name, parentenv, handler) 12. └─testthat:::parallel_event_loop_chunky(queue, reporters, ".") 13. └─queue$poll(Inf) 14. └─base::lapply(...) 15. └─testthat (local) FUN(X[[i]], ...) 16. └─private$handle_error(msg, i) 17. └─cli::cli_abort(...) 18. └─rlang::abort(...) Execution halted * checking for unstated dependencies in vignettes ... OK * checking package vignettes ... OK * checking re-building of vignette outputs ... OK * checking PDF version of manual ... [16s] OK * checking HTML version of manual ... [19s] OK * DONE Status: 1 ERROR