* using log directory 'd:/RCompile/CRANincoming/R-devel/insight.Rcheck' * using R Under development (unstable) (2025-06-27 r88363 ucrt) * using platform: x86_64-w64-mingw32 * R was compiled by gcc.exe (GCC) 14.2.0 GNU Fortran (GCC) 14.2.0 * running under: Windows Server 2022 x64 (build 20348) * using session charset: UTF-8 * checking for file 'insight/DESCRIPTION' ... OK * checking extension type ... Package * this is package 'insight' version '1.3.1' * package encoding: UTF-8 * checking CRAN incoming feasibility ... [14s] OK * checking package namespace information ... OK * checking package dependencies ... OK * checking if this is a source package ... OK * checking if there is a namespace ... OK * checking for hidden files and directories ... OK * checking for portable file names ... OK * checking whether package 'insight' can be installed ... OK * checking installed package size ... OK * checking package directory ... OK * checking for future file timestamps ... OK * checking 'build' directory ... OK * checking DESCRIPTION meta-information ... OK * checking top-level files ... OK * checking for left-over files ... OK * checking index information ... OK * checking package subdirectories ... OK * checking code files for non-ASCII characters ... OK * checking R files for syntax errors ... OK * checking whether the package can be loaded ... OK * checking whether the package can be loaded with stated dependencies ... OK * checking whether the package can be unloaded cleanly ... OK * checking whether the namespace can be loaded with stated dependencies ... OK * checking whether the namespace can be unloaded cleanly ... OK * checking loading without being on the library search path ... OK * checking use of S3 registration ... OK * checking dependencies in R code ... OK * checking S3 generic/method consistency ... OK * checking replacement functions ... OK * checking foreign function calls ... OK * checking R code for possible problems ... [39s] OK * checking Rd files ... OK * checking Rd metadata ... OK * checking Rd line widths ... OK * checking Rd cross-references ... OK * checking for missing documentation entries ... OK * checking for code/documentation mismatches ... OK * checking Rd \usage sections ... OK * checking Rd contents ... OK * checking for unstated dependencies in examples ... OK * checking contents of 'data' directory ... OK * checking data for non-ASCII characters ... OK * checking data for ASCII and uncompressed saves ... OK * checking installed files from 'inst/doc' ... OK * checking files in 'vignettes' ... OK * checking examples ... [53s] OK * checking for unstated dependencies in 'tests' ... OK * checking tests ... [122s] ERROR Running 'testthat.R' [122s] Running the tests in 'tests/testthat.R' failed. Complete output: > library(testthat) > library(insight) > test_check("insight") Starting 2 test processes [ FAIL 1 | WARN 1 | SKIP 79 | PASS 3625 ] ══ Skipped tests (79) ══════════════════════════════════════════════════════════ • On CRAN (73): 'test-GLMMadaptive.R:2:1', 'test-averaging.R:3:1', 'test-bias_correction.R:1:1', 'test-brms.R:1:1', 'test-brms_aterms.R:1:1', 'test-brms_gr_random_effects.R:1:1', 'test-brms_missing.R:1:1', 'test-brms_mm.R:1:1', 'test-brms_von_mises.R:1:1', 'test-blmer.R:249:3', 'test-clean_names.R:103:3', 'test-clean_parameters.R:1:1', 'test-clmm.R:165:3', 'test-cpglmm.R:145:3', 'test-display.R:9:3', 'test-export_table.R:4:3', 'test-export_table.R:8:3', 'test-export_table.R:106:3', 'test-export_table.R:133:3', 'test-export_table.R:164:3', 'test-export_table.R:192:3', 'test-export_table.R:204:3', 'test-export_table.R:232:3', 'test-export_table.R:292:3', 'test-find_smooth.R:31:3', 'test-find_random.R:27:3', 'test-format_table.R:2:1', 'test-format_table_ci.R:71:3', 'test-gam.R:2:1', 'test-get_data.R:385:1', 'test-get_loglikelihood.R:94:3', 'test-get_loglikelihood.R:159:3', 'test-get_predicted.R:2:1', 'test-get_priors.R:18:3', 'test-get_varcov.R:40:3', 'test-get_datagrid.R:678:3', 'test-is_converged.R:28:1', 'test-lme.R:34:3', 'test-lme.R:210:3', 'test-glmmTMB.R:71:3', 'test-glmmTMB.R:755:3', 'test-glmmTMB.R:787:3', 'test-glmmTMB.R:1095:3', 'test-marginaleffects.R:1:1', 'test-mgcv.R:1:1', 'test-mipo.R:1:1', 'test-model_info.R:110:3', 'test-mvrstanarm.R:1:1', 'test-null_model.R:71:3', 'test-panelr-asym.R:142:3', 'test-panelr.R:272:3', 'test-phylolm.R:5:1', 'test-print_parameters.R:1:1', 'test-r2_nakagawa_bernoulli.R:1:1', 'test-r2_nakagawa_beta.R:1:1', 'test-r2_nakagawa_binomial.R:1:1', 'test-r2_nakagawa_gamma.R:1:1', 'test-r2_nakagawa_linear.R:1:1', 'test-r2_nakagawa_negbin.R:1:1', 'test-r2_nakagawa_negbin_zi.R:1:1', 'test-r2_nakagawa_ordered_beta.R:1:1', 'test-r2_nakagawa_poisson.R:1:1', 'test-r2_nakagawa_poisson_zi.R:1:1', 'test-r2_nakagawa_truncated_poisson.R:1:1', 'test-r2_nakagawa_tweedie.R:1:1', 'test-rqss.R:1:1', 'test-rstanarm.R:1:1', 'test-sdmTMB.R:1:1', 'test-spatial.R:2:1', 'test-svylme.R:1:1', 'test-rlmer.R:259:3', 'test-vgam.R:2:1', 'test-weightit.R:1:1' • On Windows (1): 'test-get_priors.R:2:3' • Package `logistf` is loaded and breaks `mmrm::mmrm()` (1): 'test-mmrm.R:4:1' • TRUE is TRUE (1): 'test-fixest.R:2:1' • works interactively (2): 'test-coxph-panel.R:34:3', 'test-coxph.R:38:3' • {bigglm} is not installed (1): 'test-model_info.R:24:3' ══ Failed tests ════════════════════════════════════════════════════════════════ ── Failure ('test-mlogit.R:40:3'): get_response ──────────────────────────────── get_response(m1) (`actual`) not identical to as.vector(Fish$mode) (`expected`). actual | expected [3] TRUE | TRUE [3] [4] FALSE | FALSE [4] [5] FALSE | FALSE [5] [6] TRUE - FALSE [6] [7] FALSE - TRUE [7] [8] FALSE | FALSE [8] [9] TRUE - FALSE [9] [10] FALSE - TRUE [10] [11] FALSE | FALSE [11] [12] FALSE | FALSE [12] ... ... ... and 7 more ... actual | expected [20] FALSE | FALSE [20] [21] FALSE | FALSE [21] [22] FALSE | FALSE [22] [23] FALSE - TRUE [23] [24] TRUE - FALSE [24] [25] FALSE - TRUE [25] [26] TRUE - FALSE [26] [27] FALSE | FALSE [27] [28] FALSE | FALSE [28] [29] FALSE | FALSE [29] ... ... ... and 8 more ... actual | expected [39] FALSE | FALSE [39] [40] FALSE | FALSE [40] [41] FALSE | FALSE [41] [42] TRUE - FALSE [42] [43] FALSE | FALSE [43] [44] FALSE - TRUE [44] [45] TRUE - FALSE [45] [46] FALSE - TRUE [46] [47] FALSE | FALSE [47] [48] FALSE | FALSE [48] ... ... ... and 1 more ... actual | expected [50] FALSE | FALSE [50] [51] FALSE | FALSE [51] [52] TRUE | TRUE [52] [53] TRUE - FALSE [53] [54] FALSE | FALSE [54] [55] FALSE | FALSE [55] [56] FALSE - TRUE [56] [57] TRUE | TRUE [57] [58] FALSE | FALSE [58] [59] FALSE | FALSE [59] ... ... ... and 36 more ... actual | expected [96] FALSE | FALSE [96] [97] FALSE | FALSE [97] [98] FALSE | FALSE [98] [99] FALSE - TRUE [99] [100] TRUE - FALSE [100] [101] FALSE - TRUE [101] [102] TRUE - FALSE [102] [103] FALSE | FALSE [103] [104] FALSE | FALSE [104] [105] FALSE | FALSE [105] ... ... ... and 13 more ... `actual[119:126]`: TRUE FALSE FALSE TRUE FALSE FALSE FALSE FALSE `expected[119:126]`: TRUE FALSE FALSE FALSE TRUE FALSE FALSE FALSE `actual[136:143]`: FALSE FALSE FALSE TRUE FALSE FALSE FALSE TRUE `expected[136:143]`: FALSE FALSE FALSE FALSE TRUE FALSE FALSE TRUE `actual[144:153]`: FALSE FALSE FALSE TRUE FALSE TRUE FALSE FALSE FALSE FALSE `expected[144:153]`: FALSE FALSE FALSE FALSE TRUE FALSE TRUE FALSE FALSE FALSE `actual[155:163]`: TRUE FALSE FALSE TRUE FALSE FALSE FALSE TRUE FALSE `expected[155:163]`: TRUE FALSE FALSE FALSE FALSE TRUE FALSE TRUE FALSE `actual[164:173]`: FALSE FALSE FALSE FALSE TRUE TRUE FALSE FALSE FALSE FALSE `expected[164:173]`: FALSE FALSE FALSE TRUE FALSE FALSE TRUE FALSE FALSE FALSE actual | expected [179] TRUE | TRUE [179] [180] FALSE | FALSE [180] [181] FALSE | FALSE [181] [182] TRUE - FALSE [182] [183] FALSE | FALSE [183] [184] FALSE - TRUE [184] [185] FALSE | FALSE [185] [186] FALSE | FALSE [186] [187] TRUE | TRUE [187] [188] FALSE | FALSE [188] ... ... ... and 30 more ... actual | expected [220] FALSE | FALSE [220] [221] FALSE | FALSE [221] [222] FALSE | FALSE [222] [223] FALSE - TRUE [223] [224] TRUE - FALSE [224] [225] FALSE | FALSE [225] [226] FALSE | FALSE [226] [227] FALSE - TRUE [227] [228] TRUE - FALSE [228] [229] FALSE | FALSE [229] ... ... ... and 5 more ... actual | expected [239] TRUE | TRUE [239] [240] FALSE | FALSE [240] [241] FALSE | FALSE [241] [242] TRUE - FALSE [242] [243] FALSE | FALSE [243] [244] FALSE - TRUE [244] [245] FALSE | FALSE [245] [246] FALSE | FALSE [246] [247] TRUE - FALSE [247] [248] FALSE - TRUE [248] ... ... ... and 30 more ... `actual[283:290]`: FALSE FALSE FALSE TRUE FALSE FALSE FALSE FALSE `expected[283:290]`: FALSE FALSE FALSE FALSE TRUE FALSE FALSE FALSE actual | expected [291] TRUE | TRUE [291] [292] FALSE | FALSE [292] [293] FALSE | FALSE [293] [294] FALSE - TRUE [294] [295] FALSE | FALSE [295] [296] TRUE - FALSE [296] [297] FALSE | FALSE [297] [298] TRUE | TRUE [298] [299] FALSE | FALSE [299] [300] FALSE | FALSE [300] ... ... ... and 11 more ... actual | expected [315] TRUE | TRUE [315] [316] FALSE | FALSE [316] [317] FALSE | FALSE [317] [318] FALSE - TRUE [318] [319] TRUE - FALSE [319] [320] FALSE | FALSE [320] [321] FALSE | FALSE [321] [322] FALSE | FALSE [322] [323] TRUE | TRUE [323] [324] FALSE | FALSE [324] ... ... ... and 6 more ... `actual[334:342]`: TRUE FALSE FALSE TRUE FALSE FALSE FALSE FALSE TRUE `expected[334:342]`: TRUE FALSE FALSE FALSE FALSE TRUE FALSE FALSE TRUE actual | expected [343] FALSE | FALSE [343] [344] FALSE | FALSE [344] [345] FALSE | FALSE [345] [346] TRUE - FALSE [346] [347] FALSE - TRUE [347] [348] FALSE | FALSE [348] [349] FALSE | FALSE [349] [350] FALSE - TRUE [350] [351] FALSE | FALSE [351] [352] TRUE - FALSE [352] ... ... ... and 30 more ... actual | expected [383] TRUE | TRUE [383] [384] FALSE | FALSE [384] [385] FALSE | FALSE [385] [386] FALSE - TRUE [386] [387] TRUE - FALSE [387] [388] FALSE | FALSE [388] [389] FALSE | FALSE [389] [390] TRUE - FALSE [390] [391] FALSE - TRUE [391] [392] FALSE | FALSE [392] ... ... ... and 14 more ... actual | expected [407] FALSE | FALSE [407] [408] TRUE | TRUE [408] [409] FALSE | FALSE [409] [410] TRUE - FALSE [410] [411] FALSE - TRUE [411] [412] FALSE | FALSE [412] [413] FALSE | FALSE [413] [414] TRUE - FALSE [414] [415] FALSE - TRUE [415] [416] FALSE | FALSE [416] ... ... ... and 18 more ... actual | expected [435] FALSE | FALSE [435] [436] TRUE | TRUE [436] [437] FALSE | FALSE [437] [438] FALSE - TRUE [438] [439] TRUE - FALSE [439] [440] FALSE | FALSE [440] [441] FALSE | FALSE [441] [442] FALSE - TRUE [442] [443] TRUE - FALSE [443] [444] FALSE | FALSE [444] ... ... ... and 54 more ... actual | expected [512] FALSE | FALSE [512] [513] FALSE | FALSE [513] [514] FALSE | FALSE [514] [515] TRUE - FALSE [515] [516] FALSE - TRUE [516] [517] FALSE | FALSE [517] [518] FALSE - TRUE [518] [519] TRUE - FALSE [519] [520] FALSE | FALSE [520] [521] TRUE - FALSE [521] ... ... ... and 4 more ... actual | expected [527] TRUE | TRUE [527] [528] FALSE | FALSE [528] [529] FALSE | FALSE [529] [530] FALSE - TRUE [530] [531] FALSE | FALSE [531] [532] TRUE - FALSE [532] [533] FALSE | FALSE [533] [534] FALSE - TRUE [534] [535] FALSE | FALSE [535] [536] TRUE - FALSE [536] ... ... ... and 29 more ... actual | expected [567] TRUE | TRUE [567] [568] FALSE | FALSE [568] [569] FALSE | FALSE [569] [570] FALSE - TRUE [570] [571] FALSE | FALSE [571] [572] TRUE - FALSE [572] [573] FALSE | FALSE [573] [574] FALSE | FALSE [574] [575] FALSE - TRUE [575] [576] TRUE - FALSE [576] ... ... ... and 3 more ... actual | expected [587] TRUE | TRUE [587] [588] FALSE | FALSE [588] [589] FALSE | FALSE [589] [590] TRUE - FALSE [590] [591] FALSE - TRUE [591] [592] FALSE | FALSE [592] [593] FALSE | FALSE [593] [594] FALSE - TRUE [594] [595] FALSE | FALSE [595] [596] TRUE - FALSE [596] ... ... ... and 82 more ... `actual[687:694]`: FALSE FALSE FALSE TRUE FALSE FALSE TRUE FALSE `expected[687:694]`: FALSE FALSE FALSE FALSE TRUE FALSE TRUE FALSE actual | expected [695] FALSE | FALSE [695] [696] FALSE | FALSE [696] [697] FALSE | FALSE [697] [698] TRUE - FALSE [698] [699] FALSE - TRUE [699] [700] FALSE | FALSE [700] [701] FALSE | FALSE [701] [702] FALSE | FALSE [702] [703] FALSE - TRUE [703] [704] TRUE - FALSE [704] ... ... ... and 11 more ... `actual[723:730]`: FALSE FALSE FALSE TRUE FALSE FALSE FALSE FALSE `expected[723:730]`: FALSE FALSE FALSE FALSE TRUE FALSE FALSE FALSE actual | expected [735] FALSE | FALSE [735] [736] FALSE | FALSE [736] [737] FALSE | FALSE [737] [738] FALSE - TRUE [738] [739] FALSE | FALSE [739] [740] TRUE - FALSE [740] [741] FALSE | FALSE [741] [742] TRUE - FALSE [742] [743] FALSE - TRUE [743] [744] FALSE | FALSE [744] ... ... ... and 2 more ... `actual[747:755]`: TRUE FALSE FALSE FALSE FALSE TRUE TRUE FALSE FALSE `expected[747:755]`: TRUE FALSE FALSE TRUE FALSE FALSE TRUE FALSE FALSE actual | expected [759] TRUE | TRUE [759] [760] FALSE | FALSE [760] [761] FALSE | FALSE [761] [762] TRUE - FALSE [762] [763] FALSE - TRUE [763] [764] FALSE | FALSE [764] [765] FALSE | FALSE [765] [766] FALSE | FALSE [766] [767] FALSE - TRUE [767] [768] TRUE - FALSE [768] ... ... ... and 58 more ... actual | expected [827] FALSE | FALSE [827] [828] FALSE | FALSE [828] [829] FALSE | FALSE [829] [830] FALSE - TRUE [830] [831] TRUE - FALSE [831] [832] FALSE | FALSE [832] [833] TRUE - FALSE [833] [834] FALSE | FALSE [834] [835] FALSE - TRUE [835] [836] FALSE | FALSE [836] ... ... ... and 46 more ... `actual[883:890]`: TRUE FALSE FALSE TRUE FALSE FALSE FALSE TRUE `expected[883:890]`: TRUE FALSE FALSE FALSE TRUE FALSE FALSE TRUE `actual[891:898]`: FALSE FALSE FALSE TRUE FALSE FALSE FALSE TRUE `expected[891:898]`: FALSE FALSE FALSE FALSE TRUE FALSE FALSE TRUE `actual[904:911]`: FALSE FALSE FALSE TRUE FALSE FALSE FALSE TRUE `expected[904:911]`: FALSE FALSE FALSE FALSE TRUE FALSE FALSE TRUE actual | expected [912] FALSE | FALSE [912] [913] FALSE | FALSE [913] [914] FALSE | FALSE [914] [915] FALSE - TRUE [915] [916] TRUE - FALSE [916] [917] FALSE | FALSE [917] [918] FALSE | FALSE [918] [919] TRUE - FALSE [919] [920] FALSE - TRUE [920] [921] FALSE | FALSE [921] ... ... ... and 10 more ... actual | expected [935] TRUE | TRUE [935] [936] FALSE | FALSE [936] [937] FALSE | FALSE [937] [938] TRUE - FALSE [938] [939] FALSE - TRUE [939] [940] FALSE | FALSE [940] [941] FALSE | FALSE [941] [942] FALSE - TRUE [942] [943] TRUE - FALSE [943] [944] FALSE | FALSE [944] ... ... ... and 33 more ... actual | expected [979] FALSE | FALSE [979] [980] FALSE | FALSE [980] [981] FALSE | FALSE [981] [982] TRUE - FALSE [982] [983] FALSE - TRUE [983] [984] FALSE | FALSE [984] [985] FALSE | FALSE [985] [986] TRUE - FALSE [986] [987] FALSE - TRUE [987] [988] FALSE | FALSE [988] ... ... ... and 22 more ... actual | expected [1011] TRUE | TRUE [1011] [1012] FALSE | FALSE [1012] [1013] FALSE | FALSE [1013] [1014] FALSE - TRUE [1014] [1015] TRUE - FALSE [1015] [1016] FALSE | FALSE [1016] [1017] FALSE | FALSE [1017] [1018] FALSE - TRUE [1018] [1019] TRUE - FALSE [1019] [1020] FALSE | FALSE [1020] ... ... ... and 14 more ... `actual[1038:1046]`: TRUE FALSE FALSE TRUE FALSE FALSE FALSE TRUE FALSE `expected[1038:1046]`: TRUE FALSE FALSE FALSE FALSE TRUE FALSE TRUE FALSE actual | expected [1048] FALSE | FALSE [1048] [1049] FALSE | FALSE [1049] [1050] FALSE | FALSE [1050] [1051] TRUE - FALSE [1051] [1052] FALSE - TRUE [1052] [1053] FALSE - TRUE [1053] [1054] TRUE - FALSE [1054] [1055] FALSE | FALSE [1055] [1056] FALSE | FALSE [1056] [1057] FALSE | FALSE [1057] actual | expected [1060] FALSE | FALSE [1060] [1061] FALSE | FALSE [1061] [1062] FALSE | FALSE [1062] [1063] TRUE - FALSE [1063] [1064] FALSE - TRUE [1064] [1065] TRUE - FALSE [1065] [1066] FALSE - TRUE [1066] [1067] FALSE | FALSE [1067] [1068] FALSE | FALSE [1068] [1069] FALSE | FALSE [1069] ... ... ... and 14 more ... actual | expected [1088] FALSE | FALSE [1088] [1089] FALSE | FALSE [1089] [1090] FALSE | FALSE [1090] [1091] FALSE - TRUE [1091] [1092] TRUE - FALSE [1092] [1093] FALSE | FALSE [1093] [1094] FALSE - TRUE [1094] [1095] TRUE - FALSE [1095] [1096] FALSE | FALSE [1096] [1097] TRUE - FALSE [1097] ... ... ... and 20 more ... actual | expected [1123] TRUE | TRUE [1123] [1124] FALSE | FALSE [1124] [1125] FALSE | FALSE [1125] [1126] TRUE - FALSE [1126] [1127] FALSE - TRUE [1127] [1128] FALSE | FALSE [1128] [1129] TRUE - FALSE [1129] [1130] FALSE | FALSE [1130] [1131] FALSE - TRUE [1131] [1132] FALSE | FALSE [1132] ... ... ... and 2 more ... `actual[1147:1155]`: TRUE FALSE FALSE TRUE FALSE FALSE FALSE FALSE FALSE `expected[1147:1155]`: TRUE FALSE FALSE FALSE FALSE TRUE FALSE FALSE FALSE actual | expected [1156] TRUE | TRUE [1156] [1157] FALSE | FALSE [1157] [1158] FALSE | FALSE [1158] [1159] TRUE - FALSE [1159] [1160] FALSE - TRUE [1160] [1161] FALSE | FALSE [1161] [1162] FALSE - TRUE [1162] [1163] TRUE - FALSE [1163] [1164] FALSE | FALSE [1164] [1165] FALSE | FALSE [1165] ... ... ... and 10 more ... actual | expected [1187] TRUE | TRUE [1187] [1188] FALSE | FALSE [1188] [1189] FALSE | FALSE [1189] [1190] TRUE - FALSE [1190] [1191] FALSE - TRUE [1191] [1192] FALSE | FALSE [1192] [1193] TRUE - FALSE [1193] [1194] FALSE | FALSE [1194] [1195] FALSE - TRUE [1195] [1196] FALSE | FALSE [1196] ... ... ... and 39 more ... actual | expected [1239] TRUE | TRUE [1239] [1240] FALSE | FALSE [1240] [1241] FALSE | FALSE [1241] [1242] FALSE - TRUE [1242] [1243] TRUE - FALSE [1243] [1244] FALSE | FALSE [1244] [1245] FALSE | FALSE [1245] [1246] FALSE | FALSE [1246] [1247] FALSE - TRUE [1247] [1248] TRUE - FALSE [1248] ... ... ... and 14 more ... `actual[1267:1274]`: TRUE FALSE FALSE FALSE TRUE FALSE FALSE FALSE `expected[1267:1274]`: TRUE FALSE FALSE TRUE FALSE FALSE FALSE FALSE actual | expected [1276] FALSE | FALSE [1276] [1277] FALSE | FALSE [1277] [1278] FALSE | FALSE [1278] [1279] TRUE - FALSE [1279] [1280] FALSE - TRUE [1280] [1281] FALSE | FALSE [1281] [1282] FALSE | FALSE [1282] [1283] TRUE | TRUE [1283] [1284] FALSE | FALSE [1284] [1285] FALSE | FALSE [1285] ... ... ... and 46 more ... actual | expected [1336] FALSE | FALSE [1336] [1337] FALSE | FALSE [1337] [1338] FALSE | FALSE [1338] [1339] TRUE - FALSE [1339] [1340] FALSE - TRUE [1340] [1341] FALSE | FALSE [1341] [1342] TRUE - FALSE [1342] [1343] FALSE - TRUE [1343] [1344] FALSE | FALSE [1344] [1345] TRUE | TRUE [1345] ... ... ... and 17 more ... `actual[1364:1371]`: FALSE FALSE FALSE FALSE TRUE FALSE TRUE FALSE `expected[1364:1371]`: FALSE FALSE FALSE TRUE FALSE FALSE TRUE FALSE `actual[1374:1381]`: FALSE FALSE FALSE TRUE FALSE FALSE FALSE FALSE `expected[1374:1381]`: FALSE FALSE FALSE FALSE TRUE FALSE FALSE FALSE actual | expected [1395] TRUE | TRUE [1395] [1396] FALSE | FALSE [1396] [1397] FALSE | FALSE [1397] [1398] FALSE - TRUE [1398] [1399] FALSE | FALSE [1399] [1400] TRUE - FALSE [1400] [1401] FALSE | FALSE [1401] [1402] FALSE - TRUE [1402] [1403] TRUE - FALSE [1403] [1404] FALSE | FALSE [1404] ... ... ... and 2 more ... `actual[1410:1417]`: FALSE TRUE FALSE FALSE TRUE FALSE FALSE FALSE `expected[1410:1417]`: FALSE TRUE FALSE TRUE FALSE FALSE FALSE FALSE `actual[1419:1426]`: TRUE FALSE FALSE TRUE FALSE FALSE FALSE TRUE `expected[1419:1426]`: TRUE FALSE FALSE FALSE TRUE FALSE FALSE TRUE actual | expected [1431] TRUE | TRUE [1431] [1432] FALSE | FALSE [1432] [1433] FALSE | FALSE [1433] [1434] FALSE - TRUE [1434] [1435] FALSE | FALSE [1435] [1436] TRUE - FALSE [1436] [1437] FALSE | FALSE [1437] [1438] FALSE - TRUE [1438] [1439] TRUE - FALSE [1439] [1440] FALSE | FALSE [1440] ... ... ... and 6 more ... actual | expected [1447] FALSE | FALSE [1447] [1448] FALSE | FALSE [1448] [1449] FALSE | FALSE [1449] [1450] TRUE - FALSE [1450] [1451] FALSE | FALSE [1451] [1452] FALSE - TRUE [1452] [1453] FALSE | FALSE [1453] [1454] FALSE - TRUE [1454] [1455] TRUE - FALSE [1455] [1456] FALSE | FALSE [1456] ... ... ... and 14 more ... actual | expected [1472] FALSE | FALSE [1472] [1473] FALSE | FALSE [1473] [1474] FALSE | FALSE [1474] [1475] FALSE - TRUE [1475] [1476] TRUE - FALSE [1476] [1477] FALSE | FALSE [1477] [1478] TRUE - FALSE [1478] [1479] FALSE - TRUE [1479] [1480] FALSE | FALSE [1480] [1481] FALSE - TRUE [1481] ... ... ... and 29 more ... actual | expected [1515] TRUE | TRUE [1515] [1516] FALSE | FALSE [1516] [1517] FALSE | FALSE [1517] [1518] FALSE - TRUE [1518] [1519] FALSE | FALSE [1519] [1520] TRUE - FALSE [1520] [1521] FALSE | FALSE [1521] [1522] TRUE - FALSE [1522] [1523] FALSE | FALSE [1523] [1524] FALSE - TRUE [1524] ... ... ... and 14 more ... actual | expected [1539] TRUE | TRUE [1539] [1540] FALSE | FALSE [1540] [1541] FALSE | FALSE [1541] [1542] FALSE - TRUE [1542] [1543] TRUE - FALSE [1543] [1544] FALSE | FALSE [1544] [1545] FALSE | FALSE [1545] [1546] FALSE - TRUE [1546] [1547] TRUE - FALSE [1547] [1548] FALSE | FALSE [1548] ... ... ... and 10 more ... `actual[1562:1570]`: FALSE TRUE FALSE FALSE FALSE TRUE FALSE FALSE FALSE `expected[1562:1570]`: FALSE TRUE FALSE TRUE FALSE FALSE FALSE FALSE FALSE actual | expected [1580] FALSE | FALSE [1580] [1581] FALSE | FALSE [1581] [1582] FALSE | FALSE [1582] [1583] FALSE - TRUE [1583] [1584] TRUE - FALSE [1584] [1585] FALSE | FALSE [1585] [1586] TRUE - FALSE [1586] [1587] FALSE - TRUE [1587] [1588] FALSE | FALSE [1588] [1589] FALSE | FALSE [1589] ... ... ... and 5 more ... actual | expected [1595] TRUE | TRUE [1595] [1596] FALSE | FALSE [1596] [1597] FALSE | FALSE [1597] [1598] FALSE - TRUE [1598] [1599] TRUE - FALSE [1599] [1600] FALSE | FALSE [1600] [1601] FALSE | FALSE [1601] [1602] FALSE - TRUE [1602] [1603] TRUE - FALSE [1603] [1604] FALSE | FALSE [1604] ... ... ... and 10 more ... `actual[1615:1622]`: TRUE FALSE FALSE FALSE TRUE FALSE FALSE TRUE `expected[1615:1622]`: TRUE FALSE FALSE TRUE FALSE FALSE FALSE TRUE actual | expected [1623] FALSE | FALSE [1623] [1624] FALSE | FALSE [1624] [1625] FALSE | FALSE [1625] [1626] FALSE - TRUE [1626] [1627] TRUE - FALSE [1627] [1628] FALSE | FALSE [1628] [1629] FALSE | FALSE [1629] [1630] TRUE - FALSE [1630] [1631] FALSE - TRUE [1631] [1632] FALSE | FALSE [1632] ... ... ... and 2 more ... actual | expected [1635] TRUE | TRUE [1635] [1636] FALSE | FALSE [1636] [1637] FALSE | FALSE [1637] [1638] TRUE - FALSE [1638] [1639] FALSE - TRUE [1639] [1640] FALSE | FALSE [1640] [1641] FALSE | FALSE [1641] [1642] FALSE | FALSE [1642] [1643] FALSE - TRUE [1643] [1644] TRUE - FALSE [1644] ... ... ... and 27 more ... `actual[1675:1682]`: TRUE FALSE FALSE TRUE FALSE FALSE FALSE FALSE `expected[1675:1682]`: TRUE FALSE FALSE FALSE TRUE FALSE FALSE FALSE actual | expected [1683] TRUE | TRUE [1683] [1684] FALSE | FALSE [1684] [1685] FALSE | FALSE [1685] [1686] TRUE - FALSE [1686] [1687] FALSE - TRUE [1687] [1688] FALSE | FALSE [1688] [1689] FALSE | FALSE [1689] [1690] TRUE - FALSE [1690] [1691] FALSE - TRUE [1691] [1692] FALSE | FALSE [1692] ... ... ... and 2 more ... `actual[1695:1702]`: TRUE FALSE FALSE FALSE TRUE FALSE FALSE FALSE `expected[1695:1702]`: TRUE FALSE FALSE TRUE FALSE FALSE FALSE FALSE actual | expected [1707] FALSE | FALSE [1707] [1708] FALSE | FALSE [1708] [1709] FALSE | FALSE [1709] [1710] FALSE - TRUE [1710] [1711] TRUE - FALSE [1711] [1712] FALSE | FALSE [1712] [1713] FALSE | FALSE [1713] [1714] FALSE - TRUE [1714] [1715] TRUE - FALSE [1715] [1716] FALSE | FALSE [1716] ... ... ... and 7 more ... `actual[1724:1731]`: FALSE FALSE FALSE FALSE TRUE FALSE FALSE FALSE `expected[1724:1731]`: FALSE FALSE FALSE TRUE FALSE FALSE FALSE FALSE actual | expected [1732] TRUE | TRUE [1732] [1733] FALSE | FALSE [1733] [1734] FALSE | FALSE [1734] [1735] FALSE - TRUE [1735] [1736] TRUE - FALSE [1736] [1737] TRUE - FALSE [1737] [1738] FALSE | FALSE [1738] [1739] FALSE | FALSE [1739] [1740] FALSE - TRUE [1740] [1741] FALSE | FALSE [1741] ... ... ... and 2 more ... actual | expected [1748] FALSE | FALSE [1748] [1749] FALSE | FALSE [1749] [1750] FALSE | FALSE [1750] [1751] FALSE - TRUE [1751] [1752] TRUE - FALSE [1752] [1753] FALSE | FALSE [1753] [1754] TRUE | TRUE [1754] [1755] FALSE | FALSE [1755] [1756] FALSE | FALSE [1756] [1757] FALSE | FALSE [1757] ... ... ... and 9 more ... actual | expected [1767] TRUE | TRUE [1767] [1768] FALSE | FALSE [1768] [1769] FALSE | FALSE [1769] [1770] TRUE - FALSE [1770] [1771] FALSE - TRUE [1771] [1772] FALSE | FALSE [1772] [1773] FALSE | FALSE [1773] [1774] TRUE - FALSE [1774] [1775] FALSE | FALSE [1775] [1776] FALSE - TRUE [1776] ... ... ... and 46 more ... `actual[1827:1834]`: FALSE FALSE FALSE TRUE FALSE FALSE FALSE FALSE `expected[1827:1834]`: FALSE FALSE FALSE FALSE TRUE FALSE FALSE FALSE actual | expected [1835] TRUE | TRUE [1835] [1836] FALSE | FALSE [1836] [1837] FALSE | FALSE [1837] [1838] FALSE - TRUE [1838] [1839] TRUE - FALSE [1839] [1840] FALSE | FALSE [1840] [1841] FALSE | FALSE [1841] [1842] FALSE - TRUE [1842] [1843] TRUE - FALSE [1843] [1844] FALSE | FALSE [1844] ... ... ... and 30 more ... actual | expected [1875] TRUE | TRUE [1875] [1876] FALSE | FALSE [1876] [1877] FALSE | FALSE [1877] [1878] TRUE - FALSE [1878] [1879] FALSE - TRUE [1879] [1880] FALSE | FALSE [1880] [1881] FALSE | FALSE [1881] [1882] FALSE - TRUE [1882] [1883] TRUE - FALSE [1883] [1884] FALSE | FALSE [1884] ... ... ... and 6 more ... actual | expected [1891] TRUE | TRUE [1891] [1892] FALSE | FALSE [1892] [1893] FALSE | FALSE [1893] [1894] TRUE - FALSE [1894] [1895] FALSE - TRUE [1895] [1896] FALSE | FALSE [1896] [1897] FALSE | FALSE [1897] [1898] FALSE | FALSE [1898] [1899] TRUE | TRUE [1899] [1900] FALSE | FALSE [1900] ... ... ... and 18 more ... actual | expected [1919] FALSE | FALSE [1919] [1920] FALSE | FALSE [1920] [1921] FALSE | FALSE [1921] [1922] FALSE - TRUE [1922] [1923] TRUE - FALSE [1923] [1924] FALSE | FALSE [1924] [1925] FALSE | FALSE [1925] [1926] TRUE - FALSE [1926] [1927] FALSE - TRUE [1927] [1928] FALSE | FALSE [1928] ... ... ... and 2 more ... actual | expected [1932] FALSE | FALSE [1932] [1933] FALSE | FALSE [1933] [1934] FALSE | FALSE [1934] [1935] FALSE - TRUE [1935] [1936] TRUE - FALSE [1936] [1937] FALSE | FALSE [1937] [1938] FALSE - TRUE [1938] [1939] TRUE - FALSE [1939] [1940] FALSE | FALSE [1940] [1941] TRUE - FALSE [1941] ... ... ... and 5 more ... `actual[1950:1958]`: FALSE TRUE FALSE FALSE FALSE TRUE FALSE FALSE FALSE `expected[1950:1958]`: FALSE TRUE FALSE TRUE FALSE FALSE FALSE FALSE FALSE actual | expected [1959] TRUE | TRUE [1959] [1960] FALSE | FALSE [1960] [1961] FALSE | FALSE [1961] [1962] FALSE - TRUE [1962] [1963] TRUE - FALSE [1963] [1964] FALSE | FALSE [1964] [1965] FALSE - TRUE [1965] [1966] TRUE - FALSE [1966] [1967] FALSE | FALSE [1967] [1968] FALSE | FALSE [1968] ... ... ... and 26 more ... actual | expected [2003] TRUE | TRUE [2003] [2004] FALSE | FALSE [2004] [2005] FALSE | FALSE [2005] [2006] TRUE - FALSE [2006] [2007] FALSE | FALSE [2007] [2008] FALSE - TRUE [2008] [2009] FALSE | FALSE [2009] [2010] TRUE - FALSE [2010] [2011] FALSE - TRUE [2011] [2012] FALSE | FALSE [2012] ... ... ... and 42 more ... actual | expected [2056] FALSE | FALSE [2056] [2057] FALSE | FALSE [2057] [2058] FALSE | FALSE [2058] [2059] TRUE - FALSE [2059] [2060] FALSE - TRUE [2060] [2061] FALSE - TRUE [2061] [2062] FALSE | FALSE [2062] [2063] TRUE - FALSE [2063] [2064] FALSE | FALSE [2064] [2065] FALSE - TRUE [2065] ... ... ... and 41 more ... actual | expected [2107] TRUE | TRUE [2107] [2108] FALSE | FALSE [2108] [2109] FALSE | FALSE [2109] [2110] FALSE - TRUE [2110] [2111] TRUE - FALSE [2111] [2112] FALSE | FALSE [2112] [2113] FALSE | FALSE [2113] [2114] TRUE - FALSE [2114] [2115] FALSE - TRUE [2115] [2116] FALSE | FALSE [2116] ... ... ... and 35 more ... `actual[2155:2162]`: TRUE FALSE FALSE FALSE TRUE FALSE FALSE FALSE `expected[2155:2162]`: TRUE FALSE FALSE TRUE FALSE FALSE FALSE FALSE actual | expected [2167] TRUE | TRUE [2167] [2168] FALSE | FALSE [2168] [2169] FALSE | FALSE [2169] [2170] FALSE - TRUE [2170] [2171] TRUE - FALSE [2171] [2172] FALSE | FALSE [2172] [2173] FALSE | FALSE [2173] [2174] FALSE - TRUE [2174] [2175] TRUE - FALSE [2175] [2176] FALSE | FALSE [2176] ... ... ... and 6 more ... actual | expected [2183] FALSE | FALSE [2183] [2184] FALSE | FALSE [2184] [2185] FALSE | FALSE [2185] [2186] FALSE - TRUE [2186] [2187] TRUE - FALSE [2187] [2188] FALSE | FALSE [2188] [2189] FALSE | FALSE [2189] [2190] TRUE - FALSE [2190] [2191] FALSE - TRUE [2191] [2192] FALSE | FALSE [2192] ... ... ... and 53 more ... actual | expected [2247] TRUE | TRUE [2247] [2248] FALSE | FALSE [2248] [2249] FALSE | FALSE [2249] [2250] FALSE - TRUE [2250] [2251] TRUE - FALSE [2251] [2252] FALSE | FALSE [2252] [2253] FALSE | FALSE [2253] [2254] FALSE - TRUE [2254] [2255] TRUE - FALSE [2255] [2256] FALSE | FALSE [2256] ... ... ... and 31 more ... actual | expected [2295] FALSE | FALSE [2295] [2296] FALSE | FALSE [2296] [2297] FALSE | FALSE [2297] [2298] FALSE - TRUE [2298] [2299] TRUE - FALSE [2299] [2300] FALSE | FALSE [2300] [2301] FALSE | FALSE [2301] [2302] FALSE - TRUE [2302] [2303] FALSE | FALSE [2303] [2304] TRUE - FALSE [2304] ... ... ... and 21 more ... `actual[2332:2339]`: FALSE FALSE FALSE FALSE TRUE FALSE TRUE FALSE `expected[2332:2339]`: FALSE FALSE FALSE TRUE FALSE FALSE TRUE FALSE actual | expected [2343] FALSE | FALSE [2343] [2344] FALSE | FALSE [2344] [2345] FALSE | FALSE [2345] [2346] FALSE - TRUE [2346] [2347] TRUE - FALSE [2347] [2348] FALSE | FALSE [2348] [2349] FALSE - TRUE [2349] [2350] TRUE - FALSE [2350] [2351] FALSE | FALSE [2351] [2352] FALSE | FALSE [2352] ... ... ... and 7 more ... `actual[2371:2378]`: FALSE FALSE FALSE FALSE TRUE FALSE FALSE FALSE `expected[2371:2378]`: FALSE FALSE FALSE TRUE FALSE FALSE FALSE FALSE actual | expected [2383] TRUE | TRUE [2383] [2384] FALSE | FALSE [2384] [2385] FALSE | FALSE [2385] [2386] TRUE - FALSE [2386] [2387] FALSE - TRUE [2387] [2388] FALSE | FALSE [2388] [2389] FALSE | FALSE [2389] [2390] FALSE - TRUE [2390] [2391] TRUE - FALSE [2391] [2392] FALSE | FALSE [2392] ... ... ... and 6 more ... actual | expected [2404] FALSE | FALSE [2404] [2405] FALSE | FALSE [2405] [2406] FALSE | FALSE [2406] [2407] FALSE - TRUE [2407] [2408] TRUE - FALSE [2408] [2409] FALSE | FALSE [2409] [2410] TRUE - FALSE [2410] [2411] FALSE - TRUE [2411] [2412] FALSE | FALSE [2412] [2413] FALSE - TRUE [2413] ... ... ... and 4 more ... actual | expected [2427] FALSE | FALSE [2427] [2428] FALSE | FALSE [2428] [2429] FALSE | FALSE [2429] [2430] TRUE - FALSE [2430] [2431] FALSE - TRUE [2431] [2432] FALSE | FALSE [2432] [2433] FALSE | FALSE [2433] [2434] FALSE - TRUE [2434] [2435] TRUE - FALSE [2435] [2436] FALSE | FALSE [2436] ... ... ... and 13 more ... actual | expected [2451] TRUE | TRUE [2451] [2452] FALSE | FALSE [2452] [2453] FALSE | FALSE [2453] [2454] FALSE - TRUE [2454] [2455] FALSE | FALSE [2455] [2456] TRUE - FALSE [2456] [2457] FALSE | FALSE [2457] [2458] FALSE - TRUE [2458] [2459] TRUE - FALSE [2459] [2460] FALSE | FALSE [2460] ... ... ... and 50 more ... actual | expected [2515] FALSE | FALSE [2515] [2516] FALSE | FALSE [2516] [2517] FALSE | FALSE [2517] [2518] FALSE - TRUE [2518] [2519] TRUE - FALSE [2519] [2520] FALSE | FALSE [2520] [2521] FALSE | FALSE [2521] [2522] FALSE - TRUE [2522] [2523] TRUE - FALSE [2523] [2524] FALSE | FALSE [2524] ... ... ... and 10 more ... `actual[2535:2543]`: TRUE FALSE FALSE FALSE FALSE TRUE FALSE FALSE TRUE `expected[2535:2543]`: TRUE FALSE FALSE TRUE FALSE FALSE FALSE FALSE TRUE actual | expected [2552] FALSE | FALSE [2552] [2553] FALSE | FALSE [2553] [2554] FALSE | FALSE [2554] [2555] TRUE - FALSE [2555] [2556] FALSE - TRUE [2556] [2557] FALSE | FALSE [2557] [2558] FALSE - TRUE [2558] [2559] TRUE - FALSE [2559] [2560] FALSE | FALSE [2560] [2561] FALSE | FALSE [2561] ... ... ... and 1 more ... actual | expected [2563] TRUE | TRUE [2563] [2564] FALSE | FALSE [2564] [2565] FALSE | FALSE [2565] [2566] TRUE - FALSE [2566] [2567] FALSE | FALSE [2567] [2568] FALSE - TRUE [2568] [2569] FALSE | FALSE [2569] [2570] FALSE - TRUE [2570] [2571] TRUE - FALSE [2571] [2572] FALSE | FALSE [2572] ... ... ... and 21 more ... actual | expected [2594] FALSE | FALSE [2594] [2595] TRUE | TRUE [2595] [2596] FALSE | FALSE [2596] [2597] FALSE - TRUE [2597] [2598] FALSE | FALSE [2598] [2599] TRUE - FALSE [2599] [2600] FALSE | FALSE [2600] [2601] FALSE | FALSE [2601] [2602] FALSE - TRUE [2602] [2603] FALSE | FALSE [2603] ... ... ... and 51 more ... actual | expected [2655] TRUE | TRUE [2655] [2656] FALSE | FALSE [2656] [2657] FALSE | FALSE [2657] [2658] FALSE - TRUE [2658] [2659] TRUE - FALSE [2659] [2660] FALSE | FALSE [2660] [2661] FALSE | FALSE [2661] [2662] FALSE - TRUE [2662] [2663] FALSE | FALSE [2663] [2664] TRUE - FALSE [2664] ... ... ... and 26 more ... actual | expected [2698] FALSE | FALSE [2698] [2699] TRUE | TRUE [2699] [2700] FALSE | FALSE [2700] [2701] FALSE - TRUE [2701] [2702] FALSE | FALSE [2702] [2703] TRUE - FALSE [2703] [2704] FALSE | FALSE [2704] [2705] FALSE | FALSE [2705] [2706] TRUE - FALSE [2706] [2707] FALSE - TRUE [2707] ... ... ... and 3 more ... actual | expected [2719] FALSE | FALSE [2719] [2720] FALSE | FALSE [2720] [2721] FALSE | FALSE [2721] [2722] TRUE - FALSE [2722] [2723] FALSE - TRUE [2723] [2724] FALSE | FALSE [2724] [2725] FALSE | FALSE [2725] [2726] FALSE - TRUE [2726] [2727] TRUE - FALSE [2727] [2728] FALSE | FALSE [2728] ... ... ... and 7 more ... actual | expected [2736] FALSE | FALSE [2736] [2737] FALSE | FALSE [2737] [2738] FALSE | FALSE [2738] [2739] FALSE - TRUE [2739] [2740] TRUE - FALSE [2740] [2741] TRUE - FALSE [2741] [2742] FALSE | FALSE [2742] [2743] FALSE - TRUE [2743] [2744] FALSE | FALSE [2744] [2745] FALSE - TRUE [2745] ... ... ... and 4 more ... actual | expected [2750] FALSE | FALSE [2750] [2751] FALSE | FALSE [2751] [2752] TRUE | TRUE [2752] [2753] FALSE - TRUE [2753] [2754] TRUE - FALSE [2754] [2755] FALSE | FALSE [2755] [2756] FALSE | FALSE [2756] [2757] FALSE | FALSE [2757] [2758] FALSE | FALSE [2758] [2759] TRUE - FALSE [2759] ... ... ... and 36 more ... `actual[2799:2807]`: FALSE FALSE FALSE TRUE FALSE FALSE FALSE TRUE FALSE `expected[2799:2807]`: FALSE FALSE FALSE FALSE FALSE TRUE FALSE TRUE FALSE actual | expected [2808] FALSE | FALSE [2808] [2809] FALSE | FALSE [2809] [2810] FALSE | FALSE [2810] [2811] FALSE - TRUE [2811] [2812] TRUE - FALSE [2812] [2813] TRUE - FALSE [2813] [2814] FALSE - TRUE [2814] [2815] FALSE | FALSE [2815] [2816] FALSE | FALSE [2816] [2817] FALSE | FALSE [2817] ... ... ... and 61 more ... `actual[2879:2886]`: TRUE FALSE FALSE FALSE TRUE FALSE FALSE FALSE `expected[2879:2886]`: TRUE FALSE FALSE TRUE FALSE FALSE FALSE FALSE actual | expected [2891] FALSE | FALSE [2891] [2892] FALSE | FALSE [2892] [2893] FALSE | FALSE [2893] [2894] TRUE - FALSE [2894] [2895] FALSE - TRUE [2895] [2896] FALSE | FALSE [2896] [2897] FALSE | FALSE [2897] [2898] TRUE | TRUE [2898] [2899] FALSE | FALSE [2899] [2900] FALSE | FALSE [2900] ... ... ... and 19 more ... actual | expected [2927] FALSE | FALSE [2927] [2928] FALSE | FALSE [2928] [2929] FALSE | FALSE [2929] [2930] TRUE - FALSE [2930] [2931] FALSE - TRUE [2931] [2932] FALSE | FALSE [2932] [2933] FALSE | FALSE [2933] [2934] FALSE - TRUE [2934] [2935] TRUE - FALSE [2935] [2936] FALSE | FALSE [2936] ... ... ... and 7 more ... actual | expected [2966] FALSE | FALSE [2966] [2967] TRUE | TRUE [2967] [2968] FALSE | FALSE [2968] [2969] FALSE - TRUE [2969] [2970] FALSE | FALSE [2970] [2971] TRUE - FALSE [2971] [2972] FALSE | FALSE [2972] [2973] FALSE | FALSE [2973] [2974] FALSE | FALSE [2974] [2975] TRUE | TRUE [2975] ... ... ... and 66 more ... actual | expected [3044] FALSE | FALSE [3044] [3045] FALSE | FALSE [3045] [3046] FALSE | FALSE [3046] [3047] FALSE - TRUE [3047] [3048] TRUE - FALSE [3048] [3049] FALSE | FALSE [3049] [3050] TRUE - FALSE [3050] [3051] FALSE - TRUE [3051] [3052] FALSE | FALSE [3052] [3053] TRUE - FALSE [3053] ... ... ... and 9 more ... actual | expected [3063] TRUE | TRUE [3063] [3064] FALSE | FALSE [3064] [3065] FALSE | FALSE [3065] [3066] TRUE - FALSE [3066] [3067] FALSE | FALSE [3067] [3068] FALSE - TRUE [3068] [3069] FALSE | FALSE [3069] [3070] FALSE - TRUE [3070] [3071] FALSE | FALSE [3071] [3072] TRUE - FALSE [3072] ... ... ... and 3 more ... actual | expected [3079] FALSE | FALSE [3079] [3080] FALSE | FALSE [3080] [3081] FALSE | FALSE [3081] [3082] TRUE - FALSE [3082] [3083] FALSE | FALSE [3083] [3084] FALSE - TRUE [3084] [3085] TRUE - FALSE [3085] [3086] FALSE | FALSE [3086] [3087] FALSE | FALSE [3087] [3088] FALSE - TRUE [3088] ... ... ... and 22 more ... `actual[3119:3126]`: TRUE FALSE FALSE TRUE FALSE FALSE FALSE FALSE `expected[3119:3126]`: TRUE FALSE FALSE FALSE TRUE FALSE FALSE FALSE actual | expected [3128] FALSE | FALSE [3128] [3129] FALSE | FALSE [3129] [3130] FALSE | FALSE [3130] [3131] FALSE - TRUE [3131] [3132] TRUE - FALSE [3132] [3133] FALSE | FALSE [3133] [3134] TRUE - FALSE [3134] [3135] FALSE - TRUE [3135] [3136] FALSE | FALSE [3136] [3137] FALSE | FALSE [3137] ... ... ... and 1 more ... actual | expected [3140] FALSE | FALSE [3140] [3141] FALSE | FALSE [3141] [3142] FALSE | FALSE [3142] [3143] TRUE - FALSE [3143] [3144] FALSE - TRUE [3144] [3145] FALSE | FALSE [3145] [3146] FALSE - TRUE [3146] [3147] FALSE | FALSE [3147] [3148] TRUE - FALSE [3148] [3149] FALSE | FALSE [3149] ... ... ... and 5 more ... `actual[3155:3162]`: TRUE FALSE FALSE TRUE FALSE FALSE FALSE FALSE `expected[3155:3162]`: TRUE FALSE FALSE FALSE TRUE FALSE FALSE FALSE actual | expected [3163] FALSE | FALSE [3163] [3164] TRUE | TRUE [3164] [3165] FALSE | FALSE [3165] [3166] FALSE - TRUE [3166] [3167] TRUE - FALSE [3167] [3168] FALSE | FALSE [3168] [3169] FALSE | FALSE [3169] [3170] TRUE - FALSE [3170] [3171] FALSE - TRUE [3171] [3172] FALSE | FALSE [3172] ... ... ... and 22 more ... actual | expected [3199] FALSE | FALSE [3199] [3200] FALSE | FALSE [3200] [3201] FALSE | FALSE [3201] [3202] FALSE - TRUE [3202] [3203] FALSE | FALSE [3203] [3204] TRUE - FALSE [3204] [3205] TRUE - FALSE [3205] [3206] FALSE - TRUE [3206] [3207] FALSE | FALSE [3207] [3208] FALSE | FALSE [3208] ... ... ... and 1 more ... actual | expected [3212] FALSE | FALSE [3212] [3213] FALSE | FALSE [3213] [3214] FALSE | FALSE [3214] [3215] FALSE - TRUE [3215] [3216] TRUE - FALSE [3216] [3217] FALSE | FALSE [3217] [3218] TRUE | TRUE [3218] [3219] FALSE | FALSE [3219] [3220] FALSE | FALSE [3220] [3221] FALSE | FALSE [3221] ... ... ... and 14 more ... actual | expected [3240] FALSE | FALSE [3240] [3241] FALSE | FALSE [3241] [3242] FALSE | FALSE [3242] [3243] TRUE - FALSE [3243] [3244] FALSE - TRUE [3244] [3245] FALSE | FALSE [3245] [3246] TRUE - FALSE [3246] [3247] FALSE - TRUE [3247] [3248] FALSE | FALSE [3248] [3249] FALSE - TRUE [3249] ... ... ... and 13 more ... actual | expected [3266] TRUE | TRUE [3266] [3267] FALSE | FALSE [3267] [3268] FALSE | FALSE [3268] [3269] FALSE - TRUE [3269] [3270] TRUE - FALSE [3270] [3271] FALSE | FALSE [3271] [3272] FALSE | FALSE [3272] [3273] FALSE - TRUE [3273] [3274] TRUE - FALSE [3274] [3275] FALSE | FALSE [3275] ... ... ... and 59 more ... actual | expected [3335] TRUE | TRUE [3335] [3336] FALSE | FALSE [3336] [3337] FALSE | FALSE [3337] [3338] FALSE - TRUE [3338] [3339] TRUE - FALSE [3339] [3340] FALSE | FALSE [3340] [3341] TRUE - FALSE [3341] [3342] FALSE - TRUE [3342] [3343] FALSE | FALSE [3343] [3344] FALSE | FALSE [3344] ... ... ... and 26 more ... actual | expected [3371] FALSE | FALSE [3371] [3372] FALSE | FALSE [3372] [3373] FALSE | FALSE [3373] [3374] TRUE - FALSE [3374] [3375] FALSE | FALSE [3375] [3376] FALSE - TRUE [3376] [3377] FALSE - TRUE [3377] [3378] FALSE | FALSE [3378] [3379] TRUE - FALSE [3379] [3380] FALSE | FALSE [3380] ... ... ... and 42 more ... actual | expected [3423] FALSE | FALSE [3423] [3424] FALSE | FALSE [3424] [3425] FALSE | FALSE [3425] [3426] FALSE - TRUE [3426] [3427] FALSE | FALSE [3427] [3428] TRUE - FALSE [3428] [3429] FALSE | FALSE [3429] [3430] FALSE | FALSE [3430] [3431] FALSE | FALSE [3431] [3432] TRUE | TRUE [3432] ... ... ... and 13 more ... actual | expected [3448] FALSE | FALSE [3448] [3449] FALSE | FALSE [3449] [3450] FALSE | FALSE [3450] [3451] FALSE - TRUE [3451] [3452] TRUE - FALSE [3452] [3453] FALSE | FALSE [3453] [3454] FALSE - TRUE [3454] [3455] FALSE | FALSE [3455] [3456] TRUE - FALSE [3456] [3457] TRUE - FALSE [3457] ... ... ... and 37 more ... actual | expected [3495] TRUE | TRUE [3495] [3496] FALSE | FALSE [3496] [3497] FALSE | FALSE [3497] [3498] TRUE - FALSE [3498] [3499] FALSE | FALSE [3499] [3500] FALSE - TRUE [3500] [3501] FALSE | FALSE [3501] [3502] FALSE - TRUE [3502] [3503] TRUE - FALSE [3503] [3504] FALSE | FALSE [3504] ... ... ... and 6 more ... actual | expected [3516] FALSE | FALSE [3516] [3517] FALSE | FALSE [3517] [3518] FALSE | FALSE [3518] [3519] FALSE - TRUE [3519] [3520] TRUE - FALSE [3520] [3521] FALSE | FALSE [3521] [3522] TRUE | TRUE [3522] [3523] FALSE | FALSE [3523] [3524] FALSE | FALSE [3524] [3525] FALSE - TRUE [3525] ... ... ... and 22 more ... actual | expected [3551] TRUE | TRUE [3551] [3552] FALSE | FALSE [3552] [3553] FALSE | FALSE [3553] [3554] TRUE - FALSE [3554] [3555] FALSE - TRUE [3555] [3556] FALSE | FALSE [3556] [3557] FALSE | FALSE [3557] [3558] FALSE - TRUE [3558] [3559] FALSE | FALSE [3559] [3560] TRUE - FALSE [3560] ... ... ... and 113 more ... `actual[3674:3682]`: TRUE FALSE FALSE FALSE FALSE TRUE FALSE FALSE FALSE `expected[3674:3682]`: TRUE FALSE FALSE TRUE FALSE FALSE FALSE FALSE FALSE actual | expected [3692] FALSE | FALSE [3692] [3693] FALSE | FALSE [3693] [3694] FALSE | FALSE [3694] [3695] TRUE - FALSE [3695] [3696] FALSE - TRUE [3696] [3697] FALSE - TRUE [3697] [3698] FALSE | FALSE [3698] [3699] FALSE | FALSE [3699] [3700] TRUE - FALSE [3700] [3701] FALSE | FALSE [3701] ... ... ... and 33 more ... actual | expected [3735] FALSE | FALSE [3735] [3736] FALSE | FALSE [3736] [3737] FALSE | FALSE [3737] [3738] FALSE - TRUE [3738] [3739] FALSE | FALSE [3739] [3740] TRUE - FALSE [3740] [3741] FALSE | FALSE [3741] [3742] FALSE | FALSE [3742] [3743] TRUE | TRUE [3743] [3744] FALSE | FALSE [3744] ... ... ... and 34 more ... `actual[3782:3789]`: FALSE FALSE TRUE FALSE TRUE FALSE FALSE FALSE `expected[3782:3789]`: FALSE FALSE TRUE TRUE FALSE FALSE FALSE FALSE `actual[3791:3798]`: TRUE FALSE FALSE FALSE TRUE FALSE FALSE FALSE `expected[3791:3798]`: TRUE FALSE FALSE TRUE FALSE FALSE FALSE FALSE actual | expected [3799] TRUE | TRUE [3799] [3800] FALSE | FALSE [3800] [3801] FALSE | FALSE [3801] [3802] FALSE - TRUE [3802] [3803] TRUE - FALSE [3803] [3804] FALSE | FALSE [3804] [3805] FALSE - TRUE [3805] [3806] FALSE | FALSE [3806] [3807] FALSE | FALSE [3807] [3808] TRUE - FALSE [3808] ... ... ... and 21 more ... actual | expected [3831] TRUE | TRUE [3831] [3832] FALSE | FALSE [3832] [3833] FALSE | FALSE [3833] [3834] TRUE - FALSE [3834] [3835] FALSE - TRUE [3835] [3836] FALSE | FALSE [3836] [3837] FALSE | FALSE [3837] [3838] FALSE | FALSE [3838] [3839] TRUE - FALSE [3839] [3840] FALSE - TRUE [3840] ... ... ... and 3 more ... `actual[3850:3857]`: TRUE FALSE FALSE FALSE TRUE FALSE FALSE FALSE `expected[3850:3857]`: TRUE FALSE FALSE TRUE FALSE FALSE FALSE FALSE actual | expected [3859] FALSE | FALSE [3859] [3860] FALSE | FALSE [3860] [3861] FALSE | FALSE [3861] [3862] TRUE - FALSE [3862] [3863] FALSE - TRUE [3863] [3864] FALSE | FALSE [3864] [3865] FALSE | FALSE [3865] [3866] FALSE - TRUE [3866] [3867] TRUE - FALSE [3867] [3868] FALSE | FALSE [3868] ... ... ... and 83 more ... actual | expected [3954] TRUE | TRUE [3954] [3955] FALSE | FALSE [3955] [3956] FALSE | FALSE [3956] [3957] TRUE - FALSE [3957] [3958] FALSE | FALSE [3958] [3959] FALSE - TRUE [3959] [3960] FALSE | FALSE [3960] [3961] FALSE | FALSE [3961] [3962] FALSE | FALSE [3962] [3963] FALSE - TRUE [3963] ... ... ... and 10 more ... actual | expected [3975] FALSE | FALSE [3975] [3976] TRUE | TRUE [3976] [3977] FALSE | FALSE [3977] [3978] TRUE - FALSE [3978] [3979] FALSE | FALSE [3979] [3980] FALSE - TRUE [3980] [3981] FALSE | FALSE [3981] [3982] FALSE | FALSE [3982] [3983] TRUE - FALSE [3983] [3984] FALSE - TRUE [3984] ... ... ... and 10 more ... `actual[3995:4002]`: FALSE FALSE FALSE FALSE TRUE FALSE FALSE TRUE `expected[3995:4002]`: FALSE FALSE FALSE TRUE FALSE FALSE FALSE TRUE actual | expected [4003] FALSE | FALSE [4003] [4004] FALSE | FALSE [4004] [4005] FALSE | FALSE [4005] [4006] TRUE - FALSE [4006] [4007] FALSE | FALSE [4007] [4008] FALSE - TRUE [4008] [4009] FALSE | FALSE [4009] [4010] TRUE | TRUE [4010] [4011] FALSE | FALSE [4011] [4012] FALSE | FALSE [4012] ... ... ... and 70 more ... actual | expected [4083] FALSE | FALSE [4083] [4084] FALSE | FALSE [4084] [4085] FALSE | FALSE [4085] [4086] FALSE - TRUE [4086] [4087] TRUE - FALSE [4087] [4088] FALSE | FALSE [4088] [4089] FALSE - TRUE [4089] [4090] TRUE - FALSE [4090] [4091] FALSE | FALSE [4091] [4092] FALSE | FALSE [4092] ... ... ... and 6 more ... actual | expected [4100] FALSE | FALSE [4100] [4101] FALSE | FALSE [4101] [4102] FALSE | FALSE [4102] [4103] FALSE - TRUE [4103] [4104] TRUE - FALSE [4104] [4105] FALSE | FALSE [4105] [4106] FALSE - TRUE [4106] [4107] TRUE - FALSE [4107] [4108] FALSE | FALSE [4108] [4109] FALSE - TRUE [4109] ... ... ... and 16 more ... actual | expected [4131] FALSE | FALSE [4131] [4132] FALSE | FALSE [4132] [4133] FALSE | FALSE [4133] [4134] FALSE - TRUE [4134] [4135] FALSE | FALSE [4135] [4136] TRUE - FALSE [4136] [4137] FALSE | FALSE [4137] [4138] FALSE | FALSE [4138] [4139] FALSE | FALSE [4139] [4140] TRUE | TRUE [4140] ... ... ... and 30 more ... actual | expected [4176] FALSE | FALSE [4176] [4177] FALSE | FALSE [4177] [4178] FALSE | FALSE [4178] [4179] FALSE - TRUE [4179] [4180] TRUE - FALSE [4180] [4181] FALSE | FALSE [4181] [4182] TRUE - FALSE [4182] [4183] FALSE - TRUE [4183] [4184] FALSE | FALSE [4184] [4185] FALSE | FALSE [4185] ... ... ... and 1 more ... actual | expected [4188] FALSE | FALSE [4188] [4189] FALSE | FALSE [4189] [4190] FALSE | FALSE [4190] [4191] TRUE - FALSE [4191] [4192] FALSE - TRUE [4192] [4193] FALSE | FALSE [4193] [4194] TRUE - FALSE [4194] [4195] FALSE | FALSE [4195] [4196] FALSE - TRUE [4196] [4197] FALSE | FALSE [4197] ... ... ... and 2 more ... actual | expected [4206] TRUE | TRUE [4206] [4207] FALSE | FALSE [4207] [4208] FALSE | FALSE [4208] [4209] TRUE - FALSE [4209] [4210] FALSE | FALSE [4210] [4211] FALSE - TRUE [4211] [4212] FALSE | FALSE [4212] [4213] FALSE | FALSE [4213] [4214] FALSE | FALSE [4214] [4215] TRUE - FALSE [4215] ... ... ... and 11 more ... actual | expected [4227] FALSE | FALSE [4227] [4228] TRUE | TRUE [4228] [4229] FALSE | FALSE [4229] [4230] TRUE - FALSE [4230] [4231] FALSE - TRUE [4231] [4232] FALSE | FALSE [4232] [4233] FALSE | FALSE [4233] [4234] FALSE - TRUE [4234] [4235] TRUE - FALSE [4235] [4236] FALSE | FALSE [4236] ... ... ... and 50 more ... actual | expected [4287] FALSE | FALSE [4287] [4288] FALSE | FALSE [4288] [4289] FALSE | FALSE [4289] [4290] FALSE - TRUE [4290] [4291] FALSE | FALSE [4291] [4292] TRUE - FALSE [4292] [4293] FALSE - TRUE [4293] [4294] TRUE - FALSE [4294] [4295] FALSE | FALSE [4295] [4296] FALSE | FALSE [4296] ... ... ... and 1 more ... actual | expected [4303] FALSE | FALSE [4303] [4304] FALSE | FALSE [4304] [4305] FALSE | FALSE [4305] [4306] TRUE - FALSE [4306] [4307] FALSE | FALSE [4307] [4308] FALSE - TRUE [4308] [4309] FALSE | FALSE [4309] [4310] FALSE | FALSE [4310] [4311] FALSE - TRUE [4311] [4312] TRUE - FALSE [4312] ... ... ... and 22 more ... `actual[4335:4342]`: TRUE FALSE FALSE TRUE FALSE FALSE FALSE TRUE `expected[4335:4342]`: TRUE FALSE FALSE FALSE TRUE FALSE FALSE TRUE `actual[4352:4359]`: FALSE FALSE FALSE FALSE TRUE FALSE TRUE FALSE `expected[4352:4359]`: FALSE FALSE FALSE TRUE FALSE FALSE TRUE FALSE actual | expected [4367] FALSE | FALSE [4367] [4368] FALSE | FALSE [4368] [4369] FALSE | FALSE [4369] [4370] TRUE - FALSE [4370] [4371] FALSE - TRUE [4371] [4372] FALSE | FALSE [4372] [4373] FALSE - TRUE [4373] [4374] TRUE - FALSE [4374] [4375] FALSE | FALSE [4375] [4376] FALSE | FALSE [4376] ... ... ... and 18 more ... actual | expected [4395] FALSE | FALSE [4395] [4396] FALSE | FALSE [4396] [4397] FALSE | FALSE [4397] [4398] FALSE - TRUE [4398] [4399] FALSE | FALSE [4399] [4400] TRUE - FALSE [4400] [4401] TRUE - FALSE [4401] [4402] FALSE - TRUE [4402] [4403] FALSE | FALSE [4403] [4404] FALSE | FALSE [4404] ... ... ... and 30 more ... actual | expected [4435] TRUE | TRUE [4435] [4436] FALSE | FALSE [4436] [4437] FALSE | FALSE [4437] [4438] TRUE - FALSE [4438] [4439] FALSE - TRUE [4439] [4440] FALSE | FALSE [4440] [4441] TRUE - FALSE [4441] [4442] FALSE | FALSE [4442] [4443] FALSE | FALSE [4443] [4444] FALSE - TRUE [4444] ... ... ... and 14 more ... actual | expected [4464] FALSE | FALSE [4464] [4465] FALSE | FALSE [4465] [4466] FALSE | FALSE [4466] [4467] TRUE - FALSE [4467] [4468] FALSE - TRUE [4468] [4469] FALSE | FALSE [4469] [4470] TRUE - FALSE [4470] [4471] FALSE | FALSE [4471] [4472] FALSE - TRUE [4472] [4473] FALSE | FALSE [4473] ... ... ... and 2 more ... `actual[4478:4485]`: FALSE FALSE FALSE FALSE TRUE FALSE FALSE FALSE `expected[4478:4485]`: FALSE FALSE FALSE TRUE FALSE FALSE FALSE FALSE actual | expected [4486] TRUE | TRUE [4486] [4487] FALSE | FALSE [4487] [4488] FALSE | FALSE [4488] [4489] FALSE - TRUE [4489] [4490] TRUE - FALSE [4490] [4491] FALSE | FALSE [4491] [4492] FALSE | FALSE [4492] [4493] FALSE - TRUE [4493] [4494] FALSE | FALSE [4494] [4495] FALSE | FALSE [4495] ... ... ... and 16 more ... `actual[4518:4527]`: TRUE FALSE FALSE TRUE FALSE FALSE FALSE FALSE FALSE TRUE `expected[4518:4527]`: TRUE FALSE FALSE FALSE FALSE FALSE TRUE FALSE FALSE TRUE actual | expected [4531] FALSE | FALSE [4531] [4532] FALSE | FALSE [4532] [4533] FALSE | FALSE [4533] [4534] FALSE - TRUE [4534] [4535] TRUE - FALSE [4535] [4536] FALSE | FALSE [4536] [4537] FALSE | FALSE [4537] [4538] FALSE | FALSE [4538] [4539] FALSE | FALSE [4539] [4540] TRUE | TRUE [4540] ... ... ... and 26 more ... actual | expected [4570] TRUE | TRUE [4570] [4571] FALSE | FALSE [4571] [4572] FALSE | FALSE [4572] [4573] TRUE - FALSE [4573] [4574] FALSE | FALSE [4574] [4575] FALSE - TRUE [4575] [4576] FALSE | FALSE [4576] [4577] FALSE | FALSE [4577] [4578] TRUE - FALSE [4578] [4579] FALSE | FALSE [4579] ... ... ... and 11 more ... actual | expected [4595] FALSE | FALSE [4595] [4596] TRUE | TRUE [4596] [4597] FALSE | FALSE [4597] [4598] TRUE - FALSE [4598] [4599] FALSE - TRUE [4599] [4600] FALSE | FALSE [4600] [4601] FALSE | FALSE [4601] [4602] FALSE - TRUE [4602] [4603] FALSE | FALSE [4603] [4604] TRUE - FALSE [4604] ... ... ... and 49 more ... actual | expected [4659] FALSE | FALSE [4659] [4660] FALSE | FALSE [4660] [4661] FALSE | FALSE [4661] [4662] TRUE - FALSE [4662] [4663] FALSE - TRUE [4663] [4664] FALSE | FALSE [4664] [4665] FALSE | FALSE [4665] [4666] FALSE | FALSE [4666] [4667] TRUE - FALSE [4667] [4668] FALSE - TRUE [4668] ... ... ... and 30 more ... actual | expected [4699] FALSE | FALSE [4699] [4700] FALSE | FALSE [4700] [4701] FALSE | FALSE [4701] [4702] TRUE - FALSE [4702] [4703] FALSE - TRUE [4703] [4704] FALSE | FALSE [4704] [4705] FALSE - TRUE [4705] [4706] FALSE | FALSE [4706] [4707] FALSE | FALSE [4707] [4708] TRUE - FALSE [4708] ... ... ... and 15 more ... [ FAIL 1 | WARN 1 | SKIP 79 | PASS 3625 ] Error: Test failures Execution halted * checking for unstated dependencies in vignettes ... OK * checking package vignettes ... OK * checking re-building of vignette outputs ... OK * checking PDF version of manual ... [17s] OK * checking HTML version of manual ... [19s] OK * DONE Status: 1 ERROR