* using log directory ‘/home/hornik/tmp/CRAN_special_noSuggests/inTextSummaryTable.Rcheck’ * using R Under development (unstable) (2025-09-23 r88869) * using platform: x86_64-pc-linux-gnu * R was compiled by gcc-15 (Debian 15.2.0-1) 15.2.0 GNU Fortran (Debian 15.2.0-1) 15.2.0 * running under: Debian GNU/Linux forky/sid * using session charset: UTF-8 * checking for file ‘inTextSummaryTable/DESCRIPTION’ ... OK * checking extension type ... Package * this is package ‘inTextSummaryTable’ version ‘3.3.5’ * checking CRAN incoming feasibility ... [4s/5s] NOTE Maintainer: ‘Laure Cougnaud ’ New submission Package was archived on CRAN CRAN repository db overrides: X-CRAN-Comment: Archived on 2025-09-22 as errors were not corrected in time. * checking package namespace information ... OK * checking package dependencies ... OK * checking if this is a source package ... OK * checking if there is a namespace ... OK * checking for executable files ... OK * checking for hidden files and directories ... OK * checking for portable file names ... OK * checking for sufficient/correct file permissions ... OK * checking serialization versions ... OK * checking whether package ‘inTextSummaryTable’ can be installed ... [7s/8s] OK * checking package directory ... OK * checking for future file timestamps ... OK * checking ‘build’ directory ... OK * checking DESCRIPTION meta-information ... OK * checking top-level files ... OK * checking for left-over files ... OK * checking index information ... OK * checking package subdirectories ... OK * checking code files for non-ASCII characters ... OK * checking R files for syntax errors ... OK * checking whether the package can be loaded ... [1s/1s] OK * checking whether the package can be loaded with stated dependencies ... [1s/1s] OK * checking whether the package can be unloaded cleanly ... [1s/1s] OK * checking whether the namespace can be loaded with stated dependencies ... [1s/1s] OK * checking whether the namespace can be unloaded cleanly ... [1s/1s] OK * checking loading without being on the library search path ... [1s/1s] OK * checking whether startup messages can be suppressed ... [1s/1s] OK * checking use of S3 registration ... OK * checking dependencies in R code ... OK * checking S3 generic/method consistency ... OK * checking replacement functions ... OK * checking foreign function calls ... OK * checking R code for possible problems ... [11s/11s] OK * checking Rd files ... [1s/1s] OK * checking Rd metadata ... OK * checking Rd line widths ... OK * checking Rd cross-references ... OK * checking for missing documentation entries ... OK * checking for code/documentation mismatches ... OK * checking Rd \usage sections ... OK * checking Rd contents ... OK * checking for unstated dependencies in examples ... OK * checking installed files from ‘inst/doc’ ... OK * checking files in ‘vignettes’ ... OK * checking examples ... [4s/4s] OK * checking for unstated dependencies in ‘tests’ ... OK * checking tests ... [38s/38s] ERROR Running ‘testthat.R’ [38s/38s] Running the tests in ‘tests/testthat.R’ failed. Complete output: > library(testthat) > library(inTextSummaryTable) > > test_check("inTextSummaryTable") [ FAIL 1 | WARN 0 | SKIP 0 | PASS 913 ] ══ Failed tests ════════════════════════════════════════════════════════════════ ── Error ('test_computeSummaryStatisticsTable-colVar.R:4:1'): (code run outside of `test_that()`) ── Error in `library(dplyr)`: there is no package called 'dplyr' Backtrace: ▆ 1. └─base::library(dplyr) at test_computeSummaryStatisticsTable-colVar.R:4:1 [ FAIL 1 | WARN 0 | SKIP 0 | PASS 913 ] Error: Test failures Execution halted * checking for unstated dependencies in vignettes ... OK * checking package vignettes ... OK * checking re-building of vignette outputs ... [15s/16s] ERROR Error(s) in re-building vignettes: ... --- re-building ‘inTextSummaryTable-advanced.Rmd’ using rmarkdown Quitting from inTextSummaryTable-advanced.Rmd:54-61 [loadPackages] ~~~~~~~~~~~~~~~~~~~~~~~~~~~~~~~~~~~~~~~~~~~~~~~~~~~~~~~~~~~~~~~~~~~~~~~~~~~~~~~~~~~~~~~~~~~~~~~~~~~~~~~~~~~~~~~~~~~~~~~~~~~~~~~~~~~~~~~~~~~~~~~~~~~~~~~~~~~~~~~~~~~~~~~~~~ Error in `library()`: ! there is no package called 'pander' --- Backtrace: ▆ 1. └─base::library(pander) ~~~~~~~~~~~~~~~~~~~~~~~~~~~~~~~~~~~~~~~~~~~~~~~~~~~~~~~~~~~~~~~~~~~~~~~~~~~~~~~~~~~~~~~~~~~~~~~~~~~~~~~~~~~~~~~~~~~~~~~~~~~~~~~~~~~~~~~~~~~~~~~~~~~~~~~~~~~~~~~~~~~~~~~~~~ Error: processing vignette 'inTextSummaryTable-advanced.Rmd' failed with diagnostics: there is no package called 'pander' --- failed re-building ‘inTextSummaryTable-advanced.Rmd’ --- re-building ‘inTextSummaryTable-aesthetics.Rmd’ using rmarkdown Quitting from inTextSummaryTable-aesthetics.Rmd:296-301 [includeSessionInfo] ~~~~~~~~~~~~~~~~~~~~~~~~~~~~~~~~~~~~~~~~~~~~~~~~~~~~~~~~~~~~~~~~~~~~~~~~~~~~~~~~~~~~~~~~~~~~~~~~~~~~~~~~~~~~~~~~~~~~~~~~~~~~~~~~~~~~~~~~~~~~~~~~~~~~~~~~~~~~~~~~~~~~~~~~~~ Error in `library()`: ! there is no package called 'pander' --- Backtrace: ▆ 1. └─base::library(pander) ~~~~~~~~~~~~~~~~~~~~~~~~~~~~~~~~~~~~~~~~~~~~~~~~~~~~~~~~~~~~~~~~~~~~~~~~~~~~~~~~~~~~~~~~~~~~~~~~~~~~~~~~~~~~~~~~~~~~~~~~~~~~~~~~~~~~~~~~~~~~~~~~~~~~~~~~~~~~~~~~~~~~~~~~~~ Error: processing vignette 'inTextSummaryTable-aesthetics.Rmd' failed with diagnostics: there is no package called 'pander' --- failed re-building ‘inTextSummaryTable-aesthetics.Rmd’ --- re-building ‘inTextSummaryTable-createTables.Rmd’ using rmarkdown Quitting from inTextSummaryTable-createTables.Rmd:47-53 [loadPackages] ~~~~~~~~~~~~~~~~~~~~~~~~~~~~~~~~~~~~~~~~~~~~~~~~~~~~~~~~~~~~~~~~~~~~~~~~~~~~~~~~~~~~~~~~~~~~~~~~~~~~~~~~~~~~~~~~~~~~~~~~~~~~~~~~~~~~~~~~~~~~~~~~~~~~~~~~~~~~~~~~~~~~~~~~~~ Error in `library()`: ! there is no package called 'pander' --- Backtrace: ▆ 1. └─base::library(pander) ~~~~~~~~~~~~~~~~~~~~~~~~~~~~~~~~~~~~~~~~~~~~~~~~~~~~~~~~~~~~~~~~~~~~~~~~~~~~~~~~~~~~~~~~~~~~~~~~~~~~~~~~~~~~~~~~~~~~~~~~~~~~~~~~~~~~~~~~~~~~~~~~~~~~~~~~~~~~~~~~~~~~~~~~~~ Error: processing vignette 'inTextSummaryTable-createTables.Rmd' failed with diagnostics: there is no package called 'pander' --- failed re-building ‘inTextSummaryTable-createTables.Rmd’ --- re-building ‘inTextSummaryTable-exportTables.Rmd’ using rmarkdown Quitting from inTextSummaryTable-exportTables.Rmd:66-73 [loadPackages] ~~~~~~~~~~~~~~~~~~~~~~~~~~~~~~~~~~~~~~~~~~~~~~~~~~~~~~~~~~~~~~~~~~~~~~~~~~~~~~~~~~~~~~~~~~~~~~~~~~~~~~~~~~~~~~~~~~~~~~~~~~~~~~~~~~~~~~~~~~~~~~~~~~~~~~~~~~~~~~~~~~~~~~~~~~ Error in `library()`: ! there is no package called 'pander' --- Backtrace: ▆ 1. └─base::library(pander) ~~~~~~~~~~~~~~~~~~~~~~~~~~~~~~~~~~~~~~~~~~~~~~~~~~~~~~~~~~~~~~~~~~~~~~~~~~~~~~~~~~~~~~~~~~~~~~~~~~~~~~~~~~~~~~~~~~~~~~~~~~~~~~~~~~~~~~~~~~~~~~~~~~~~~~~~~~~~~~~~~~~~~~~~~~ Error: processing vignette 'inTextSummaryTable-exportTables.Rmd' failed with diagnostics: there is no package called 'pander' --- failed re-building ‘inTextSummaryTable-exportTables.Rmd’ --- re-building ‘inTextSummaryTable-introduction.Rmd’ using rmarkdown Quitting from inTextSummaryTable-introduction.Rmd:54-60 [loadPackages] ~~~~~~~~~~~~~~~~~~~~~~~~~~~~~~~~~~~~~~~~~~~~~~~~~~~~~~~~~~~~~~~~~~~~~~~~~~~~~~~~~~~~~~~~~~~~~~~~~~~~~~~~~~~~~~~~~~~~~~~~~~~~~~~~~~~~~~~~~~~~~~~~~~~~~~~~~~~~~~~~~~~~~~~~~~ Error in `library()`: ! there is no package called 'pander' --- Backtrace: ▆ 1. └─base::library(pander) ~~~~~~~~~~~~~~~~~~~~~~~~~~~~~~~~~~~~~~~~~~~~~~~~~~~~~~~~~~~~~~~~~~~~~~~~~~~~~~~~~~~~~~~~~~~~~~~~~~~~~~~~~~~~~~~~~~~~~~~~~~~~~~~~~~~~~~~~~~~~~~~~~~~~~~~~~~~~~~~~~~~~~~~~~~ Error: processing vignette 'inTextSummaryTable-introduction.Rmd' failed with diagnostics: there is no package called 'pander' --- failed re-building ‘inTextSummaryTable-introduction.Rmd’ --- re-building ‘inTextSummaryTable-standardTables.Rmd’ using rmarkdown Quitting from inTextSummaryTable-standardTables.Rmd:35-43 [loadPackages] ~~~~~~~~~~~~~~~~~~~~~~~~~~~~~~~~~~~~~~~~~~~~~~~~~~~~~~~~~~~~~~~~~~~~~~~~~~~~~~~~~~~~~~~~~~~~~~~~~~~~~~~~~~~~~~~~~~~~~~~~~~~~~~~~~~~~~~~~~~~~~~~~~~~~~~~~~~~~~~~~~~~~~~~~~~ Error in `library()`: ! there is no package called 'pander' --- Backtrace: ▆ 1. └─base::library(pander) ~~~~~~~~~~~~~~~~~~~~~~~~~~~~~~~~~~~~~~~~~~~~~~~~~~~~~~~~~~~~~~~~~~~~~~~~~~~~~~~~~~~~~~~~~~~~~~~~~~~~~~~~~~~~~~~~~~~~~~~~~~~~~~~~~~~~~~~~~~~~~~~~~~~~~~~~~~~~~~~~~~~~~~~~~~ Error: processing vignette 'inTextSummaryTable-standardTables.Rmd' failed with diagnostics: there is no package called 'pander' --- failed re-building ‘inTextSummaryTable-standardTables.Rmd’ --- re-building ‘inTextSummaryTable-visualization.Rmd’ using rmarkdown Quitting from inTextSummaryTable-visualization.Rmd:106-111 [loadPackages] ~~~~~~~~~~~~~~~~~~~~~~~~~~~~~~~~~~~~~~~~~~~~~~~~~~~~~~~~~~~~~~~~~~~~~~~~~~~~~~~~~~~~~~~~~~~~~~~~~~~~~~~~~~~~~~~~~~~~~~~~~~~~~~~~~~~~~~~~~~~~~~~~~~~~~~~~~~~~~~~~~~~~~~~~~~ Error in `library()`: ! there is no package called 'pander' --- Backtrace: ▆ 1. └─base::library(pander) ~~~~~~~~~~~~~~~~~~~~~~~~~~~~~~~~~~~~~~~~~~~~~~~~~~~~~~~~~~~~~~~~~~~~~~~~~~~~~~~~~~~~~~~~~~~~~~~~~~~~~~~~~~~~~~~~~~~~~~~~~~~~~~~~~~~~~~~~~~~~~~~~~~~~~~~~~~~~~~~~~~~~~~~~~~ Error: processing vignette 'inTextSummaryTable-visualization.Rmd' failed with diagnostics: there is no package called 'pander' --- failed re-building ‘inTextSummaryTable-visualization.Rmd’ SUMMARY: processing the following files failed: ‘inTextSummaryTable-advanced.Rmd’ ‘inTextSummaryTable-aesthetics.Rmd’ ‘inTextSummaryTable-createTables.Rmd’ ‘inTextSummaryTable-exportTables.Rmd’ ‘inTextSummaryTable-introduction.Rmd’ ‘inTextSummaryTable-standardTables.Rmd’ ‘inTextSummaryTable-visualization.Rmd’ Error: Vignette re-building failed. Execution halted * checking PDF version of manual ... [6s/6s] OK * checking HTML version of manual ... [2s/3s] OK * checking for non-standard things in the check directory ... OK * checking for detritus in the temp directory ... OK * DONE Status: 2 ERRORs, 1 NOTE