* using log directory 'd:/RCompile/CRANincoming/R-devel/ieTest.Rcheck' * using R Under development (unstable) (2025-01-26 r87642 ucrt) * using platform: x86_64-w64-mingw32 * R was compiled by gcc.exe (GCC) 13.3.0 GNU Fortran (GCC) 13.3.0 * running under: Windows Server 2022 x64 (build 20348) * using session charset: UTF-8 * checking for file 'ieTest/DESCRIPTION' ... OK * checking extension type ... Package * this is package 'ieTest' version '2.0' * package encoding: UTF-8 * checking CRAN incoming feasibility ... NOTE Maintainer: 'John Kidd ' New submission Possibly misspelled words in DESCRIPTION: Significanct (8:231) Sobel (8:213, 8:583) addes (8:363) maxP (8:250, 8:549) ps (8:457) No Authors@R field in DESCRIPTION. Please add one, modifying Authors@R: person(given = "John", family = "Kidd", role = c("aut", "cre"), email = "jkidd@uvu.edu") as necessary. The Title field should be in title case. Current version is: 'Indirect Effects Testing methods in Mediation Analysis' In title case that is: 'Indirect Effects Testing Methods in Mediation Analysis' The Date field is over a month old. Found the following \keyword or \concept entries which likely give several index terms: File 'ieTest-package.Rd': \keyword{mediation, indirect effect, multiple medi [TRUNCATED] * checking package namespace information ... OK * checking package dependencies ... INFO Package in Depends/Imports which should probably only be in LinkingTo: 'RcppArmadillo' * checking if this is a source package ... OK * checking if there is a namespace ... OK * checking for hidden files and directories ... OK * checking for portable file names ... OK * checking serialization versions ... OK * checking whether package 'ieTest' can be installed ... ERROR Installation failed. See 'd:/RCompile/CRANincoming/R-devel/ieTest.Rcheck/00install.out' for details. * DONE Status: 1 ERROR, 1 NOTE