* using log directory 'd:/RCompile/CRANincoming/R-devel/iSTAY.Rcheck' * using R Under development (unstable) (2025-10-22 r88967 ucrt) * using platform: x86_64-w64-mingw32 * R was compiled by gcc.exe (GCC) 14.2.0 GNU Fortran (GCC) 14.2.0 * running under: Windows Server 2022 x64 (build 20348) * using session charset: UTF-8 * checking for file 'iSTAY/DESCRIPTION' ... OK * checking extension type ... Package * this is package 'iSTAY' version '1.0.0' * package encoding: UTF-8 * checking CRAN incoming feasibility ... NOTE Maintainer: 'Anne Chao ' New submission Possibly misspelled words in DESCRIPTION: Chao (28:47) al (28:55) et (28:52) * checking package namespace information ... OK * checking package dependencies ... OK * checking if this is a source package ... OK * checking if there is a namespace ... OK * checking for hidden files and directories ... NOTE Found the following hidden files and directories: iStay/.RData These were most likely included in error. See section 'Package structure' in the 'Writing R Extensions' manual. CRAN-pack does not know about iStay/.RData * checking for portable file names ... WARNING Found the following files with non-portable file names: iStay/Jena 462-species data.csv iStay/Jena hierarchical mat.csv iStay/User Guide 1.png iStay/User Guide 2.png iStay/User Guide 3.png iStay/iSTAY User Guide (Oct 17).docx iStay/iSTAY User Guide (Oct 17).pdf These are not fully portable file names. See section 'Package structure' in the 'Writing R Extensions' manual. * checking whether package 'iSTAY' can be installed ... OK * checking installed package size ... OK * checking package directory ... OK * checking for future file timestamps ... OK * checking 'build' directory ... OK * checking DESCRIPTION meta-information ... OK * checking top-level files ... NOTE Non-standard file/directory found at top level: 'iStay' * checking for left-over files ... OK * checking index information ... OK * checking package subdirectories ... OK * checking code files for non-ASCII characters ... OK * checking R files for syntax errors ... OK * checking whether the package can be loaded ... OK * checking whether the package can be loaded with stated dependencies ... OK * checking whether the package can be unloaded cleanly ... OK * checking whether the namespace can be loaded with stated dependencies ... OK * checking whether the namespace can be unloaded cleanly ... OK * checking loading without being on the library search path ... OK * checking use of S3 registration ... OK * checking dependencies in R code ... OK * checking S3 generic/method consistency ... OK * checking replacement functions ... OK * checking foreign function calls ... OK * checking R code for possible problems ... [13s] OK * checking Rd files ... OK * checking Rd metadata ... OK * checking Rd line widths ... OK * checking Rd cross-references ... OK * checking for missing documentation entries ... OK * checking for code/documentation mismatches ... OK * checking Rd \usage sections ... OK * checking Rd contents ... OK * checking for unstated dependencies in examples ... OK * checking contents of 'data' directory ... OK * checking data for non-ASCII characters ... OK * checking LazyData ... OK * checking data for ASCII and uncompressed saves ... OK * checking installed files from 'inst/doc' ... OK * checking files in 'vignettes' ... OK * checking examples ... [11s] OK * checking for unstated dependencies in vignettes ... OK * checking package vignettes ... OK * checking re-building of vignette outputs ... [15s] OK * checking PDF version of manual ... [11s] OK * checking HTML version of manual ... OK * DONE Status: 1 WARNING, 3 NOTEs