* using log directory 'd:/RCompile/CRANincoming/R-devel/healthiar.Rcheck' * using R Under development (unstable) (2025-09-18 r88857 ucrt) * using platform: x86_64-w64-mingw32 * R was compiled by gcc.exe (GCC) 14.2.0 GNU Fortran (GCC) 14.2.0 * running under: Windows Server 2022 x64 (build 20348) * using session charset: UTF-8 * checking for file 'healthiar/DESCRIPTION' ... OK * this is package 'healthiar' version '0.1.2' * package encoding: UTF-8 * checking CRAN incoming feasibility ... [11s] NOTE Maintainer: 'Alberto Castro ' New submission Possibly misspelled words in DESCRIPTION: healthiar (2:18, 21:28) Authors@R field should be a call to person(), or combine such calls. Reading CITATION file fails with $ operator is invalid for atomic vectors when package is not installed. Found the following (possibly) invalid URLs: URL: https://cran.r-project.org/web/packages/tidyr/vignettes/tidy-data.html From: inst/doc/intro_to_healthiar.html Status: 200 Message: OK CRAN URL not in canonical form URL: https://github.com/best-cost/best-cost_WPs/issues (moved to https://github.com/SwissTPH/healthiar/issues) From: inst/doc/intro_to_healthiar.html Status: 301 Message: Moved Permanently URL: https://github.com/best-cost/best-cost_WPs?tab=readme-ov-file#readme (moved to https://github.com/SwissTPH/healthiar?tab=readme-ov-file#readme) From: inst/doc/intro_to_healthiar.html Status: 301 Message: Moved Permanently The canonical URL of the CRAN page for a package is https://CRAN.R-project.org/package=pkgname For content that is 'Moved Permanently', please change http to https, add trailing slashes, or replace the old by the new URL. The Title field should be in title case. Current version is: 'R package healthiar to quantify and monetize the burden of disease attributable to exposures' In title case that is: 'R Package Healthiar to Quantify and Monetize the Burden of Disease Attributable to Exposures' Size of tarball: 23913696 bytes * checking package namespace information ... OK * checking package dependencies ... OK * checking if this is a source package ... OK * checking if there is a namespace ... OK * checking for hidden files and directories ... OK * checking for portable file names ... OK * checking whether package 'healthiar' can be installed ... OK * checking installed package size ... OK * checking package directory ... OK * checking for future file timestamps ... OK * checking 'build' directory ... OK * checking DESCRIPTION meta-information ... OK * checking top-level files ... OK * checking for left-over files ... OK * checking index information ... OK * checking package subdirectories ... OK * checking code files for non-ASCII characters ... OK * checking R files for syntax errors ... OK * checking whether the package can be loaded ... OK * checking whether the package can be loaded with stated dependencies ... OK * checking whether the package can be unloaded cleanly ... OK * checking whether the namespace can be loaded with stated dependencies ... OK * checking whether the namespace can be unloaded cleanly ... OK * checking loading without being on the library search path ... OK * checking whether startup messages can be suppressed ... OK * checking use of S3 registration ... OK * checking dependencies in R code ... NOTE There are ::: calls to the package's namespace in its code. A package almost never needs to use ::: for its own objects: 'add_info' 'attribute_master' 'check_if_args_identical' 'collapse_df_by_group' 'compile_input' 'find_joining_columns' 'find_multi_value_col_names' 'get_discount_factor' 'get_impact' 'get_impact_with_lifetable' 'get_inflation_factor' 'get_input_args' 'get_output' 'get_pop_fraction' 'get_ref_prop_pop' 'get_risk_and_pop_fraction' 'validate_input_attribute' * checking S3 generic/method consistency ... OK * checking replacement functions ... OK * checking foreign function calls ... OK * checking R code for possible problems ... OK * checking Rd files ... OK * checking Rd metadata ... OK * checking Rd line widths ... OK * checking Rd cross-references ... OK * checking for missing documentation entries ... OK * checking for code/documentation mismatches ... OK * checking Rd \usage sections ... OK * checking Rd contents ... OK * checking for unstated dependencies in examples ... OK * checking contents of 'data' directory ... OK * checking data for non-ASCII characters ... OK * checking LazyData ... OK * checking data for ASCII and uncompressed saves ... OK * checking installed files from 'inst/doc' ... OK * checking files in 'vignettes' ... OK * checking examples ... [13s] OK * checking for unstated dependencies in 'tests' ... OK * checking tests ... [107s] OK Running 'testthat.R' [107s] * checking for unstated dependencies in vignettes ... OK * checking package vignettes ... OK * checking re-building of vignette outputs ... [10s] OK * checking PDF version of manual ... [12s] WARNING LaTeX errors when creating PDF version. This typically indicates Rd problems. LaTeX errors found: ! Undefined control sequence. \leq \alpha \lt l.2718 \item[0.8 \eqn{\leq \alpha \lt}{} 0.9] Good reliability ! Undefined control sequence. \leq \alpha \lt l.2719 \item[0.7 \eqn{\leq \alpha \lt}{} 0.8] Acceptable reliability ! Undefined control sequence. \leq \alpha \lt l.2720 \item[0.6 \eqn{\leq \alpha \lt}{} 0.7] Questionable reliability * checking PDF version of manual without index ... ERROR * checking HTML version of manual ... OK * DONE Status: 1 ERROR, 1 WARNING, 2 NOTEs