* using log directory 'd:/RCompile/CRANincoming/R-devel/hcrnn.Rcheck' * using R Under development (unstable) (2025-10-08 r88906 ucrt) * using platform: x86_64-w64-mingw32 * R was compiled by gcc.exe (GCC) 14.2.0 GNU Fortran (GCC) 14.2.0 * running under: Windows Server 2022 x64 (build 20348) * using session charset: UTF-8 * checking for file 'hcrnn/DESCRIPTION' ... OK * checking extension type ... Package * this is package 'hcrnn' version '0.1.2' * package encoding: UTF-8 * checking CRAN incoming feasibility ... NOTE Maintainer: 'The package maintainer ' New submission Possibly misspelled words in DESCRIPTION: impleentiong (8:22) No Authors@R field in DESCRIPTION. Please add one, modifying Authors@R: c(person(given = c("Quantum", "AI"), family = "Foundation", role = "aut"), person(given = c("The", "package"), family = "maintainer", role = "cre", email = "karol.j.rochalski@gmail.com")) as necessary. The Date field is not in ISO 8601 yyyy-mm-dd format. DESCRIPTION fields with placeholder content: Maintainer: The package maintainer * checking package namespace information ... OK * checking package dependencies ... OK * checking if this is a source package ... OK * checking if there is a namespace ... OK * checking for hidden files and directories ... OK * checking for portable file names ... OK * checking serialization versions ... OK * checking whether package 'hcrnn' can be installed ... ERROR Installation failed. See 'd:/RCompile/CRANincoming/R-devel/hcrnn.Rcheck/00install.out' for details. * DONE Status: 1 ERROR, 1 NOTE